
SET transaction_timeout = 0;

--
-- Data for Name: organizations; Type: TABLE DATA; Schema: public; Owner: postgres
--

INSERT INTO public.organizations (id, name, subscription_tier, max_cameras, active, created_at, updated_at, subscription_limits, max_branches, features, subscription_status, industry_id) VALUES ('67e83f81-01f6-4621-91dc-bc59048c7c17', 'Default Organization', 'basic', 5, true, '2026-06-12 00:22:09.682823+00', '2026-06-12 00:22:09.682823+00', '{"users": 3, "cameras": 5, "branches": 1, "storage_gb": 10, "ai_detections_per_month": 1000}', 1, '{"analytics": false, "recording": false, "ai_detection": true, "live_streaming": true}', 'pending', NULL);
INSERT INTO public.organizations (id, name, subscription_tier, max_cameras, active, created_at, updated_at, subscription_limits, max_branches, features, subscription_status, industry_id) VALUES ('e8352779-7fc5-4492-9672-7a07a779b25b', 'Default Organization', 'basic', 5, true, '2026-06-12 00:24:01.257248+00', '2026-06-12 00:24:01.257248+00', '{"users": 3, "cameras": 5, "branches": 1, "storage_gb": 10, "ai_detections_per_month": 1000}', 1, '{"analytics": false, "recording": false, "ai_detection": true, "live_streaming": true}', 'pending', NULL);
INSERT INTO public.organizations (id, name, subscription_tier, max_cameras, active, created_at, updated_at, subscription_limits, max_branches, features, subscription_status, industry_id) VALUES ('cb9e9cfe-03a8-44b1-adb3-854ce61fbe21', 'مطاعم الذواقة (تجريبي)', 'basic', 100, true, '2026-07-04 13:03:02.211031+00', '2026-07-04 13:03:40.263831+00', '{"users": 3, "cameras": 5, "branches": 1, "storage_gb": 10, "ai_detections_per_month": 1000}', 1, '{"analytics": false, "recording": false, "ai_detection": true, "live_streaming": true}', 'pending', NULL);
INSERT INTO public.organizations (id, name, subscription_tier, max_cameras, active, created_at, updated_at, subscription_limits, max_branches, features, subscription_status, industry_id) VALUES ('557d5fb7-b321-40ee-a074-9e847b4b8962', 'Default Organization', 'basic', 5, true, '2026-07-04 13:10:17.908345+00', '2026-07-04 13:10:17.908345+00', '{"users": 3, "cameras": 5, "branches": 1, "storage_gb": 10, "ai_detections_per_month": 1000}', 1, '{"analytics": false, "recording": false, "ai_detection": true, "live_streaming": true}', 'pending', NULL);


--
-- Data for Name: camera_event_assignments; Type: TABLE DATA; Schema: public; Owner: postgres
--

INSERT INTO public.camera_event_assignments (id, camera_id, event_type_id, enabled, confidence_threshold, created_at, config) VALUES ('1449af7b-c1af-431a-b543-2f6586ef2d1d', 'e2491873-0570-4d58-9c54-c9acabd8a86b', '434c320c-a7ba-4d81-b9d6-40ef5bcc98ea', true, 0.7, '2026-07-04 13:03:02.211031+00', '{"threshold": 5}');
INSERT INTO public.camera_event_assignments (id, camera_id, event_type_id, enabled, confidence_threshold, created_at, config) VALUES ('e9eb133a-7925-46eb-81d9-f9d3ee0b4b15', 'e2491873-0570-4d58-9c54-c9acabd8a86b', 'a3d044e8-fa0f-4dcd-b223-af9e084e4a8d', true, 0.7, '2026-07-04 13:05:47.026205+00', '{}');
INSERT INTO public.camera_event_assignments (id, camera_id, event_type_id, enabled, confidence_threshold, created_at, config) VALUES ('42e3bc7d-8c09-4b67-8ad4-78a085dc02d4', 'e2491873-0570-4d58-9c54-c9acabd8a86b', '4010ee56-5741-463c-836c-139e14ddc5ce', true, 0.7, '2026-07-04 22:49:09.881723+00', '{}');
INSERT INTO public.camera_event_assignments (id, camera_id, event_type_id, enabled, confidence_threshold, created_at, config) VALUES ('6dcc8653-979c-4348-b594-b3b351691681', 'e2491873-0570-4d58-9c54-c9acabd8a86b', '5bef373a-8fd0-439d-b187-26a55abd48e1', true, 0.7, '2026-07-04 22:49:09.881723+00', '{}');
INSERT INTO public.camera_event_assignments (id, camera_id, event_type_id, enabled, confidence_threshold, created_at, config) VALUES ('8e83808b-5d0d-442a-b04b-ac80f21b189c', 'e2491873-0570-4d58-9c54-c9acabd8a86b', 'a35e8907-986d-475a-8e6a-657516d1fd36', true, 0.7, '2026-07-04 17:35:04.55902+00', '{"cooldown_s": 20, "coordinates": "0,0,1280,0,1280,720,0,720"}');
INSERT INTO public.camera_event_assignments (id, camera_id, event_type_id, enabled, confidence_threshold, created_at, config) VALUES ('3f78fcf7-ddd0-4c3e-bb44-9a849973cb2d', 'e2491873-0570-4d58-9c54-c9acabd8a86b', '4e376f7a-38a1-4a14-af69-43c86e8f6e4c', true, 0.7, '2026-07-04 23:11:53.081267+00', '{"model": "veedon-detect-v1.onnx", "min_conf": 0.4, "interval_s": 15, "detect_labels": ["cell phone"]}');
INSERT INTO public.camera_event_assignments (id, camera_id, event_type_id, enabled, confidence_threshold, created_at, config) VALUES ('563fd084-7bfa-4f08-9469-a99c3213210c', 'e2491873-0570-4d58-9c54-c9acabd8a86b', '0122a3c6-9eb8-42ea-8a10-374cbacbf34a', true, 0.7, '2026-07-05 06:56:31.279702+00', '{}');
INSERT INTO public.camera_event_assignments (id, camera_id, event_type_id, enabled, confidence_threshold, created_at, config) VALUES ('07c2abb3-56f2-467b-9cc8-9ed57ad036b5', 'e2491873-0570-4d58-9c54-c9acabd8a86b', '30b2d0b2-2673-4301-9ab4-6d76c631adf0', true, 0.7, '2026-07-05 06:56:31.279702+00', '{}');
INSERT INTO public.camera_event_assignments (id, camera_id, event_type_id, enabled, confidence_threshold, created_at, config) VALUES ('7603d50b-80c1-48bc-bbf7-4993773292eb', 'e2491873-0570-4d58-9c54-c9acabd8a86b', '5eaa7f79-b05e-4afa-9a1f-554f3ec72841', true, 0.7, '2026-07-05 06:56:31.279702+00', '{}');
INSERT INTO public.camera_event_assignments (id, camera_id, event_type_id, enabled, confidence_threshold, created_at, config) VALUES ('26f5cc6c-a8e2-4f38-b7a8-f84726fa1ac7', 'e2491873-0570-4d58-9c54-c9acabd8a86b', 'c03d8b69-5375-435a-bbd9-158f367d399a', true, 0.7, '2026-07-05 06:56:31.279702+00', '{}');


--
-- Data for Name: cameras; Type: TABLE DATA; Schema: public; Owner: postgres
--

INSERT INTO public.cameras (id, branch_id, name, rtsp_url, frigate_identifier, status, last_connection, config, created_at, model, features, max_resolution, security_zone_id, description, detection_rules, updated_at, enabled, frigate_instance_id) VALUES ('e2491873-0570-4d58-9c54-c9acabd8a86b', '0ab2ca49-ad88-4630-afb6-3ef008e1cef5', 'كاميرا شبكة حية (اختبار)', 'http://95.9.96.3:81/mjpg/video.mjpg', 'demo', 'offline', NULL, NULL, '2026-07-04 13:03:02.211031+00', 'AI-CAM-4K', '{"ai_analysis": true, "night_vision": true, "audio_recording": false, "motion_detection": true}', '4K', NULL, NULL, '[]', '2026-07-05 05:52:22.335968+00', true, NULL);


--
-- Data for Name: event_types; Type: TABLE DATA; Schema: public; Owner: postgres
--

INSERT INTO public.event_types (id, name_en, name_ar, description_en, description_ar, icon, color, enabled, created_at, updated_at, created_by, feature_key, kind, default_config, available, sector) VALUES ('b5c97e7f-dd17-4398-a5be-1d9e4416496b', 'person', 'شخص', 'Person detection', 'اكتشاف الأشخاص', 'user', '#10b981', true, '2026-06-12 00:20:00.535256+00', '2026-06-12 00:20:00.535256+00', NULL, NULL, 'rule', '{}', true, 'general');
INSERT INTO public.event_types (id, name_en, name_ar, description_en, description_ar, icon, color, enabled, created_at, updated_at, created_by, feature_key, kind, default_config, available, sector) VALUES ('ebf532ab-cdab-4406-adcf-b3007e16a601', 'car', 'سيارة', 'Vehicle detection', 'اكتشاف المركبات', 'car', '#3b82f6', true, '2026-06-12 00:20:00.535256+00', '2026-06-12 00:20:00.535256+00', NULL, NULL, 'rule', '{}', true, 'general');
INSERT INTO public.event_types (id, name_en, name_ar, description_en, description_ar, icon, color, enabled, created_at, updated_at, created_by, feature_key, kind, default_config, available, sector) VALUES ('fac38019-3320-4e0e-8b58-7db4d3a92fa5', 'fire', 'حريق', 'Fire detection', 'اكتشاف الحرائق', 'flame', '#ef4444', true, '2026-06-12 00:20:00.535256+00', '2026-06-12 00:20:00.535256+00', NULL, NULL, 'rule', '{}', true, 'general');
INSERT INTO public.event_types (id, name_en, name_ar, description_en, description_ar, icon, color, enabled, created_at, updated_at, created_by, feature_key, kind, default_config, available, sector) VALUES ('5775d56e-520a-4629-b5be-ce07ad111e0f', 'weapon', 'سلاح', 'Weapon detection', 'اكتشاف الأسلحة', 'shield-alert', '#dc2626', true, '2026-06-12 00:20:00.535256+00', '2026-06-12 00:20:00.535256+00', NULL, NULL, 'rule', '{}', true, 'general');
INSERT INTO public.event_types (id, name_en, name_ar, description_en, description_ar, icon, color, enabled, created_at, updated_at, created_by, feature_key, kind, default_config, available, sector) VALUES ('3dbe0ee5-7e00-4093-8ce3-31bb4567d2fc', 'theft', 'سرقة', 'Theft detection', 'اكتشاف السرقة', 'alert-triangle', '#f59e0b', true, '2026-06-12 00:20:00.535256+00', '2026-06-12 00:20:00.535256+00', NULL, NULL, 'rule', '{}', true, 'general');
INSERT INTO public.event_types (id, name_en, name_ar, description_en, description_ar, icon, color, enabled, created_at, updated_at, created_by, feature_key, kind, default_config, available, sector) VALUES ('9b369cba-4991-4014-84f6-6126ffc838e0', 'intrusion', 'تسلل', 'Intrusion detection', 'اكتشاف التسلل', 'shield-x', '#8b5cf6', true, '2026-06-12 00:20:00.535256+00', '2026-06-12 00:20:00.535256+00', NULL, NULL, 'rule', '{}', true, 'general');
INSERT INTO public.event_types (id, name_en, name_ar, description_en, description_ar, icon, color, enabled, created_at, updated_at, created_by, feature_key, kind, default_config, available, sector) VALUES ('8938f6a8-e7b8-4036-ba34-736f98c5939d', 'crowd', 'حشد', 'Crowd detection', 'اكتشاف التجمعات', 'users', '#06b6d4', true, '2026-06-12 00:20:00.535256+00', '2026-06-12 00:20:00.535256+00', NULL, NULL, 'rule', '{}', true, 'general');
INSERT INTO public.event_types (id, name_en, name_ar, description_en, description_ar, icon, color, enabled, created_at, updated_at, created_by, feature_key, kind, default_config, available, sector) VALUES ('274ffa1b-c95f-40d9-82eb-0d409b472666', 'violence', 'عنف', 'Violence detection', 'اكتشاف العنف', 'zap', '#e11d48', true, '2026-06-12 00:20:00.535256+00', '2026-06-12 00:20:00.535256+00', NULL, NULL, 'rule', '{}', true, 'general');
INSERT INTO public.event_types (id, name_en, name_ar, description_en, description_ar, icon, color, enabled, created_at, updated_at, created_by, feature_key, kind, default_config, available, sector) VALUES ('a35e8907-986d-475a-8e6a-657516d1fd36', 'Restricted Zone', 'منطقة ممنوعة', NULL, 'تنبيه عند دخول شخص منطقة محددة (مخزن، مكتب كاش…)', 'alert-circle', '#3b82f6', true, '2026-07-04 12:59:43.685099+00', '2026-07-04 12:59:43.685099+00', NULL, 'restricted_zone', 'rule', '{"cooldown_s": 300, "coordinates": ""}', true, 'general');
INSERT INTO public.event_types (id, name_en, name_ar, description_en, description_ar, icon, color, enabled, created_at, updated_at, created_by, feature_key, kind, default_config, available, sector) VALUES ('434c320c-a7ba-4d81-b9d6-40ef5bcc98ea', 'Crowding', 'تكدس / ازدحام', NULL, 'تنبيه عند تجاوز عدد الأشخاص حداً معيناً', 'alert-circle', '#3b82f6', true, '2026-07-04 12:59:43.685099+00', '2026-07-04 12:59:43.685099+00', NULL, 'crowding', 'rule', '{"threshold": 6, "cooldown_s": 600}', true, 'general');
INSERT INTO public.event_types (id, name_en, name_ar, description_en, description_ar, icon, color, enabled, created_at, updated_at, created_by, feature_key, kind, default_config, available, sector) VALUES ('3d18428b-c66e-4789-821e-f9d10559c7ac', 'Queue Count', 'عدد المنتظرين في الطابور', NULL, 'قياس دوري لعدد الأشخاص في منطقة الطابور — للتقارير', 'alert-circle', '#3b82f6', true, '2026-07-04 12:59:43.685099+00', '2026-07-04 12:59:43.685099+00', NULL, 'queue_count', 'rule', '{"coordinates": "", "interval_min": 10}', true, 'general');
INSERT INTO public.event_types (id, name_en, name_ar, description_en, description_ar, icon, color, enabled, created_at, updated_at, created_by, feature_key, kind, default_config, available, sector) VALUES ('21972d97-1417-47b6-8251-90721dd9b901', 'Camera Health', 'مراقبة صحة الكاميرات', NULL, 'تنبيه إذا انقطعت كاميرا أو توقف بثها', 'alert-circle', '#3b82f6', true, '2026-07-04 12:59:43.685099+00', '2026-07-04 12:59:43.685099+00', NULL, 'camera_health', 'rule', '{}', true, 'general');
INSERT INTO public.event_types (id, name_en, name_ar, description_en, description_ar, icon, color, enabled, created_at, updated_at, created_by, feature_key, kind, default_config, available, sector) VALUES ('b727e420-e5f3-4f29-a033-6b97ff2244e2', 'Face Recognition', 'التعرف على الوجوه', NULL, 'وحدة محرك: تمييز الوجوه المعروفة ووسم الأحداث بها (إدارة الوجوه من صفحة Faces)', 'alert-circle', '#3b82f6', true, '2026-07-04 17:59:18.912507+00', '2026-07-04 17:59:18.912507+00', NULL, 'face_recognition', 'engine', '{}', true, 'general');
INSERT INTO public.event_types (id, name_en, name_ar, description_en, description_ar, icon, color, enabled, created_at, updated_at, created_by, feature_key, kind, default_config, available, sector) VALUES ('ebd93cfb-2229-468f-bb8b-77f59ab3c1b8', 'License Plate Recognition', 'قراءة لوحات المركبات', NULL, 'وحدة محرك: قراءة لوحات السيارات ووسمها (قوائم مراقبة من صفحة LPR)', 'alert-circle', '#3b82f6', true, '2026-07-04 17:59:18.912507+00', '2026-07-04 17:59:18.912507+00', NULL, 'lpr', 'engine', '{}', true, 'general');
INSERT INTO public.event_types (id, name_en, name_ar, description_en, description_ar, icon, color, enabled, created_at, updated_at, created_by, feature_key, kind, default_config, available, sector) VALUES ('4010ee56-5741-463c-836c-139e14ddc5ce', 'Semantic Search', 'البحث الدلالي بالوصف', NULL, 'وحدة محرك: ابحث بالوصف الطبيعي مثل «شخص بجاكيت أحمر عند الباب»', 'alert-circle', '#3b82f6', true, '2026-07-04 17:59:18.912507+00', '2026-07-04 17:59:18.912507+00', NULL, 'semantic_search', 'engine', '{}', true, 'general');
INSERT INTO public.event_types (id, name_en, name_ar, description_en, description_ar, icon, color, enabled, created_at, updated_at, created_by, feature_key, kind, default_config, available, sector) VALUES ('34ebf417-a1b2-410e-b372-b4b3cf07d631', 'Birdseye', 'عين الطائر (كل الكاميرات)', NULL, 'وحدة محرك: شاشة واحدة تجمع كل الكاميرات النشطة', 'alert-circle', '#3b82f6', true, '2026-07-04 17:59:18.912507+00', '2026-07-04 17:59:18.912507+00', NULL, 'birdseye', 'engine', '{"mode": "objects"}', true, 'general');
INSERT INTO public.event_types (id, name_en, name_ar, description_en, description_ar, icon, color, enabled, created_at, updated_at, created_by, feature_key, kind, default_config, available, sector) VALUES ('68216a86-e4e3-4286-a1d8-b89a2a80fc58', 'Continuous Recording', 'التسجيل المستمر', NULL, 'وحدة محرك لكل كاميرا: تسجيل واحتفاظ بالمقاطع (أيام قابلة للضبط)', 'alert-circle', '#3b82f6', true, '2026-07-04 17:59:18.912507+00', '2026-07-04 17:59:18.912507+00', NULL, 'recording', 'engine', '{"retain_days": 7}', true, 'general');
INSERT INTO public.event_types (id, name_en, name_ar, description_en, description_ar, icon, color, enabled, created_at, updated_at, created_by, feature_key, kind, default_config, available, sector) VALUES ('24edb0fb-0b7c-4fdf-9af8-94e931c7578f', 'Audio Detection', 'كشف الأصوات', NULL, 'وحدة محرك لكل كاميرا: صراخ، إنذار حريق، تحطم زجاج…', 'alert-circle', '#3b82f6', true, '2026-07-04 17:59:18.912507+00', '2026-07-04 17:59:18.912507+00', NULL, 'audio_detection', 'engine', '{"labels": ["scream", "yell", "fire_alarm", "glass"]}', true, 'general');
INSERT INTO public.event_types (id, name_en, name_ar, description_en, description_ar, icon, color, enabled, created_at, updated_at, created_by, feature_key, kind, default_config, available, sector) VALUES ('8ce0ecd4-336f-4d05-b978-8c08ca3da97b', 'Motion Mask', 'قناع الحركة (تجاهل مناطق)', NULL, 'وحدة محرك لكل كاميرا: تجاهل مناطق لتقليل الإنذارات', 'alert-circle', '#3b82f6', true, '2026-07-04 17:59:18.912507+00', '2026-07-04 17:59:18.912507+00', NULL, 'motion_mask', 'engine', '{"coordinates": ""}', true, 'general');
INSERT INTO public.event_types (id, name_en, name_ar, description_en, description_ar, icon, color, enabled, created_at, updated_at, created_by, feature_key, kind, default_config, available, sector) VALUES ('b38f709b-04d0-48e5-9624-a51c62291bde', 'GenAI Descriptions', 'الوصف الذكي للأحداث (GenAI)', NULL, 'وصف نصي تلقائي لكل حدث — يتطلب مفتاح مزود؛ قريباً', 'alert-circle', '#3b82f6', true, '2026-07-04 17:59:18.912507+00', '2026-07-04 17:59:18.912507+00', NULL, 'genai', 'engine', '{}', false, 'general');
INSERT INTO public.event_types (id, name_en, name_ar, description_en, description_ar, icon, color, enabled, created_at, updated_at, created_by, feature_key, kind, default_config, available, sector) VALUES ('a3d044e8-fa0f-4dcd-b223-af9e084e4a8d', 'Table Cleanliness', 'نظافة الطاولات (AI Vision)', NULL, 'لقطة مجدولة تُحلَّل بالذكاء الاصطناعي: هل الطاولات نظيفة؟', 'alert-circle', '#3b82f6', true, '2026-07-04 12:59:43.685099+00', '2026-07-04 22:36:39.745987+00', NULL, 'table_cleanliness', 'vlm', '{"interval_min": 60}', true, 'restaurant');
INSERT INTO public.event_types (id, name_en, name_ar, description_en, description_ar, icon, color, enabled, created_at, updated_at, created_by, feature_key, kind, default_config, available, sector) VALUES ('a78dd2ab-1f56-45c9-8209-586109902a2b', 'Smoking Detection', 'كشف التدخين', NULL, 'نموذج مخصص على الجهاز — قريباً', 'alert-circle', '#3b82f6', true, '2026-07-04 12:59:43.685099+00', '2026-07-04 22:36:39.745987+00', NULL, 'smoking', 'edge_model', '{"model": "veedon-smoke-v1"}', false, 'restaurant');
INSERT INTO public.event_types (id, name_en, name_ar, description_en, description_ar, icon, color, enabled, created_at, updated_at, created_by, feature_key, kind, default_config, available, sector) VALUES ('dcf4aa2c-33a1-42ad-9cd4-dad9f3d06cd3', 'Uniform / PPE', 'الزي / القفازات / غطاء الشعر', NULL, 'نموذج مخصص — قريباً', 'alert-circle', '#3b82f6', true, '2026-07-04 12:59:43.685099+00', '2026-07-04 22:36:39.745987+00', NULL, 'uniform_ppe', 'edge_model', '{"model": "veedon-ppe-v1"}', false, 'restaurant');
INSERT INTO public.event_types (id, name_en, name_ar, description_en, description_ar, icon, color, enabled, created_at, updated_at, created_by, feature_key, kind, default_config, available, sector) VALUES ('39228aca-b03f-4b41-b87a-ca50165fded4', 'Poultry Health', 'مؤشرات صحة الدواجن (AI Vision)', NULL, 'فحص دوري: خمول، نفوق ظاهر، تجمع غير طبيعي', 'alert-circle', '#3b82f6', true, '2026-07-04 12:59:43.685099+00', '2026-07-04 22:36:39.748362+00', NULL, 'poultry_health', 'vlm', '{"interval_min": 30}', true, 'farm');
INSERT INTO public.event_types (id, name_en, name_ar, description_en, description_ar, icon, color, enabled, created_at, updated_at, created_by, feature_key, kind, default_config, available, sector) VALUES ('8a0582fa-503a-445b-a2c9-e3332b39f3ea', 'Forklift Proximity', 'تقارب الرافعات الشوكية بالعمّال', NULL, 'تنبيه عند اقتراب رافعة شوكية من عامل أقل من المسافة الآمنة — أخطر إصابة صناعية', 'alert-circle', '#3b82f6', true, '2026-07-04 22:36:39.749724+00', '2026-07-04 22:36:39.749724+00', NULL, 'forklift_proximity', 'edge_model', '{"model": "veedon-forklift-v1", "min_distance_m": 2}', false, 'factory');
INSERT INTO public.event_types (id, name_en, name_ar, description_en, description_ar, icon, color, enabled, created_at, updated_at, created_by, feature_key, kind, default_config, available, sector) VALUES ('4e376f7a-38a1-4a14-af69-43c86e8f6e4c', 'Phone Usage', 'استخدام الجوال أثناء العمل', NULL, 'نموذج مخصص — قريباً', 'alert-circle', '#3b82f6', true, '2026-07-04 12:59:43.685099+00', '2026-07-04 23:11:53.081267+00', NULL, 'phone_usage', 'edge_model', '{"model": "veedon-phone-v1"}', true, 'restaurant');
INSERT INTO public.event_types (id, name_en, name_ar, description_en, description_ar, icon, color, enabled, created_at, updated_at, created_by, feature_key, kind, default_config, available, sector) VALUES ('9e0952fd-bda2-4c43-bc20-acb407d2f7a9', 'Ergonomic Posture', 'وضعيات العمل الخاطئة (Ergonomic)', NULL, 'كشف الانحناء/الرفع الخاطئ لمنع إصابات العمود الفقري', 'alert-circle', '#3b82f6', true, '2026-07-04 22:36:39.749724+00', '2026-07-04 22:36:39.749724+00', NULL, 'ergonomic_posture', 'edge_model', '{"model": "veedon-pose-v1"}', false, 'factory');
INSERT INTO public.event_types (id, name_en, name_ar, description_en, description_ar, icon, color, enabled, created_at, updated_at, created_by, feature_key, kind, default_config, available, sector) VALUES ('279c25b1-1859-42e3-aeda-803b91ed2c22', 'Machine Zone Intrusion', 'دخول منطقة آلة خطرة', NULL, 'تنبيه فوري عند دخول شخص منطقة آلة قيد التشغيل', 'alert-circle', '#3b82f6', true, '2026-07-04 22:36:39.749724+00', '2026-07-04 22:36:39.749724+00', NULL, 'machine_zone_intrusion', 'rule', '{"cooldown_s": 120, "coordinates": ""}', true, 'factory');
INSERT INTO public.event_types (id, name_en, name_ar, description_en, description_ar, icon, color, enabled, created_at, updated_at, created_by, feature_key, kind, default_config, available, sector) VALUES ('0122a3c6-9eb8-42ea-8a10-374cbacbf34a', 'Weapon Detection', 'كشف الأسلحة والأدوات الحادة', NULL, 'كشف السلاح/الأداة الحادة عند البوابات — يبدأ كمساعد إشعار بتأكيد بشري إجباري', 'alert-circle', '#3b82f6', true, '2026-07-04 22:36:39.749724+00', '2026-07-04 22:36:39.749724+00', NULL, 'weapon_detection', 'edge_model', '{"model": "veedon-weapon-v1"}', false, 'education');
INSERT INTO public.event_types (id, name_en, name_ar, description_en, description_ar, icon, color, enabled, created_at, updated_at, created_by, feature_key, kind, default_config, available, sector) VALUES ('2936c589-b7f6-46f6-b584-47f7791d5d11', 'After-hours Intrusion', 'تسكّع/اقتحام خارج الدوام', NULL, 'دخول أو تسكّع في مناطق محددة خارج أوقات الدوام', 'alert-circle', '#3b82f6', true, '2026-07-04 22:36:39.749724+00', '2026-07-04 22:36:39.749724+00', NULL, 'after_hours_intrusion', 'rule', '{"cooldown_s": 300, "coordinates": ""}', true, 'education');
INSERT INTO public.event_types (id, name_en, name_ar, description_en, description_ar, icon, color, enabled, created_at, updated_at, created_by, feature_key, kind, default_config, available, sector) VALUES ('30b2d0b2-2673-4301-9ab4-6d76c631adf0', 'Gate Attendance', 'عدّ الحضور عند البوابة', NULL, 'قياس تدفّق الحضور والانصراف عند البوابات — بلا تعرّف على الأفراد', 'alert-circle', '#3b82f6', true, '2026-07-04 22:36:39.749724+00', '2026-07-04 22:36:39.749724+00', NULL, 'gate_attendance', 'rule', '{"coordinates": "", "interval_min": 15}', true, 'education');
INSERT INTO public.event_types (id, name_en, name_ar, description_en, description_ar, icon, color, enabled, created_at, updated_at, created_by, feature_key, kind, default_config, available, sector) VALUES ('9649ee9f-5d10-4f0c-8668-ddba22551d39', 'Patient Fall / Bed-exit', 'سقوط المريض / مغادرة السرير', NULL, 'كشف سقوط المريض أو محاولته مغادرة السرير', 'alert-circle', '#3b82f6', true, '2026-07-04 22:36:39.749724+00', '2026-07-04 22:36:39.749724+00', NULL, 'patient_fall', 'edge_model', '{"model": "veedon-fall-v1"}', false, 'health');
INSERT INTO public.event_types (id, name_en, name_ar, description_en, description_ar, icon, color, enabled, created_at, updated_at, created_by, feature_key, kind, default_config, available, sector) VALUES ('edeb4170-a0d4-417d-940c-b8914c6d0071', 'Patient Elopement', 'هروب المريض من منطقة', NULL, 'تنبيه عند وصول مريض مشوّش إلى مخرج أو منطقة ممنوعة', 'alert-circle', '#3b82f6', true, '2026-07-04 22:36:39.749724+00', '2026-07-04 22:36:39.749724+00', NULL, 'elopement', 'rule', '{"cooldown_s": 60, "coordinates": ""}', true, 'health');
INSERT INTO public.event_types (id, name_en, name_ar, description_en, description_ar, icon, color, enabled, created_at, updated_at, created_by, feature_key, kind, default_config, available, sector) VALUES ('4f1bbcf8-4642-450b-bb4a-dcdd6b949515', 'Hand Hygiene', 'الالتزام بنظافة اليدين', NULL, 'رصد الالتزام بتعقيم اليدين عند نقاط الدخول/الخروج', 'alert-circle', '#3b82f6', true, '2026-07-04 22:36:39.749724+00', '2026-07-04 22:36:39.749724+00', NULL, 'hand_hygiene', 'edge_model', '{"model": "veedon-hygiene-v1"}', false, 'health');
INSERT INTO public.event_types (id, name_en, name_ar, description_en, description_ar, icon, color, enabled, created_at, updated_at, created_by, feature_key, kind, default_config, available, sector) VALUES ('b399745e-05d5-4620-b489-e7425b8d35d4', 'Staff Aggression', 'العنف/العدوانية ضد الطواقم', NULL, 'كشف العدوانية تجاه الطواقم الطبية في الطوارئ والاستقبال', 'alert-circle', '#3b82f6', true, '2026-07-04 22:36:39.749724+00', '2026-07-04 22:36:39.749724+00', NULL, 'aggression_staff', 'vlm', '{"interval_min": 0}', true, 'health');
INSERT INTO public.event_types (id, name_en, name_ar, description_en, description_ar, icon, color, enabled, created_at, updated_at, created_by, feature_key, kind, default_config, available, sector) VALUES ('5bef373a-8fd0-439d-b187-26a55abd48e1', 'Industrial PPE', 'معدات الحماية الصناعية (خوذة/سترة/قفازات)', NULL, 'كشف عدم ارتداء الخوذة أو السترة العاكسة أو القفازات في مناطق الخطر', 'alert-circle', '#3b82f6', true, '2026-07-04 22:36:39.749724+00', '2026-07-04 22:49:09.875537+00', NULL, 'ppe_industrial', 'edge_model', '{"model": "veedon-ppe-ind-v1", "require": ["hardhat", "vest"]}', true, 'factory');
INSERT INTO public.event_types (id, name_en, name_ar, description_en, description_ar, icon, color, enabled, created_at, updated_at, created_by, feature_key, kind, default_config, available, sector) VALUES ('5eaa7f79-b05e-4afa-9a1f-554f3ec72841', 'Fight Detection', 'كشف المشاجرات', NULL, 'كشف العنف الجسدي: دفع، ضرب، تشابك، تجمّع مفاجئ حول شخصين', 'alert-circle', '#3b82f6', true, '2026-07-04 22:36:39.749724+00', '2026-07-04 23:20:41.758671+00', NULL, 'fight_detection', 'vlm', '{"interval_min": 0}', true, 'education');
INSERT INTO public.event_types (id, name_en, name_ar, description_en, description_ar, icon, color, enabled, created_at, updated_at, created_by, feature_key, kind, default_config, available, sector) VALUES ('c03d8b69-5375-435a-bbd9-158f367d399a', 'Bullying Detection', 'كشف التنمّر', NULL, 'أنماط التنمّر: استهداف متكرر لطالب، عزل/إقصاء، مضايقة، إيماءات تهديد متكررة', 'alert-circle', '#3b82f6', true, '2026-07-04 23:20:41.762383+00', '2026-07-04 23:20:41.762383+00', NULL, 'bullying', 'vlm', '{"interval_min": 0}', true, 'education');
INSERT INTO public.event_types (id, name_en, name_ar, description_en, description_ar, icon, color, enabled, created_at, updated_at, created_by, feature_key, kind, default_config, available, sector) VALUES ('522a815b-d350-4370-b13e-1851e92a7c0f', 'Stair Fall', 'السقوط على السلالم', NULL, 'كشف سقوط أو تعثّر شخص على الدرج/السلالم — منطقة إصابات عالية الخطورة', 'alert-circle', '#3b82f6', true, '2026-07-04 23:20:41.762383+00', '2026-07-04 23:20:41.762383+00', NULL, 'stair_fall', 'vlm', '{"interval_min": 0}', true, 'education');
INSERT INTO public.event_types (id, name_en, name_ar, description_en, description_ar, icon, color, enabled, created_at, updated_at, created_by, feature_key, kind, default_config, available, sector) VALUES ('e5f7495e-1f77-4049-b2af-7a4f81ffe706', 'Student Sleeping', 'نوم الطلبة في الفصل', NULL, 'رصد الطلاب النائمين أو واضعي الرأس على الطاولة أثناء الحصة', 'alert-circle', '#3b82f6', true, '2026-07-04 23:20:41.762383+00', '2026-07-04 23:20:41.762383+00', NULL, 'student_sleeping', 'vlm', '{"interval_min": 10}', true, 'education');
INSERT INTO public.event_types (id, name_en, name_ar, description_en, description_ar, icon, color, enabled, created_at, updated_at, created_by, feature_key, kind, default_config, available, sector) VALUES ('d5de08cb-104c-4d25-8695-dc79905c6b70', 'Entry/Exit Count', 'عدّ الدخول والخروج', NULL, 'قياس دوري لعدد الأشخاص في منطقة العبور — للزوّار (تجزئة)، الإشغال (مطاعم)، تدفق البوابات/الحافلات (مدارس)', 'alert-circle', '#3b82f6', true, '2026-07-05 04:11:43.420087+00', '2026-07-05 04:11:43.420087+00', NULL, 'entry_exit_count', 'rule', '{"camera": "", "coordinates": "", "interval_min": 15}', true, 'general');
INSERT INTO public.event_types (id, name_en, name_ar, description_en, description_ar, icon, color, enabled, created_at, updated_at, created_by, feature_key, kind, default_config, available, sector) VALUES ('a06d9b3a-a9bd-4ed1-ba23-2678441c271d', 'Wet Floor / Spill', 'أرضية مبتلة / انسكاب', NULL, 'كشف الأرضيات المبتلة والانسكابات قبل الحوادث (مطالبات الانزلاق مكلفة)', 'alert-circle', '#3b82f6', true, '2026-07-05 06:54:33.699591+00', '2026-07-05 06:54:33.699591+00', NULL, 'slip_wet_floor', 'vlm', '{"interval_min": 20}', true, 'hotel');
INSERT INTO public.event_types (id, name_en, name_ar, description_en, description_ar, icon, color, enabled, created_at, updated_at, created_by, feature_key, kind, default_config, available, sector) VALUES ('411f2c5b-e3d3-4034-b5e3-a23491ddfc56', 'Pool Area Safety', 'سلامة منطقة المسبح', NULL, 'طفل قرب المسبح بلا مرافق، أو تجاوز حدود السلامة', 'alert-circle', '#3b82f6', true, '2026-07-05 06:54:33.699591+00', '2026-07-05 06:54:33.699591+00', NULL, 'pool_safety', 'vlm', '{"interval_min": 5}', true, 'hotel');
INSERT INTO public.event_types (id, name_en, name_ar, description_en, description_ar, icon, color, enabled, created_at, updated_at, created_by, feature_key, kind, default_config, available, sector) VALUES ('28edf54b-3924-4632-b1c0-71615572062b', 'Unattended Luggage', 'حقيبة/غرض متروك', NULL, 'رصد حقيبة أو غرض متروك في اللوبي/الممرات (أمن)', 'alert-circle', '#3b82f6', true, '2026-07-05 06:54:33.699591+00', '2026-07-05 06:54:33.699591+00', NULL, 'luggage_unattended', 'vlm', '{"interval_min": 10}', true, 'hotel');
INSERT INTO public.event_types (id, name_en, name_ar, description_en, description_ar, icon, color, enabled, created_at, updated_at, created_by, feature_key, kind, default_config, available, sector) VALUES ('a0dc5996-6306-455c-b512-d055171a74db', 'Perimeter Intrusion', 'اقتحام محيط/مناطق الموظفين', NULL, 'دخول غير مصرّح لمناطق الموظفين، أرصفة التحميل، الأسطح', 'alert-circle', '#3b82f6', true, '2026-07-05 06:54:33.699591+00', '2026-07-05 06:54:33.699591+00', NULL, 'perimeter_intrusion', 'rule', '{"cooldown_s": 120, "coordinates": ""}', true, 'hotel');
INSERT INTO public.event_types (id, name_en, name_ar, description_en, description_ar, icon, color, enabled, created_at, updated_at, created_by, feature_key, kind, default_config, available, sector) VALUES ('6032e361-7b7d-4063-8a32-b71af7f851b2', 'Vape Detection', 'كشف الفيب/الأبخرة', NULL, 'كشف الفيب في دورات المياه (عبر مستشعرات بخار — لا كاميرات)', 'alert-circle', '#3b82f6', true, '2026-07-05 06:54:33.699591+00', '2026-07-05 06:54:33.699591+00', NULL, 'vape_detection', 'edge_model', '{"model": "veedon-vape-v1"}', false, 'education');
INSERT INTO public.event_types (id, name_en, name_ar, description_en, description_ar, icon, color, enabled, created_at, updated_at, created_by, feature_key, kind, default_config, available, sector) VALUES ('10b5a03a-0314-42ad-a821-7be55f3cc60b', 'Emergency Lockdown', 'تفعيل الإغلاق الطارئ', NULL, 'ربط كشف السلاح ببروتوكول إغلاق فوري + تنبيه أولوية', 'alert-circle', '#3b82f6', true, '2026-07-05 06:54:33.699591+00', '2026-07-05 06:54:33.699591+00', NULL, 'emergency_lockdown', 'rule', '{"cooldown_s": 0, "trigger_on": ["weapon_detection"]}', true, 'education');
INSERT INTO public.event_types (id, name_en, name_ar, description_en, description_ar, icon, color, enabled, created_at, updated_at, created_by, feature_key, kind, default_config, available, sector) VALUES ('5a63915c-0b24-43e7-b552-f47f026fa0ea', 'Unauthorized Visitor', 'زائر غير مصرّح', NULL, 'بالغ غير معروف في مناطق الطلاب خلال الدوام', 'alert-circle', '#3b82f6', true, '2026-07-05 06:54:33.699591+00', '2026-07-05 06:54:33.699591+00', NULL, 'visitor_unknown', 'vlm', '{"interval_min": 5}', true, 'education');
INSERT INTO public.event_types (id, name_en, name_ar, description_en, description_ar, icon, color, enabled, created_at, updated_at, created_by, feature_key, kind, default_config, available, sector) VALUES ('4324c003-b950-48aa-87c2-21250781bfeb', 'Wrong-way / Tailgating', 'اتجاه معاكس/تسلل', NULL, 'دخول باتجاه معاكس عند البوابات أو تسلل خلف مصرّح', 'alert-circle', '#3b82f6', true, '2026-07-05 06:54:33.699591+00', '2026-07-05 06:54:33.699591+00', NULL, 'wrong_direction', 'rule', '{"cooldown_s": 60, "coordinates": ""}', true, 'education');
INSERT INTO public.event_types (id, name_en, name_ar, description_en, description_ar, icon, color, enabled, created_at, updated_at, created_by, feature_key, kind, default_config, available, sector) VALUES ('0f4548e8-0c39-45cf-85fb-c945e5ee0769', 'Defect Inspection', 'فحص جودة المنتج (عيوب)', NULL, 'كشف الخدوش/الشقوق/الانحرافات على خط الإنتاج (دقة 95%+)', 'alert-circle', '#3b82f6', true, '2026-07-05 06:54:33.699591+00', '2026-07-05 06:54:33.699591+00', NULL, 'defect_inspection', 'edge_model', '{"model": "veedon-defect-v1"}', false, 'factory');
INSERT INTO public.event_types (id, name_en, name_ar, description_en, description_ar, icon, color, enabled, created_at, updated_at, created_by, feature_key, kind, default_config, available, sector) VALUES ('5cee6218-e8e9-4f8e-b2c7-94d1e0228dc6', 'Spill / Leak', 'انسكاب/تسرب', NULL, 'كشف الانسكابات والتسربات على أرضية المصنع', 'alert-circle', '#3b82f6', true, '2026-07-05 06:54:33.699591+00', '2026-07-05 06:54:33.699591+00', NULL, 'spill_leak', 'vlm', '{"interval_min": 10}', true, 'factory');
INSERT INTO public.event_types (id, name_en, name_ar, description_en, description_ar, icon, color, enabled, created_at, updated_at, created_by, feature_key, kind, default_config, available, sector) VALUES ('c52b7ae8-305f-4438-86b4-f96030ae4192', 'Thermal / Fire', 'حرارة/دخان/حريق', NULL, 'كشف الدخان أو مؤشرات الحرارة الزائدة مبكراً', 'alert-circle', '#3b82f6', true, '2026-07-05 06:54:33.699591+00', '2026-07-05 06:54:33.699591+00', NULL, 'thermal_fire', 'vlm', '{"interval_min": 3}', true, 'factory');
INSERT INTO public.event_types (id, name_en, name_ar, description_en, description_ar, icon, color, enabled, created_at, updated_at, created_by, feature_key, kind, default_config, available, sector) VALUES ('50efd7af-de0b-4a8c-aa6e-4b778fbbead2', 'Machine Idle', 'توقف خط الإنتاج', NULL, 'رصد توقف آلة/خط إنتاج غير مخطط (إنتاجية)', 'alert-circle', '#3b82f6', true, '2026-07-05 06:54:33.699591+00', '2026-07-05 06:54:33.699591+00', NULL, 'machine_idle', 'rule', '{"coordinates": "", "interval_min": 10}', true, 'factory');
INSERT INTO public.event_types (id, name_en, name_ar, description_en, description_ar, icon, color, enabled, created_at, updated_at, created_by, feature_key, kind, default_config, available, sector) VALUES ('638c6809-5f07-4ada-acf9-c0cf3024729f', 'Crowd Density / Stampede Risk', 'كثافة الحشود / خطر التدافع', NULL, 'رصد الكثافة الحرجة والتدافع في الساحات وقاعات الصلاة (حماية الأرواح)', 'alert-circle', '#3b82f6', true, '2026-07-05 07:10:03.80636+00', '2026-07-05 07:10:03.80636+00', NULL, 'crowd_density', 'rule', '{"camera": "", "threshold": 30, "cooldown_s": 30, "coordinates": ""}', true, 'mosque');
INSERT INTO public.event_types (id, name_en, name_ar, description_en, description_ar, icon, color, enabled, created_at, updated_at, created_by, feature_key, kind, default_config, available, sector) VALUES ('11aabcd4-ddfe-4e5c-8b73-421dea3eb6e6', 'Crowd Flow', 'اتجاه وتدفق الحشود', NULL, 'تحليل تدفق الحشود لكشف الاختناقات والاتجاه المعاكس', 'alert-circle', '#3b82f6', true, '2026-07-05 07:10:03.80636+00', '2026-07-05 07:10:03.80636+00', NULL, 'crowd_flow', 'rule', '{"camera": "", "coordinates": "", "interval_min": 2}', true, 'mosque');
INSERT INTO public.event_types (id, name_en, name_ar, description_en, description_ar, icon, color, enabled, created_at, updated_at, created_by, feature_key, kind, default_config, available, sector) VALUES ('00a480a4-97db-405e-bc6e-53cabd543b55', 'Fallen Person in Crowd', 'شخص ساقط وسط الزحام', NULL, 'كشف شخص ساقط بين الحشود قبل التدافع فوقه', 'alert-circle', '#3b82f6', true, '2026-07-05 07:10:03.80636+00', '2026-07-05 07:10:03.80636+00', NULL, 'fallen_person', 'edge_model', '{"model": "veedon-fall-crowd-v1"}', false, 'mosque');
INSERT INTO public.event_types (id, name_en, name_ar, description_en, description_ar, icon, color, enabled, created_at, updated_at, created_by, feature_key, kind, default_config, available, sector) VALUES ('c560de41-83ca-495d-8b06-aef5ec83c6d2', 'Lost Child', 'طفل تائه', NULL, 'رصد طفل بمفرده يبدو تائهاً في الساحات', 'alert-circle', '#3b82f6', true, '2026-07-05 07:10:03.80636+00', '2026-07-05 07:10:03.80636+00', NULL, 'lost_child', 'vlm', '{"interval_min": 5}', true, 'mosque');
INSERT INTO public.event_types (id, name_en, name_ar, description_en, description_ar, icon, color, enabled, created_at, updated_at, created_by, feature_key, kind, default_config, available, sector) VALUES ('e70e0abd-7f34-40db-b0ed-2ab9141371da', 'Prayer Hall Occupancy', 'إشغال قاعة الصلاة', NULL, 'قياس إشغال القاعة لإدارة الطاقة الاستيعابية والتكييف', 'alert-circle', '#3b82f6', true, '2026-07-05 07:10:03.80636+00', '2026-07-05 07:10:03.80636+00', NULL, 'prayer_occupancy', 'rule', '{"camera": "", "coordinates": "", "interval_min": 5}', true, 'mosque');
INSERT INTO public.event_types (id, name_en, name_ar, description_en, description_ar, icon, color, enabled, created_at, updated_at, created_by, feature_key, kind, default_config, available, sector) VALUES ('d3fd3478-238a-49b2-9602-f47f5f0b6ccb', 'Loading Dock Activity', 'نشاط رصيف التحميل', NULL, 'مراقبة نشاط أرصفة التحميل والتفريغ وكشف التأخير', 'alert-circle', '#3b82f6', true, '2026-07-05 07:10:03.80636+00', '2026-07-05 07:10:03.80636+00', NULL, 'loading_dock', 'rule', '{"camera": "", "coordinates": "", "interval_min": 10}', true, 'warehouse');
INSERT INTO public.event_types (id, name_en, name_ar, description_en, description_ar, icon, color, enabled, created_at, updated_at, created_by, feature_key, kind, default_config, available, sector) VALUES ('1266f7ac-a924-41ae-b088-b7b36effdd8b', 'Package Damage', 'تلف الطرود', NULL, 'كشف الطرود التالفة أثناء المناولة', 'alert-circle', '#3b82f6', true, '2026-07-05 07:10:03.80636+00', '2026-07-05 07:10:03.80636+00', NULL, 'package_damage', 'vlm', '{"interval_min": 10}', true, 'warehouse');
INSERT INTO public.event_types (id, name_en, name_ar, description_en, description_ar, icon, color, enabled, created_at, updated_at, created_by, feature_key, kind, default_config, available, sector) VALUES ('7f1430ed-6ffb-4670-a24f-e5bf58896f91', 'Suspended Load Zone', 'المشي تحت حمل معلّق', NULL, 'تنبيه دخول عامل منطقة تحت حمل معلّق (سلامة)', 'alert-circle', '#3b82f6', true, '2026-07-05 07:10:03.80636+00', '2026-07-05 07:10:03.80636+00', NULL, 'suspended_load', 'rule', '{"cooldown_s": 60, "coordinates": ""}', true, 'warehouse');
INSERT INTO public.event_types (id, name_en, name_ar, description_en, description_ar, icon, color, enabled, created_at, updated_at, created_by, feature_key, kind, default_config, available, sector) VALUES ('299e59d9-523e-43a8-a101-3257f6bae35e', 'Pallet Count', 'عدّ المنصات (Pallets)', NULL, 'عدّ المنصات وتتبّع المخزون بصرياً', 'alert-circle', '#3b82f6', true, '2026-07-05 07:10:03.80636+00', '2026-07-05 07:10:03.80636+00', NULL, 'pallet_count', 'vlm', '{"interval_min": 30}', true, 'warehouse');
INSERT INTO public.event_types (id, name_en, name_ar, description_en, description_ar, icon, color, enabled, created_at, updated_at, created_by, feature_key, kind, default_config, available, sector) VALUES ('1a641673-c958-4145-aabd-671984a0fe25', 'Shelf Out-of-stock', 'رفوف فارغة / نفاد', NULL, 'كشف الرفوف الفارغة أو قرب النفاد لإعادة التعبئة', 'alert-circle', '#3b82f6', true, '2026-07-05 07:10:03.80636+00', '2026-07-05 07:10:03.80636+00', NULL, 'shelf_out_of_stock', 'vlm', '{"interval_min": 30}', true, 'retail');
INSERT INTO public.event_types (id, name_en, name_ar, description_en, description_ar, icon, color, enabled, created_at, updated_at, created_by, feature_key, kind, default_config, available, sector) VALUES ('ba0515bf-75ee-4302-a303-b4d81d44fe5d', 'Planogram Compliance', 'التزام ترتيب العرض', NULL, 'مطابقة ترتيب المنتجات على الرفوف للمخطط المعتمد', 'alert-circle', '#3b82f6', true, '2026-07-05 07:10:03.80636+00', '2026-07-05 07:10:03.80636+00', NULL, 'planogram_compliance', 'vlm', '{"interval_min": 60}', true, 'retail');
INSERT INTO public.event_types (id, name_en, name_ar, description_en, description_ar, icon, color, enabled, created_at, updated_at, created_by, feature_key, kind, default_config, available, sector) VALUES ('3f030a5c-bbc0-465f-a055-23e7bd1ab761', 'Concealment / Theft', 'إخفاء منتج / اشتباه سرقة', NULL, 'كشف إخفاء منتج في الملابس/الحقيبة (مؤشر سرقة)', 'alert-circle', '#3b82f6', true, '2026-07-05 07:10:03.80636+00', '2026-07-05 07:10:03.80636+00', NULL, 'concealment_theft', 'edge_model', '{"model": "veedon-conceal-v1"}', false, 'retail');
INSERT INTO public.event_types (id, name_en, name_ar, description_en, description_ar, icon, color, enabled, created_at, updated_at, created_by, feature_key, kind, default_config, available, sector) VALUES ('bd91e0d3-de28-44c6-bbb6-99c6e01be915', 'Self-checkout Fraud', 'احتيال الدفع الذاتي', NULL, 'ربط الفيديو بنظام الكاشير: مسح ناقص، تبديل باركود (POS)', 'alert-circle', '#3b82f6', true, '2026-07-05 07:10:03.80636+00', '2026-07-05 07:10:03.80636+00', NULL, 'self_checkout_fraud', 'rule', '{"camera": "", "cooldown_s": 60, "pos_integration": true}', true, 'retail');
INSERT INTO public.event_types (id, name_en, name_ar, description_en, description_ar, icon, color, enabled, created_at, updated_at, created_by, feature_key, kind, default_config, available, sector) VALUES ('5e6e9445-8922-4e7f-abc0-4274b0cd1bb0', 'Dead Bird Detection', 'كشف الطيور النافقة', NULL, 'رصد الطيور النافقة تلقائياً لخفض النفوق ومنع العدوى', 'alert-circle', '#3b82f6', true, '2026-07-05 07:10:03.80636+00', '2026-07-05 07:10:03.80636+00', NULL, 'dead_bird_detection', 'edge_model', '{"model": "veedon-deadbird-v1"}', false, 'farm');
INSERT INTO public.event_types (id, name_en, name_ar, description_en, description_ar, icon, color, enabled, created_at, updated_at, created_by, feature_key, kind, default_config, available, sector) VALUES ('28161a33-2c35-421e-bc86-052f4139195e', 'Bird Count', 'عدّ الطيور', NULL, 'عدّ الطيور بصرياً لمتابعة المخزون والنفوق', 'alert-circle', '#3b82f6', true, '2026-07-05 07:10:03.80636+00', '2026-07-05 07:10:03.80636+00', NULL, 'bird_count', 'vlm', '{"interval_min": 60}', true, 'farm');
INSERT INTO public.event_types (id, name_en, name_ar, description_en, description_ar, icon, color, enabled, created_at, updated_at, created_by, feature_key, kind, default_config, available, sector) VALUES ('ba7bc0aa-3a94-4493-ac09-d9e1a6d35cc7', 'Uneven Growth', 'نمو غير متجانس', NULL, 'كشف تفاوت أحجام الطيور (مؤشر مرض أو تغذية)', 'alert-circle', '#3b82f6', true, '2026-07-05 07:10:03.80636+00', '2026-07-05 07:10:03.80636+00', NULL, 'uneven_growth', 'vlm', '{"interval_min": 120}', true, 'farm');
INSERT INTO public.event_types (id, name_en, name_ar, description_en, description_ar, icon, color, enabled, created_at, updated_at, created_by, feature_key, kind, default_config, available, sector) VALUES ('efaeb068-56f5-4673-866f-6e7e9eff8ad1', 'Patient Wait Time', 'زمن انتظار المرضى', NULL, 'قياس أزمنة الانتظار في الطوارئ والاستقبال', 'alert-circle', '#3b82f6', true, '2026-07-05 07:10:03.80636+00', '2026-07-05 07:10:03.80636+00', NULL, 'patient_wait_time', 'rule', '{"camera": "", "coordinates": "", "interval_min": 10}', true, 'health');
INSERT INTO public.event_types (id, name_en, name_ar, description_en, description_ar, icon, color, enabled, created_at, updated_at, created_by, feature_key, kind, default_config, available, sector) VALUES ('ab9c747d-1188-4f58-8622-5529d8d597e9', 'Bed/Area Occupancy', 'إشغال الأسرّة/المناطق', NULL, 'متابعة إشغال الأسرّة ومناطق العناية', 'alert-circle', '#3b82f6', true, '2026-07-05 07:10:03.80636+00', '2026-07-05 07:10:03.80636+00', NULL, 'bed_occupancy', 'rule', '{"camera": "", "coordinates": "", "interval_min": 15}', true, 'health');
INSERT INTO public.event_types (id, name_en, name_ar, description_en, description_ar, icon, color, enabled, created_at, updated_at, created_by, feature_key, kind, default_config, available, sector) VALUES ('5dbaf222-38e2-4d50-8841-c559613f8348', 'Unattended Child', 'طفل بلا مرافق', NULL, 'رصد طفل بمفرده دون مرافق بالغ في منطقة اللعب', 'alert-circle', '#3b82f6', true, '2026-07-05 07:14:22.866724+00', '2026-07-05 07:14:22.866724+00', NULL, 'child_unattended', 'vlm', '{"interval_min": 3}', true, 'kids');
INSERT INTO public.event_types (id, name_en, name_ar, description_en, description_ar, icon, color, enabled, created_at, updated_at, created_by, feature_key, kind, default_config, available, sector) VALUES ('c6a90f37-4182-4acb-a332-bb2c076d3cf6', 'Child Fall', 'سقوط طفل', NULL, 'كشف سقوط أو إصابة طفل في الألعاب (ترامبولين/زحاليق)', 'alert-circle', '#3b82f6', true, '2026-07-05 07:14:22.866724+00', '2026-07-05 07:14:22.866724+00', NULL, 'child_fall', 'edge_model', '{"model": "veedon-childfall-v1"}', false, 'kids');
INSERT INTO public.event_types (id, name_en, name_ar, description_en, description_ar, icon, color, enabled, created_at, updated_at, created_by, feature_key, kind, default_config, available, sector) VALUES ('b5c78d0e-e698-4549-948e-4c32dd2ceba7', 'Child Elopement', 'خروج طفل من المنطقة', NULL, 'تنبيه عند خروج طفل من المنطقة المخصصة/الآمنة', 'alert-circle', '#3b82f6', true, '2026-07-05 07:14:22.866724+00', '2026-07-05 07:14:22.866724+00', NULL, 'child_elopement', 'rule', '{"cooldown_s": 30, "coordinates": ""}', true, 'kids');
INSERT INTO public.event_types (id, name_en, name_ar, description_en, description_ar, icon, color, enabled, created_at, updated_at, created_by, feature_key, kind, default_config, available, sector) VALUES ('6886d57c-7099-4379-b04a-7b787f2733b0', 'Play Area Capacity', 'تكدس منطقة اللعب', NULL, 'تجاوز الطاقة الاستيعابية الآمنة لمنطقة اللعب', 'alert-circle', '#3b82f6', true, '2026-07-05 07:14:22.866724+00', '2026-07-05 07:14:22.866724+00', NULL, 'play_area_capacity', 'rule', '{"camera": "", "threshold": 15, "cooldown_s": 120, "coordinates": ""}', true, 'kids');
INSERT INTO public.event_types (id, name_en, name_ar, description_en, description_ar, icon, color, enabled, created_at, updated_at, created_by, feature_key, kind, default_config, available, sector) VALUES ('be9bb564-05c2-4135-8c1c-9eeb7abd5fb6', 'Rough / Unsafe Play', 'لعب عنيف / خطِر', NULL, 'كشف السلوك العنيف أو الخطِر بين الأطفال', 'alert-circle', '#3b82f6', true, '2026-07-05 07:14:22.866724+00', '2026-07-05 07:14:22.866724+00', NULL, 'rough_play', 'vlm', '{"interval_min": 2}', true, 'kids');
INSERT INTO public.event_types (id, name_en, name_ar, description_en, description_ar, icon, color, enabled, created_at, updated_at, created_by, feature_key, kind, default_config, available, sector) VALUES ('9467732a-4777-413b-af1d-88c95f3a3f27', 'Flare / Smoke', 'شعلة/دخان/ألعاب نارية', NULL, 'كشف الشعلات والدخان والألعاب النارية في المدرجات', 'alert-circle', '#3b82f6', true, '2026-07-05 07:14:22.866724+00', '2026-07-05 07:14:22.866724+00', NULL, 'flare_smoke', 'vlm', '{"interval_min": 1}', true, 'sports');
INSERT INTO public.event_types (id, name_en, name_ar, description_en, description_ar, icon, color, enabled, created_at, updated_at, created_by, feature_key, kind, default_config, available, sector) VALUES ('b1c4e044-8d3a-46a4-b4c8-7b48c16b8c81', 'Fan Violence', 'عنف الجماهير', NULL, 'كشف الشجار والعنف بين الجماهير مبكراً', 'alert-circle', '#3b82f6', true, '2026-07-05 07:14:22.866724+00', '2026-07-05 07:14:22.866724+00', NULL, 'fan_violence', 'vlm', '{"interval_min": 1}', true, 'sports');
INSERT INTO public.event_types (id, name_en, name_ar, description_en, description_ar, icon, color, enabled, created_at, updated_at, created_by, feature_key, kind, default_config, available, sector) VALUES ('8260a67a-116c-4c8f-9d52-5b98b5ea0ebf', 'Masked Person', 'شخص ملثّم', NULL, 'رصد الملثّمين (مرتبط بالمشاغبين والشعلات)', 'alert-circle', '#3b82f6', true, '2026-07-05 07:14:22.866724+00', '2026-07-05 07:14:22.866724+00', NULL, 'masked_person', 'edge_model', '{"model": "veedon-mask-v1"}', false, 'sports');
INSERT INTO public.event_types (id, name_en, name_ar, description_en, description_ar, icon, color, enabled, created_at, updated_at, created_by, feature_key, kind, default_config, available, sector) VALUES ('2d8c37e6-ad69-4b56-a3c4-bf207d642abb', 'Stand Occupancy / Crush', 'إشغال المدرجات / كثافة حرجة', NULL, 'قياس الإشغال وكشف الكثافة الحرجة قبل التدافع في المدرجات', 'alert-circle', '#3b82f6', true, '2026-07-05 07:14:22.866724+00', '2026-07-05 07:14:22.866724+00', NULL, 'stand_occupancy', 'rule', '{"camera": "", "threshold": 40, "cooldown_s": 30, "coordinates": ""}', true, 'sports');
INSERT INTO public.event_types (id, name_en, name_ar, description_en, description_ar, icon, color, enabled, created_at, updated_at, created_by, feature_key, kind, default_config, available, sector) VALUES ('f8de9628-8295-4085-b226-724a1c282315', 'Pitch Invasion', 'اقتحام أرض الملعب', NULL, 'كشف نزول جمهور إلى أرض الملعب', 'alert-circle', '#3b82f6', true, '2026-07-05 07:18:37.048188+00', '2026-07-05 07:18:37.048188+00', NULL, 'pitch_invasion', 'rule', '{"camera": "", "cooldown_s": 30, "coordinates": ""}', true, 'sports');


--
-- Data for Name: events; Type: TABLE DATA; Schema: public; Owner: postgres
--

INSERT INTO public.events (id, camera_id, event_type, severity, metadata, snapshot_url, detected_at, reviewed, attributes, face_id, license_plate, zones, sub_label, top_score, start_time, end_time, has_clip, has_snapshot, frigate_id) VALUES ('3070d0d3-0de5-49ae-b9b6-3750736f71e6', 'e2491873-0570-4d58-9c54-c9acabd8a86b', 'restricted_zone', 'high', '{"score": 0.75390625, "source": "veedon-edge", "branch_id": "0ab2ca49-ad88-4630-afb6-3ef008e1cef5", "feature_key": "restricted_zone", "engine_event": "1783232830.704921-jl8t38"}', 'http://localhost:8600/snapshots/3070d0d3-0de5-49ae-b9b6-3750736f71e6.jpg', '2026-07-05 06:27:18.205318+00', false, '{}', NULL, NULL, NULL, NULL, NULL, NULL, NULL, false, false, NULL);
INSERT INTO public.events (id, camera_id, event_type, severity, metadata, snapshot_url, detected_at, reviewed, attributes, face_id, license_plate, zones, sub_label, top_score, start_time, end_time, has_clip, has_snapshot, frigate_id) VALUES ('5bd76ec5-9309-420a-ad98-6aed31872e29', 'e2491873-0570-4d58-9c54-c9acabd8a86b', 'restricted_zone', 'high', '{"score": 0.8046875, "source": "veedon-edge", "branch_id": "0ab2ca49-ad88-4630-afb6-3ef008e1cef5", "feature_key": "restricted_zone", "engine_event": "1783209510.602633-u0v2cm"}', 'http://localhost:8600/snapshots/5bd76ec5-9309-420a-ad98-6aed31872e29.jpg', '2026-07-04 23:58:36.203311+00', false, '{}', NULL, NULL, NULL, NULL, NULL, NULL, NULL, false, false, NULL);
INSERT INTO public.events (id, camera_id, event_type, severity, metadata, snapshot_url, detected_at, reviewed, attributes, face_id, license_plate, zones, sub_label, top_score, start_time, end_time, has_clip, has_snapshot, frigate_id) VALUES ('b7215bd9-f633-44c1-8de7-8079284f26c4', 'e2491873-0570-4d58-9c54-c9acabd8a86b', 'restricted_zone', 'high', '{"score": 0.83203125, "source": "veedon-edge", "branch_id": "0ab2ca49-ad88-4630-afb6-3ef008e1cef5", "feature_key": "restricted_zone", "engine_event": "1783209564.60037-y3zayg"}', 'http://localhost:8600/snapshots/b7215bd9-f633-44c1-8de7-8079284f26c4.jpg', '2026-07-04 23:59:30.603093+00', false, '{}', NULL, NULL, NULL, NULL, NULL, NULL, NULL, false, false, NULL);
INSERT INTO public.events (id, camera_id, event_type, severity, metadata, snapshot_url, detected_at, reviewed, attributes, face_id, license_plate, zones, sub_label, top_score, start_time, end_time, has_clip, has_snapshot, frigate_id) VALUES ('9806d1df-b6c2-4918-b0b2-058b478c45bb', 'e2491873-0570-4d58-9c54-c9acabd8a86b', 'restricted_zone', 'high', '{"score": 0.84375, "source": "veedon-edge", "branch_id": "0ab2ca49-ad88-4630-afb6-3ef008e1cef5", "feature_key": "restricted_zone", "engine_event": "1783209636.182568-4i20hs"}', 'http://localhost:8600/snapshots/9806d1df-b6c2-4918-b0b2-058b478c45bb.jpg', '2026-07-05 00:00:37.212017+00', false, '{}', NULL, NULL, NULL, NULL, NULL, NULL, NULL, false, false, NULL);
INSERT INTO public.events (id, camera_id, event_type, severity, metadata, snapshot_url, detected_at, reviewed, attributes, face_id, license_plate, zones, sub_label, top_score, start_time, end_time, has_clip, has_snapshot, frigate_id) VALUES ('d0a3d245-af55-441b-acf0-fe20bd300b18', 'e2491873-0570-4d58-9c54-c9acabd8a86b', 'restricted_zone', 'high', '{"score": 0.83203125, "source": "veedon-edge", "branch_id": "0ab2ca49-ad88-4630-afb6-3ef008e1cef5", "feature_key": "restricted_zone", "engine_event": "1783209672.347136-m2y3h9"}', 'http://localhost:8600/snapshots/d0a3d245-af55-441b-acf0-fe20bd300b18.jpg', '2026-07-05 00:01:13.46039+00', false, '{}', NULL, NULL, NULL, NULL, NULL, NULL, NULL, false, false, NULL);
INSERT INTO public.events (id, camera_id, event_type, severity, metadata, snapshot_url, detected_at, reviewed, attributes, face_id, license_plate, zones, sub_label, top_score, start_time, end_time, has_clip, has_snapshot, frigate_id) VALUES ('f8f15d9d-bbca-4a59-8c93-18e9ae3b1320', 'e2491873-0570-4d58-9c54-c9acabd8a86b', 'restricted_zone', 'high', '{"score": 0.84375, "source": "veedon-edge", "branch_id": "0ab2ca49-ad88-4630-afb6-3ef008e1cef5", "feature_key": "restricted_zone", "engine_event": "1783209726.345081-jmo8vi"}', 'http://localhost:8600/snapshots/f8f15d9d-bbca-4a59-8c93-18e9ae3b1320.jpg', '2026-07-05 00:02:08.001345+00', false, '{}', NULL, NULL, NULL, NULL, NULL, NULL, NULL, false, false, NULL);
INSERT INTO public.events (id, camera_id, event_type, severity, metadata, snapshot_url, detected_at, reviewed, attributes, face_id, license_plate, zones, sub_label, top_score, start_time, end_time, has_clip, has_snapshot, frigate_id) VALUES ('3f982556-3eda-4a58-a083-7cf5b9e166d1', 'e2491873-0570-4d58-9c54-c9acabd8a86b', 'crowding', 'high', '{"count": 5, "score": 5.0, "source": "veedon-edge", "branch_id": "0ab2ca49-ad88-4630-afb6-3ef008e1cef5", "feature_key": "crowding"}', 'http://localhost:8600/snapshots/3f982556-3eda-4a58-a083-7cf5b9e166d1.jpg', '2026-07-05 06:27:18.241405+00', false, '{}', NULL, NULL, NULL, NULL, NULL, NULL, NULL, false, false, NULL);
INSERT INTO public.events (id, camera_id, event_type, severity, metadata, snapshot_url, detected_at, reviewed, attributes, face_id, license_plate, zones, sub_label, top_score, start_time, end_time, has_clip, has_snapshot, frigate_id) VALUES ('2c047fd0-5ed0-41ab-b4fc-ee4d974a05d2', 'e2491873-0570-4d58-9c54-c9acabd8a86b', 'restricted_zone', 'high', '{"score": 0.8046875, "source": "veedon-edge", "branch_id": "0ab2ca49-ad88-4630-afb6-3ef008e1cef5", "feature_key": "restricted_zone", "engine_event": "1783209780.175631-jsz7x5"}', 'http://localhost:8600/snapshots/2c047fd0-5ed0-41ab-b4fc-ee4d974a05d2.jpg', '2026-07-05 00:03:02.579023+00', false, '{}', NULL, NULL, NULL, NULL, NULL, NULL, NULL, false, false, NULL);
INSERT INTO public.events (id, camera_id, event_type, severity, metadata, snapshot_url, detected_at, reviewed, attributes, face_id, license_plate, zones, sub_label, top_score, start_time, end_time, has_clip, has_snapshot, frigate_id) VALUES ('336acb3b-1fef-4cdf-84aa-73954086bf72', 'e2491873-0570-4d58-9c54-c9acabd8a86b', 'restricted_zone', 'high', '{"score": 0.84375, "source": "veedon-edge", "branch_id": "0ab2ca49-ad88-4630-afb6-3ef008e1cef5", "feature_key": "restricted_zone", "engine_event": "1783209834.173808-pm5yr1"}', 'http://localhost:8600/snapshots/336acb3b-1fef-4cdf-84aa-73954086bf72.jpg', '2026-07-05 00:03:57.00611+00', false, '{}', NULL, NULL, NULL, NULL, NULL, NULL, NULL, false, false, NULL);
INSERT INTO public.events (id, camera_id, event_type, severity, metadata, snapshot_url, detected_at, reviewed, attributes, face_id, license_plate, zones, sub_label, top_score, start_time, end_time, has_clip, has_snapshot, frigate_id) VALUES ('6589bba7-56b8-435a-90f2-ab3cb35da77e', 'e2491873-0570-4d58-9c54-c9acabd8a86b', 'restricted_zone', 'high', '{"score": 0.84375, "source": "veedon-edge", "branch_id": "0ab2ca49-ad88-4630-afb6-3ef008e1cef5", "feature_key": "restricted_zone", "engine_event": "1783209887.922242-ezcn9j"}', 'http://localhost:8600/snapshots/6589bba7-56b8-435a-90f2-ab3cb35da77e.jpg', '2026-07-05 00:04:51.482309+00', false, '{}', NULL, NULL, NULL, NULL, NULL, NULL, NULL, false, false, NULL);
INSERT INTO public.events (id, camera_id, event_type, severity, metadata, snapshot_url, detected_at, reviewed, attributes, face_id, license_plate, zones, sub_label, top_score, start_time, end_time, has_clip, has_snapshot, frigate_id) VALUES ('9eb8e539-217f-4cb0-b47f-faf2020ac24c', 'e2491873-0570-4d58-9c54-c9acabd8a86b', 'restricted_zone', 'high', '{"score": 0.796875, "source": "veedon-edge", "branch_id": "0ab2ca49-ad88-4630-afb6-3ef008e1cef5", "feature_key": "restricted_zone", "engine_event": "1783232891.422097-1de74v"}', 'http://localhost:8600/snapshots/9eb8e539-217f-4cb0-b47f-faf2020ac24c.jpg', '2026-07-05 06:28:55.008342+00', false, '{}', NULL, NULL, NULL, NULL, NULL, NULL, NULL, false, false, NULL);
INSERT INTO public.events (id, camera_id, event_type, severity, metadata, snapshot_url, detected_at, reviewed, attributes, face_id, license_plate, zones, sub_label, top_score, start_time, end_time, has_clip, has_snapshot, frigate_id) VALUES ('e8b496fc-e0e7-4c76-8e7e-ee32d9b1e13e', 'e2491873-0570-4d58-9c54-c9acabd8a86b', 'restricted_zone', 'high', '{"score": 0.8046875, "source": "veedon-edge", "branch_id": "0ab2ca49-ad88-4630-afb6-3ef008e1cef5", "feature_key": "restricted_zone", "engine_event": "1783209941.920488-lafzjz"}', 'http://localhost:8600/snapshots/e8b496fc-e0e7-4c76-8e7e-ee32d9b1e13e.jpg', '2026-07-05 00:05:45.936405+00', false, '{}', NULL, NULL, NULL, NULL, NULL, NULL, NULL, false, false, NULL);
INSERT INTO public.events (id, camera_id, event_type, severity, metadata, snapshot_url, detected_at, reviewed, attributes, face_id, license_plate, zones, sub_label, top_score, start_time, end_time, has_clip, has_snapshot, frigate_id) VALUES ('8333e944-e7a9-47ff-8e14-f282446cd826', 'e2491873-0570-4d58-9c54-c9acabd8a86b', 'restricted_zone', 'high', '{"score": 0.84375, "source": "veedon-edge", "branch_id": "0ab2ca49-ad88-4630-afb6-3ef008e1cef5", "feature_key": "restricted_zone", "engine_event": "1783209995.917491-071av6"}', 'http://localhost:8600/snapshots/8333e944-e7a9-47ff-8e14-f282446cd826.jpg', '2026-07-05 00:06:40.45153+00', false, '{}', NULL, NULL, NULL, NULL, NULL, NULL, NULL, false, false, NULL);
INSERT INTO public.events (id, camera_id, event_type, severity, metadata, snapshot_url, detected_at, reviewed, attributes, face_id, license_plate, zones, sub_label, top_score, start_time, end_time, has_clip, has_snapshot, frigate_id) VALUES ('dca9ac84-e1bc-4a94-82ee-7fe407a0a1dd', 'e2491873-0570-4d58-9c54-c9acabd8a86b', 'restricted_zone', 'high', '{"score": 0.8046875, "source": "veedon-edge", "branch_id": "0ab2ca49-ad88-4630-afb6-3ef008e1cef5", "feature_key": "restricted_zone", "engine_event": "1783210049.748484-fpmqqx"}', 'http://localhost:8600/snapshots/dca9ac84-e1bc-4a94-82ee-7fe407a0a1dd.jpg', '2026-07-05 00:07:34.872776+00', false, '{}', NULL, NULL, NULL, NULL, NULL, NULL, NULL, false, false, NULL);
INSERT INTO public.events (id, camera_id, event_type, severity, metadata, snapshot_url, detected_at, reviewed, attributes, face_id, license_plate, zones, sub_label, top_score, start_time, end_time, has_clip, has_snapshot, frigate_id) VALUES ('801201a1-8017-47d4-9682-66007036c58d', 'e2491873-0570-4d58-9c54-c9acabd8a86b', 'restricted_zone', 'high', '{"score": 0.84375, "source": "veedon-edge", "branch_id": "0ab2ca49-ad88-4630-afb6-3ef008e1cef5", "feature_key": "restricted_zone", "engine_event": "1783210103.746731-rtw5xe"}', 'http://localhost:8600/snapshots/801201a1-8017-47d4-9682-66007036c58d.jpg', '2026-07-05 00:08:29.368452+00', false, '{}', NULL, NULL, NULL, NULL, NULL, NULL, NULL, false, false, NULL);
INSERT INTO public.events (id, camera_id, event_type, severity, metadata, snapshot_url, detected_at, reviewed, attributes, face_id, license_plate, zones, sub_label, top_score, start_time, end_time, has_clip, has_snapshot, frigate_id) VALUES ('ba1652de-4f90-4dc4-ac9a-285609f71b38', 'e2491873-0570-4d58-9c54-c9acabd8a86b', 'restricted_zone', 'high', '{"score": 0.8046875, "source": "veedon-edge", "branch_id": "0ab2ca49-ad88-4630-afb6-3ef008e1cef5", "feature_key": "restricted_zone", "engine_event": "1783210157.57841-a5fpa2"}', 'http://localhost:8600/snapshots/ba1652de-4f90-4dc4-ac9a-285609f71b38.jpg', '2026-07-05 00:09:23.883441+00', false, '{}', NULL, NULL, NULL, NULL, NULL, NULL, NULL, false, false, NULL);
INSERT INTO public.events (id, camera_id, event_type, severity, metadata, snapshot_url, detected_at, reviewed, attributes, face_id, license_plate, zones, sub_label, top_score, start_time, end_time, has_clip, has_snapshot, frigate_id) VALUES ('a947b9a2-4658-45e3-b79e-6146376d6d09', 'e2491873-0570-4d58-9c54-c9acabd8a86b', 'restricted_zone', 'high', '{"score": 0.84375, "source": "veedon-edge", "branch_id": "0ab2ca49-ad88-4630-afb6-3ef008e1cef5", "feature_key": "restricted_zone", "engine_event": "1783210229.159168-sp9qnn"}', 'http://localhost:8600/snapshots/a947b9a2-4658-45e3-b79e-6146376d6d09.jpg', '2026-07-05 00:10:30.46297+00', false, '{}', NULL, NULL, NULL, NULL, NULL, NULL, NULL, false, false, NULL);
INSERT INTO public.events (id, camera_id, event_type, severity, metadata, snapshot_url, detected_at, reviewed, attributes, face_id, license_plate, zones, sub_label, top_score, start_time, end_time, has_clip, has_snapshot, frigate_id) VALUES ('20ef9de4-00a6-4148-b506-f4aea26fd22a', 'e2491873-0570-4d58-9c54-c9acabd8a86b', 'restricted_zone', 'high', '{"score": 0.84375, "source": "veedon-edge", "branch_id": "0ab2ca49-ad88-4630-afb6-3ef008e1cef5", "feature_key": "restricted_zone", "engine_event": "1783210265.574427-9aerzn"}', 'http://localhost:8600/snapshots/20ef9de4-00a6-4148-b506-f4aea26fd22a.jpg', '2026-07-05 00:11:06.783143+00', false, '{}', NULL, NULL, NULL, NULL, NULL, NULL, NULL, false, false, NULL);
INSERT INTO public.events (id, camera_id, event_type, severity, metadata, snapshot_url, detected_at, reviewed, attributes, face_id, license_plate, zones, sub_label, top_score, start_time, end_time, has_clip, has_snapshot, frigate_id) VALUES ('47bf88f4-1b16-444a-8cee-a04c8a7d5fa6', 'e2491873-0570-4d58-9c54-c9acabd8a86b', 'restricted_zone', 'high', '{"score": 0.8046875, "source": "veedon-edge", "branch_id": "0ab2ca49-ad88-4630-afb6-3ef008e1cef5", "feature_key": "restricted_zone", "engine_event": "1783210319.319931-lk0nne"}', 'http://localhost:8600/snapshots/47bf88f4-1b16-444a-8cee-a04c8a7d5fa6.jpg', '2026-07-05 00:12:01.216098+00', false, '{}', NULL, NULL, NULL, NULL, NULL, NULL, NULL, false, false, NULL);
INSERT INTO public.events (id, camera_id, event_type, severity, metadata, snapshot_url, detected_at, reviewed, attributes, face_id, license_plate, zones, sub_label, top_score, start_time, end_time, has_clip, has_snapshot, frigate_id) VALUES ('12b8e601-c52c-448a-ade2-86f26dcff601', 'e2491873-0570-4d58-9c54-c9acabd8a86b', 'table_cleanliness', 'info', '{"score": 0.0, "source": "veedon-edge", "ai_note": "تحليل AI غير مفعّل (ANTHROPIC_API_KEY غير موجود)", "branch_id": "0ab2ca49-ad88-4630-afb6-3ef008e1cef5", "feature_key": "table_cleanliness"}', 'http://localhost:8600/snapshots/12b8e601-c52c-448a-ade2-86f26dcff601.jpg', '2026-07-05 00:12:51.643552+00', true, '{}', NULL, NULL, NULL, NULL, NULL, NULL, NULL, false, false, NULL);
INSERT INTO public.events (id, camera_id, event_type, severity, metadata, snapshot_url, detected_at, reviewed, attributes, face_id, license_plate, zones, sub_label, top_score, start_time, end_time, has_clip, has_snapshot, frigate_id) VALUES ('f537f8a8-9678-4fa0-8b2d-77e1c921b57d', 'e2491873-0570-4d58-9c54-c9acabd8a86b', 'restricted_zone', 'high', '{"score": 0.84375, "source": "veedon-edge", "branch_id": "0ab2ca49-ad88-4630-afb6-3ef008e1cef5", "feature_key": "restricted_zone", "engine_event": "1783210373.317408-4q4gns"}', 'http://localhost:8600/snapshots/f537f8a8-9678-4fa0-8b2d-77e1c921b57d.jpg', '2026-07-05 00:12:55.698282+00', false, '{}', NULL, NULL, NULL, NULL, NULL, NULL, NULL, false, false, NULL);
INSERT INTO public.events (id, camera_id, event_type, severity, metadata, snapshot_url, detected_at, reviewed, attributes, face_id, license_plate, zones, sub_label, top_score, start_time, end_time, has_clip, has_snapshot, frigate_id) VALUES ('2499e01a-d76a-47b3-83d9-234a48d0e36d', 'e2491873-0570-4d58-9c54-c9acabd8a86b', 'restricted_zone', 'high', '{"score": 0.84375, "source": "veedon-edge", "branch_id": "0ab2ca49-ad88-4630-afb6-3ef008e1cef5", "feature_key": "restricted_zone", "engine_event": "1783233061.174616-neyo9v"}', 'http://localhost:8600/snapshots/2499e01a-d76a-47b3-83d9-234a48d0e36d.jpg', '2026-07-05 06:31:08.022089+00', false, '{}', NULL, NULL, NULL, NULL, NULL, NULL, NULL, false, false, NULL);
INSERT INTO public.events (id, camera_id, event_type, severity, metadata, snapshot_url, detected_at, reviewed, attributes, face_id, license_plate, zones, sub_label, top_score, start_time, end_time, has_clip, has_snapshot, frigate_id) VALUES ('01ad170e-96fd-42a8-9684-0c58c8487ad9', 'e2491873-0570-4d58-9c54-c9acabd8a86b', 'restricted_zone', 'high', '{"score": 0.8046875, "source": "veedon-edge", "branch_id": "0ab2ca49-ad88-4630-afb6-3ef008e1cef5", "feature_key": "restricted_zone", "engine_event": "1783210427.148848-zzjll8"}', 'http://localhost:8600/snapshots/01ad170e-96fd-42a8-9684-0c58c8487ad9.jpg', '2026-07-05 00:13:50.143575+00', false, '{}', NULL, NULL, NULL, NULL, NULL, NULL, NULL, false, false, NULL);
INSERT INTO public.events (id, camera_id, event_type, severity, metadata, snapshot_url, detected_at, reviewed, attributes, face_id, license_plate, zones, sub_label, top_score, start_time, end_time, has_clip, has_snapshot, frigate_id) VALUES ('ba317616-f5ae-45d7-adca-0d83a41166d1', 'e2491873-0570-4d58-9c54-c9acabd8a86b', 'restricted_zone', 'high', '{"score": 0.84375, "source": "veedon-edge", "branch_id": "0ab2ca49-ad88-4630-afb6-3ef008e1cef5", "feature_key": "restricted_zone", "engine_event": "1783210481.147037-8ijram"}', 'http://localhost:8600/snapshots/ba317616-f5ae-45d7-adca-0d83a41166d1.jpg', '2026-07-05 00:14:44.594365+00', false, '{}', NULL, NULL, NULL, NULL, NULL, NULL, NULL, false, false, NULL);
INSERT INTO public.events (id, camera_id, event_type, severity, metadata, snapshot_url, detected_at, reviewed, attributes, face_id, license_plate, zones, sub_label, top_score, start_time, end_time, has_clip, has_snapshot, frigate_id) VALUES ('70dc1578-0c99-44f1-922f-92aecd2ee475', 'e2491873-0570-4d58-9c54-c9acabd8a86b', 'restricted_zone', 'high', '{"score": 0.84375, "source": "veedon-edge", "branch_id": "0ab2ca49-ad88-4630-afb6-3ef008e1cef5", "feature_key": "restricted_zone", "engine_event": "1783210534.893028-6xw0m9"}', 'http://localhost:8600/snapshots/70dc1578-0c99-44f1-922f-92aecd2ee475.jpg', '2026-07-05 00:15:38.968932+00', false, '{}', NULL, NULL, NULL, NULL, NULL, NULL, NULL, false, false, NULL);
INSERT INTO public.events (id, camera_id, event_type, severity, metadata, snapshot_url, detected_at, reviewed, attributes, face_id, license_plate, zones, sub_label, top_score, start_time, end_time, has_clip, has_snapshot, frigate_id) VALUES ('0fb42684-4cf5-42a0-8f56-71154cc76279', 'e2491873-0570-4d58-9c54-c9acabd8a86b', 'restricted_zone', 'high', '{"score": 0.8046875, "source": "veedon-edge", "branch_id": "0ab2ca49-ad88-4630-afb6-3ef008e1cef5", "feature_key": "restricted_zone", "engine_event": "1783210588.890603-5arrln"}', 'http://localhost:8600/snapshots/0fb42684-4cf5-42a0-8f56-71154cc76279.jpg', '2026-07-05 00:16:33.446482+00', false, '{}', NULL, NULL, NULL, NULL, NULL, NULL, NULL, false, false, NULL);
INSERT INTO public.events (id, camera_id, event_type, severity, metadata, snapshot_url, detected_at, reviewed, attributes, face_id, license_plate, zones, sub_label, top_score, start_time, end_time, has_clip, has_snapshot, frigate_id) VALUES ('b51353f5-7301-4500-8457-f4278a7f65f8', 'e2491873-0570-4d58-9c54-c9acabd8a86b', 'restricted_zone', 'high', '{"score": 0.84375, "source": "veedon-edge", "branch_id": "0ab2ca49-ad88-4630-afb6-3ef008e1cef5", "feature_key": "restricted_zone", "engine_event": "1783210642.886964-v8os5z"}', 'http://localhost:8600/snapshots/b51353f5-7301-4500-8457-f4278a7f65f8.jpg', '2026-07-05 00:17:27.906001+00', false, '{}', NULL, NULL, NULL, NULL, NULL, NULL, NULL, false, false, NULL);
INSERT INTO public.events (id, camera_id, event_type, severity, metadata, snapshot_url, detected_at, reviewed, attributes, face_id, license_plate, zones, sub_label, top_score, start_time, end_time, has_clip, has_snapshot, frigate_id) VALUES ('ac01a986-d0e8-43df-a45b-3ceb2201c077', 'e2491873-0570-4d58-9c54-c9acabd8a86b', 'restricted_zone', 'high', '{"score": 0.8046875, "source": "veedon-edge", "branch_id": "0ab2ca49-ad88-4630-afb6-3ef008e1cef5", "feature_key": "restricted_zone", "engine_event": "1783210696.718905-msc8m2"}', 'http://localhost:8600/snapshots/ac01a986-d0e8-43df-a45b-3ceb2201c077.jpg', '2026-07-05 00:18:22.344491+00', false, '{}', NULL, NULL, NULL, NULL, NULL, NULL, NULL, false, false, NULL);
INSERT INTO public.events (id, camera_id, event_type, severity, metadata, snapshot_url, detected_at, reviewed, attributes, face_id, license_plate, zones, sub_label, top_score, start_time, end_time, has_clip, has_snapshot, frigate_id) VALUES ('4374c9f0-807f-452e-a180-b5b3c65879a8', 'e2491873-0570-4d58-9c54-c9acabd8a86b', 'restricted_zone', 'high', '{"score": 0.84375, "source": "veedon-edge", "branch_id": "0ab2ca49-ad88-4630-afb6-3ef008e1cef5", "feature_key": "restricted_zone", "engine_event": "1783210750.714788-3wkh77"}', 'http://localhost:8600/snapshots/4374c9f0-807f-452e-a180-b5b3c65879a8.jpg', '2026-07-05 00:19:16.746658+00', false, '{}', NULL, NULL, NULL, NULL, NULL, NULL, NULL, false, false, NULL);
INSERT INTO public.events (id, camera_id, event_type, severity, metadata, snapshot_url, detected_at, reviewed, attributes, face_id, license_plate, zones, sub_label, top_score, start_time, end_time, has_clip, has_snapshot, frigate_id) VALUES ('50a10f38-e631-4dae-a12a-9648d9ca53af', 'e2491873-0570-4d58-9c54-c9acabd8a86b', 'restricted_zone', 'high', '{"score": 0.84375, "source": "veedon-edge", "branch_id": "0ab2ca49-ad88-4630-afb6-3ef008e1cef5", "feature_key": "restricted_zone", "engine_event": "1783210821.878817-sgdz50"}', 'http://localhost:8600/snapshots/50a10f38-e631-4dae-a12a-9648d9ca53af.jpg', '2026-07-05 00:20:23.352236+00', false, '{}', NULL, NULL, NULL, NULL, NULL, NULL, NULL, false, false, NULL);
INSERT INTO public.events (id, camera_id, event_type, severity, metadata, snapshot_url, detected_at, reviewed, attributes, face_id, license_plate, zones, sub_label, top_score, start_time, end_time, has_clip, has_snapshot, frigate_id) VALUES ('7b51b7fc-5e99-4ae5-a170-a268fea8abfd', 'e2491873-0570-4d58-9c54-c9acabd8a86b', 'restricted_zone', 'high', '{"score": 0.83203125, "source": "veedon-edge", "branch_id": "0ab2ca49-ad88-4630-afb6-3ef008e1cef5", "feature_key": "restricted_zone", "engine_event": "1783210858.543037-3d0fi2"}', 'http://localhost:8600/snapshots/7b51b7fc-5e99-4ae5-a170-a268fea8abfd.jpg', '2026-07-05 00:20:59.640248+00', false, '{}', NULL, NULL, NULL, NULL, NULL, NULL, NULL, false, false, NULL);
INSERT INTO public.events (id, camera_id, event_type, severity, metadata, snapshot_url, detected_at, reviewed, attributes, face_id, license_plate, zones, sub_label, top_score, start_time, end_time, has_clip, has_snapshot, frigate_id) VALUES ('5c4fcba2-a7a3-489e-a138-49195b308d32', 'e2491873-0570-4d58-9c54-c9acabd8a86b', 'restricted_zone', 'high', '{"score": 0.84375, "source": "veedon-edge", "branch_id": "0ab2ca49-ad88-4630-afb6-3ef008e1cef5", "feature_key": "restricted_zone", "engine_event": "1783210912.540278-qt1ybx"}', 'http://localhost:8600/snapshots/5c4fcba2-a7a3-489e-a138-49195b308d32.jpg', '2026-07-05 00:21:54.088395+00', false, '{}', NULL, NULL, NULL, NULL, NULL, NULL, NULL, false, false, NULL);
INSERT INTO public.events (id, camera_id, event_type, severity, metadata, snapshot_url, detected_at, reviewed, attributes, face_id, license_plate, zones, sub_label, top_score, start_time, end_time, has_clip, has_snapshot, frigate_id) VALUES ('5b1d50ab-710c-4a92-a10d-987f8453d42a', 'e2491873-0570-4d58-9c54-c9acabd8a86b', 'restricted_zone', 'high', '{"score": 0.8046875, "source": "veedon-edge", "branch_id": "0ab2ca49-ad88-4630-afb6-3ef008e1cef5", "feature_key": "restricted_zone", "engine_event": "1783210966.287956-t7twiz"}', 'http://localhost:8600/snapshots/5b1d50ab-710c-4a92-a10d-987f8453d42a.jpg', '2026-07-05 00:22:48.54061+00', false, '{}', NULL, NULL, NULL, NULL, NULL, NULL, NULL, false, false, NULL);
INSERT INTO public.events (id, camera_id, event_type, severity, metadata, snapshot_url, detected_at, reviewed, attributes, face_id, license_plate, zones, sub_label, top_score, start_time, end_time, has_clip, has_snapshot, frigate_id) VALUES ('434e7ddf-933f-4460-86bc-f932d85726c9', 'e2491873-0570-4d58-9c54-c9acabd8a86b', 'restricted_zone', 'high', '{"score": 0.84375, "source": "veedon-edge", "branch_id": "0ab2ca49-ad88-4630-afb6-3ef008e1cef5", "feature_key": "restricted_zone", "engine_event": "1783211020.2844-hmpgiw"}', 'http://localhost:8600/snapshots/434e7ddf-933f-4460-86bc-f932d85726c9.jpg', '2026-07-05 00:23:42.925275+00', false, '{}', NULL, NULL, NULL, NULL, NULL, NULL, NULL, false, false, NULL);
INSERT INTO public.events (id, camera_id, event_type, severity, metadata, snapshot_url, detected_at, reviewed, attributes, face_id, license_plate, zones, sub_label, top_score, start_time, end_time, has_clip, has_snapshot, frigate_id) VALUES ('0b5b20aa-d835-4509-99bc-eaaca448f6f9', 'e2491873-0570-4d58-9c54-c9acabd8a86b', 'restricted_zone', 'high', '{"score": 0.8046875, "source": "veedon-edge", "branch_id": "0ab2ca49-ad88-4630-afb6-3ef008e1cef5", "feature_key": "restricted_zone", "engine_event": "1783211074.115512-swpias"}', 'http://localhost:8600/snapshots/0b5b20aa-d835-4509-99bc-eaaca448f6f9.jpg', '2026-07-05 00:24:37.466271+00', false, '{}', NULL, NULL, NULL, NULL, NULL, NULL, NULL, false, false, NULL);
INSERT INTO public.events (id, camera_id, event_type, severity, metadata, snapshot_url, detected_at, reviewed, attributes, face_id, license_plate, zones, sub_label, top_score, start_time, end_time, has_clip, has_snapshot, frigate_id) VALUES ('12189c25-68b4-41d3-8dc3-e048cc3869cd', 'e2491873-0570-4d58-9c54-c9acabd8a86b', 'restricted_zone', 'high', '{"score": 0.84375, "source": "veedon-edge", "branch_id": "0ab2ca49-ad88-4630-afb6-3ef008e1cef5", "feature_key": "restricted_zone", "engine_event": "1783211128.200912-9ovfui"}', 'http://localhost:8600/snapshots/12189c25-68b4-41d3-8dc3-e048cc3869cd.jpg', '2026-07-05 00:25:31.986847+00', false, '{}', NULL, NULL, NULL, NULL, NULL, NULL, NULL, false, false, NULL);
INSERT INTO public.events (id, camera_id, event_type, severity, metadata, snapshot_url, detected_at, reviewed, attributes, face_id, license_plate, zones, sub_label, top_score, start_time, end_time, has_clip, has_snapshot, frigate_id) VALUES ('8789fdea-909f-4fe7-b260-5ae639de6f67', 'e2491873-0570-4d58-9c54-c9acabd8a86b', 'restricted_zone', 'high', '{"score": 0.84375, "source": "veedon-edge", "branch_id": "0ab2ca49-ad88-4630-afb6-3ef008e1cef5", "feature_key": "restricted_zone", "engine_event": "1783211181.859021-5p2j19"}', 'http://localhost:8600/snapshots/8789fdea-909f-4fe7-b260-5ae639de6f67.jpg', '2026-07-05 00:26:26.40188+00', false, '{}', NULL, NULL, NULL, NULL, NULL, NULL, NULL, false, false, NULL);
INSERT INTO public.events (id, camera_id, event_type, severity, metadata, snapshot_url, detected_at, reviewed, attributes, face_id, license_plate, zones, sub_label, top_score, start_time, end_time, has_clip, has_snapshot, frigate_id) VALUES ('669ccd79-d8bd-41f6-91c8-233bdf055953', 'e2491873-0570-4d58-9c54-c9acabd8a86b', 'restricted_zone', 'high', '{"score": 0.8046875, "source": "veedon-edge", "branch_id": "0ab2ca49-ad88-4630-afb6-3ef008e1cef5", "feature_key": "restricted_zone", "engine_event": "1783211235.857989-e3tf9r"}', 'http://localhost:8600/snapshots/669ccd79-d8bd-41f6-91c8-233bdf055953.jpg', '2026-07-05 00:27:20.831871+00', false, '{}', NULL, NULL, NULL, NULL, NULL, NULL, NULL, false, false, NULL);
INSERT INTO public.events (id, camera_id, event_type, severity, metadata, snapshot_url, detected_at, reviewed, attributes, face_id, license_plate, zones, sub_label, top_score, start_time, end_time, has_clip, has_snapshot, frigate_id) VALUES ('a112f3ff-db8f-4c2f-8c0b-ae695350f0b2', 'e2491873-0570-4d58-9c54-c9acabd8a86b', 'restricted_zone', 'high', '{"score": 0.84375, "source": "veedon-edge", "branch_id": "0ab2ca49-ad88-4630-afb6-3ef008e1cef5", "feature_key": "restricted_zone", "engine_event": "1783211290.104562-xba0on"}', 'http://localhost:8600/snapshots/a112f3ff-db8f-4c2f-8c0b-ae695350f0b2.jpg', '2026-07-05 00:28:15.44516+00', false, '{}', NULL, NULL, NULL, NULL, NULL, NULL, NULL, false, false, NULL);
INSERT INTO public.events (id, camera_id, event_type, severity, metadata, snapshot_url, detected_at, reviewed, attributes, face_id, license_plate, zones, sub_label, top_score, start_time, end_time, has_clip, has_snapshot, frigate_id) VALUES ('810e1891-fde1-4ddc-9269-26fca5d6115a', 'e2491873-0570-4d58-9c54-c9acabd8a86b', 'restricted_zone', 'high', '{"score": 0.8046875, "source": "veedon-edge", "branch_id": "0ab2ca49-ad88-4630-afb6-3ef008e1cef5", "feature_key": "restricted_zone", "engine_event": "1783211343.684867-v1jnbp"}', 'http://localhost:8600/snapshots/810e1891-fde1-4ddc-9269-26fca5d6115a.jpg', '2026-07-05 00:29:09.832581+00', false, '{}', NULL, NULL, NULL, NULL, NULL, NULL, NULL, false, false, NULL);
INSERT INTO public.events (id, camera_id, event_type, severity, metadata, snapshot_url, detected_at, reviewed, attributes, face_id, license_plate, zones, sub_label, top_score, start_time, end_time, has_clip, has_snapshot, frigate_id) VALUES ('2e55acd5-bcee-49fc-acab-dd26cbc747a0', 'e2491873-0570-4d58-9c54-c9acabd8a86b', 'restricted_zone', 'high', '{"score": 0.84375, "source": "veedon-edge", "branch_id": "0ab2ca49-ad88-4630-afb6-3ef008e1cef5", "feature_key": "restricted_zone", "engine_event": "1783211415.265357-64g0th"}', 'http://localhost:8600/snapshots/2e55acd5-bcee-49fc-acab-dd26cbc747a0.jpg', '2026-07-05 00:30:16.410308+00', false, '{}', NULL, NULL, NULL, NULL, NULL, NULL, NULL, false, false, NULL);
INSERT INTO public.events (id, camera_id, event_type, severity, metadata, snapshot_url, detected_at, reviewed, attributes, face_id, license_plate, zones, sub_label, top_score, start_time, end_time, has_clip, has_snapshot, frigate_id) VALUES ('41a49300-fd24-4ba9-98d3-8acd912aa15f', 'e2491873-0570-4d58-9c54-c9acabd8a86b', 'table_cleanliness', 'info', '{"score": 0.0, "source": "veedon-edge", "ai_note": "تحليل AI غير مفعّل (ANTHROPIC_API_KEY غير موجود)", "branch_id": "0ab2ca49-ad88-4630-afb6-3ef008e1cef5", "feature_key": "table_cleanliness"}', 'http://localhost:8600/snapshots/41a49300-fd24-4ba9-98d3-8acd912aa15f.jpg', '2026-07-05 01:19:04.151499+00', true, '{}', NULL, NULL, NULL, NULL, NULL, NULL, NULL, false, false, NULL);
INSERT INTO public.events (id, camera_id, event_type, severity, metadata, snapshot_url, detected_at, reviewed, attributes, face_id, license_plate, zones, sub_label, top_score, start_time, end_time, has_clip, has_snapshot, frigate_id) VALUES ('638ae0c0-7048-4fb8-9458-a7c9b0f3ab66', 'e2491873-0570-4d58-9c54-c9acabd8a86b', 'crowding', 'high', '{"score": 7.0, "source": "veedon-edge", "branch_id": "0ab2ca49-ad88-4630-afb6-3ef008e1cef5", "feature_key": "crowding"}', 'http://localhost:8600/snapshots/638ae0c0-7048-4fb8-9458-a7c9b0f3ab66.jpg', '2026-07-04 13:05:46.852761+00', false, '{}', NULL, NULL, NULL, NULL, NULL, NULL, NULL, false, false, NULL);
INSERT INTO public.events (id, camera_id, event_type, severity, metadata, snapshot_url, detected_at, reviewed, attributes, face_id, license_plate, zones, sub_label, top_score, start_time, end_time, has_clip, has_snapshot, frigate_id) VALUES ('32fb32a5-d033-4b33-9f60-0f08930aced3', 'e2491873-0570-4d58-9c54-c9acabd8a86b', 'table_cleanliness', 'info', '{"score": 0.0, "source": "veedon-edge", "ai_note": "تحليل AI غير مفعّل (ANTHROPIC_API_KEY غير موجود)", "branch_id": "0ab2ca49-ad88-4630-afb6-3ef008e1cef5", "feature_key": "table_cleanliness"}', 'http://localhost:8600/snapshots/32fb32a5-d033-4b33-9f60-0f08930aced3.jpg', '2026-07-04 13:05:47.170161+00', true, '{}', NULL, NULL, NULL, NULL, NULL, NULL, NULL, false, false, NULL);
INSERT INTO public.events (id, camera_id, event_type, severity, metadata, snapshot_url, detected_at, reviewed, attributes, face_id, license_plate, zones, sub_label, top_score, start_time, end_time, has_clip, has_snapshot, frigate_id) VALUES ('85e41300-08f4-4b66-a55f-cf35bdfd7b62', 'e2491873-0570-4d58-9c54-c9acabd8a86b', 'table_cleanliness', 'info', '{"score": 0.0, "source": "veedon-edge", "ai_note": "تحليل AI غير مفعّل (ANTHROPIC_API_KEY غير موجود)", "branch_id": "0ab2ca49-ad88-4630-afb6-3ef008e1cef5", "feature_key": "table_cleanliness"}', 'http://localhost:8600/snapshots/85e41300-08f4-4b66-a55f-cf35bdfd7b62.jpg', '2026-07-05 02:19:04.263561+00', true, '{}', NULL, NULL, NULL, NULL, NULL, NULL, NULL, false, false, NULL);
INSERT INTO public.events (id, camera_id, event_type, severity, metadata, snapshot_url, detected_at, reviewed, attributes, face_id, license_plate, zones, sub_label, top_score, start_time, end_time, has_clip, has_snapshot, frigate_id) VALUES ('c5fd7410-4d72-4af7-a59b-18e2c5a1c3cf', 'e2491873-0570-4d58-9c54-c9acabd8a86b', 'table_cleanliness', 'info', '{"score": 0.0, "source": "veedon-edge", "ai_note": "تحليل AI غير مفعّل (ANTHROPIC_API_KEY غير موجود)", "branch_id": "0ab2ca49-ad88-4630-afb6-3ef008e1cef5", "feature_key": "table_cleanliness"}', 'http://localhost:8600/snapshots/c5fd7410-4d72-4af7-a59b-18e2c5a1c3cf.jpg', '2026-07-05 03:19:33.1333+00', true, '{}', NULL, NULL, NULL, NULL, NULL, NULL, NULL, false, false, NULL);
INSERT INTO public.events (id, camera_id, event_type, severity, metadata, snapshot_url, detected_at, reviewed, attributes, face_id, license_plate, zones, sub_label, top_score, start_time, end_time, has_clip, has_snapshot, frigate_id) VALUES ('05416574-8376-45e6-a39e-d41877082708', 'e2491873-0570-4d58-9c54-c9acabd8a86b', 'restricted_zone', 'high', '{"score": 0.82421875, "source": "veedon-edge", "branch_id": "0ab2ca49-ad88-4630-afb6-3ef008e1cef5", "feature_key": "restricted_zone", "engine_event": "1783230765.247697-c9slue"}', 'http://localhost:8600/snapshots/05416574-8376-45e6-a39e-d41877082708.jpg', '2026-07-05 05:52:55.48703+00', false, '{}', NULL, NULL, NULL, NULL, NULL, NULL, NULL, false, false, NULL);
INSERT INTO public.events (id, camera_id, event_type, severity, metadata, snapshot_url, detected_at, reviewed, attributes, face_id, license_plate, zones, sub_label, top_score, start_time, end_time, has_clip, has_snapshot, frigate_id) VALUES ('67c78818-189a-4433-86c2-ede90e7f2abf', 'e2491873-0570-4d58-9c54-c9acabd8a86b', 'restricted_zone', 'high', '{"score": 0.8046875, "source": "veedon-edge", "branch_id": "0ab2ca49-ad88-4630-afb6-3ef008e1cef5", "feature_key": "restricted_zone", "engine_event": "1783230836.380229-tv9b07"}', 'http://localhost:8600/snapshots/67c78818-189a-4433-86c2-ede90e7f2abf.jpg', '2026-07-05 05:54:02.068003+00', false, '{}', NULL, NULL, NULL, NULL, NULL, NULL, NULL, false, false, NULL);
INSERT INTO public.events (id, camera_id, event_type, severity, metadata, snapshot_url, detected_at, reviewed, attributes, face_id, license_plate, zones, sub_label, top_score, start_time, end_time, has_clip, has_snapshot, frigate_id) VALUES ('faf8fae7-172e-4ebf-adef-08b0e6613655', 'e2491873-0570-4d58-9c54-c9acabd8a86b', 'restricted_zone', 'high', '{"score": 0.7265625, "source": "veedon-edge", "branch_id": "0ab2ca49-ad88-4630-afb6-3ef008e1cef5", "feature_key": "restricted_zone", "engine_event": "1783230914.892457-juzv05"}', 'http://localhost:8600/snapshots/faf8fae7-172e-4ebf-adef-08b0e6613655.jpg', '2026-07-05 05:55:20.66937+00', false, '{}', NULL, NULL, NULL, NULL, NULL, NULL, NULL, false, false, NULL);
INSERT INTO public.events (id, camera_id, event_type, severity, metadata, snapshot_url, detected_at, reviewed, attributes, face_id, license_plate, zones, sub_label, top_score, start_time, end_time, has_clip, has_snapshot, frigate_id) VALUES ('189a91db-be7b-483e-802d-835629f3c790', 'e2491873-0570-4d58-9c54-c9acabd8a86b', 'restricted_zone', 'high', '{"score": 0.734375, "source": "veedon-edge", "branch_id": "0ab2ca49-ad88-4630-afb6-3ef008e1cef5", "feature_key": "restricted_zone", "engine_event": "1783230951.469168-x3jc0s"}', 'http://localhost:8600/snapshots/189a91db-be7b-483e-802d-835629f3c790.jpg', '2026-07-05 05:55:56.917038+00', false, '{}', NULL, NULL, NULL, NULL, NULL, NULL, NULL, false, false, NULL);
INSERT INTO public.events (id, camera_id, event_type, severity, metadata, snapshot_url, detected_at, reviewed, attributes, face_id, license_plate, zones, sub_label, top_score, start_time, end_time, has_clip, has_snapshot, frigate_id) VALUES ('a9ed11c5-a91f-411f-8bf4-a849b79585e4', 'e2491873-0570-4d58-9c54-c9acabd8a86b', 'restricted_zone', 'high', '{"score": 0.76171875, "source": "veedon-edge", "branch_id": "0ab2ca49-ad88-4630-afb6-3ef008e1cef5", "feature_key": "restricted_zone", "engine_event": "1783231121.797938-pgqk69"}', 'http://localhost:8600/snapshots/a9ed11c5-a91f-411f-8bf4-a849b79585e4.jpg', '2026-07-05 05:58:46.300513+00', false, '{}', NULL, NULL, NULL, NULL, NULL, NULL, NULL, false, false, NULL);
INSERT INTO public.events (id, camera_id, event_type, severity, metadata, snapshot_url, detected_at, reviewed, attributes, face_id, license_plate, zones, sub_label, top_score, start_time, end_time, has_clip, has_snapshot, frigate_id) VALUES ('2d121828-a74a-4e4e-8c6e-0af6eb292c89', 'e2491873-0570-4d58-9c54-c9acabd8a86b', 'restricted_zone', 'high', '{"score": 0.78125, "source": "veedon-edge", "branch_id": "0ab2ca49-ad88-4630-afb6-3ef008e1cef5", "feature_key": "restricted_zone", "engine_event": "1783231314.516511-xogjo9"}', 'http://localhost:8600/snapshots/2d121828-a74a-4e4e-8c6e-0af6eb292c89.jpg', '2026-07-05 06:01:59.858287+00', false, '{}', NULL, NULL, NULL, NULL, NULL, NULL, NULL, false, false, NULL);
INSERT INTO public.events (id, camera_id, event_type, severity, metadata, snapshot_url, detected_at, reviewed, attributes, face_id, license_plate, zones, sub_label, top_score, start_time, end_time, has_clip, has_snapshot, frigate_id) VALUES ('78649c6e-85d3-44f6-9018-9eff6af823e3', 'e2491873-0570-4d58-9c54-c9acabd8a86b', 'restricted_zone', 'high', '{"score": 0.84375, "source": "veedon-edge", "branch_id": "0ab2ca49-ad88-4630-afb6-3ef008e1cef5", "feature_key": "restricted_zone", "engine_event": "1783231475.395726-6u8lh8"}', 'http://localhost:8600/snapshots/78649c6e-85d3-44f6-9018-9eff6af823e3.jpg', '2026-07-05 06:04:43.196135+00', false, '{}', NULL, NULL, NULL, NULL, NULL, NULL, NULL, false, false, NULL);
INSERT INTO public.events (id, camera_id, event_type, severity, metadata, snapshot_url, detected_at, reviewed, attributes, face_id, license_plate, zones, sub_label, top_score, start_time, end_time, has_clip, has_snapshot, frigate_id) VALUES ('bef6b0c9-9a25-4ee5-a6e6-3816e13bb0bf', 'e2491873-0570-4d58-9c54-c9acabd8a86b', 'crowding', 'high', '{"count": 5, "score": 5.0, "source": "veedon-edge", "branch_id": "0ab2ca49-ad88-4630-afb6-3ef008e1cef5", "feature_key": "crowding"}', 'http://localhost:8600/snapshots/bef6b0c9-9a25-4ee5-a6e6-3816e13bb0bf.jpg', '2026-07-05 06:04:59.459505+00', false, '{}', NULL, NULL, NULL, NULL, NULL, NULL, NULL, false, false, NULL);
INSERT INTO public.events (id, camera_id, event_type, severity, metadata, snapshot_url, detected_at, reviewed, attributes, face_id, license_plate, zones, sub_label, top_score, start_time, end_time, has_clip, has_snapshot, frigate_id) VALUES ('7ea50015-be94-42b8-ab01-2d913dc9eda0', 'e2491873-0570-4d58-9c54-c9acabd8a86b', 'restricted_zone', 'high', '{"score": 0.84375, "source": "veedon-edge", "branch_id": "0ab2ca49-ad88-4630-afb6-3ef008e1cef5", "feature_key": "restricted_zone", "engine_event": "1783231539.418516-69dius"}', 'http://localhost:8600/snapshots/7ea50015-be94-42b8-ab01-2d913dc9eda0.jpg', '2026-07-05 06:05:43.845906+00', false, '{}', NULL, NULL, NULL, NULL, NULL, NULL, NULL, false, false, NULL);
INSERT INTO public.events (id, camera_id, event_type, severity, metadata, snapshot_url, detected_at, reviewed, attributes, face_id, license_plate, zones, sub_label, top_score, start_time, end_time, has_clip, has_snapshot, frigate_id) VALUES ('0050c4b1-8aa5-4969-8494-ca17dcce35a0', 'e2491873-0570-4d58-9c54-c9acabd8a86b', 'restricted_zone', 'high', '{"score": 0.7265625, "source": "veedon-edge", "branch_id": "0ab2ca49-ad88-4630-afb6-3ef008e1cef5", "feature_key": "restricted_zone", "engine_event": "1783231601.400437-rs6rqj"}', 'http://localhost:8600/snapshots/0050c4b1-8aa5-4969-8494-ca17dcce35a0.jpg', '2026-07-05 06:06:56.516033+00', false, '{}', NULL, NULL, NULL, NULL, NULL, NULL, NULL, false, false, NULL);
INSERT INTO public.events (id, camera_id, event_type, severity, metadata, snapshot_url, detected_at, reviewed, attributes, face_id, license_plate, zones, sub_label, top_score, start_time, end_time, has_clip, has_snapshot, frigate_id) VALUES ('b4cd5af0-4e08-4144-a957-b5fb0f1fd35e', 'e2491873-0570-4d58-9c54-c9acabd8a86b', 'restricted_zone', 'high', '{"score": 0.734375, "source": "veedon-edge", "branch_id": "0ab2ca49-ad88-4630-afb6-3ef008e1cef5", "feature_key": "restricted_zone", "engine_event": "1783231660.215616-tkp5ci"}', 'http://localhost:8600/snapshots/b4cd5af0-4e08-4144-a957-b5fb0f1fd35e.jpg', '2026-07-05 06:08:03.062798+00', false, '{}', NULL, NULL, NULL, NULL, NULL, NULL, NULL, false, false, NULL);
INSERT INTO public.events (id, camera_id, event_type, severity, metadata, snapshot_url, detected_at, reviewed, attributes, face_id, license_plate, zones, sub_label, top_score, start_time, end_time, has_clip, has_snapshot, frigate_id) VALUES ('a02fc502-f44e-4b49-9413-b3fd626a26e0', 'e2491873-0570-4d58-9c54-c9acabd8a86b', 'restricted_zone', 'high', '{"score": 0.7890625, "source": "veedon-edge", "branch_id": "0ab2ca49-ad88-4630-afb6-3ef008e1cef5", "feature_key": "restricted_zone", "engine_event": "1783231720.673589-1088xd"}', 'http://localhost:8600/snapshots/a02fc502-f44e-4b49-9413-b3fd626a26e0.jpg', '2026-07-05 06:08:45.431844+00', false, '{}', NULL, NULL, NULL, NULL, NULL, NULL, NULL, false, false, NULL);
INSERT INTO public.events (id, camera_id, event_type, severity, metadata, snapshot_url, detected_at, reviewed, attributes, face_id, license_plate, zones, sub_label, top_score, start_time, end_time, has_clip, has_snapshot, frigate_id) VALUES ('3ccf2171-98dd-48f1-a627-411a19c47abd', 'e2491873-0570-4d58-9c54-c9acabd8a86b', 'restricted_zone', 'high', '{"score": 0.78125, "source": "veedon-edge", "branch_id": "0ab2ca49-ad88-4630-afb6-3ef008e1cef5", "feature_key": "restricted_zone", "engine_event": "1783231731.069419-rne4b8"}', 'http://localhost:8600/snapshots/3ccf2171-98dd-48f1-a627-411a19c47abd.jpg', '2026-07-05 06:09:09.691765+00', false, '{}', NULL, NULL, NULL, NULL, NULL, NULL, NULL, false, false, NULL);
INSERT INTO public.events (id, camera_id, event_type, severity, metadata, snapshot_url, detected_at, reviewed, attributes, face_id, license_plate, zones, sub_label, top_score, start_time, end_time, has_clip, has_snapshot, frigate_id) VALUES ('0f26cf17-f52b-4869-b1cb-750157c1bc06', 'e2491873-0570-4d58-9c54-c9acabd8a86b', 'restricted_zone', 'high', '{"score": 0.76953125, "source": "veedon-edge", "branch_id": "0ab2ca49-ad88-4630-afb6-3ef008e1cef5", "feature_key": "restricted_zone", "engine_event": "1783231885.22818-lvy8gq"}', 'http://localhost:8600/snapshots/0f26cf17-f52b-4869-b1cb-750157c1bc06.jpg', '2026-07-05 06:11:53.149359+00', false, '{}', NULL, NULL, NULL, NULL, NULL, NULL, NULL, false, false, NULL);
INSERT INTO public.events (id, camera_id, event_type, severity, metadata, snapshot_url, detected_at, reviewed, attributes, face_id, license_plate, zones, sub_label, top_score, start_time, end_time, has_clip, has_snapshot, frigate_id) VALUES ('2b1fcd37-82d1-4387-a891-e32c3b85a2a0', 'e2491873-0570-4d58-9c54-c9acabd8a86b', 'restricted_zone', 'high', '{"score": 0.8203125, "source": "veedon-edge", "branch_id": "0ab2ca49-ad88-4630-afb6-3ef008e1cef5", "feature_key": "restricted_zone", "engine_event": "1783231948.226225-eldjj5"}', 'http://localhost:8600/snapshots/2b1fcd37-82d1-4387-a891-e32c3b85a2a0.jpg', '2026-07-05 06:12:35.527983+00', false, '{}', NULL, NULL, NULL, NULL, NULL, NULL, NULL, false, false, NULL);
INSERT INTO public.events (id, camera_id, event_type, severity, metadata, snapshot_url, detected_at, reviewed, attributes, face_id, license_plate, zones, sub_label, top_score, start_time, end_time, has_clip, has_snapshot, frigate_id) VALUES ('6ea348ba-8c14-4e04-9e45-3cbe3e1d6e35', 'e2491873-0570-4d58-9c54-c9acabd8a86b', 'restricted_zone', 'high', '{"score": 0.734375, "source": "veedon-edge", "branch_id": "0ab2ca49-ad88-4630-afb6-3ef008e1cef5", "feature_key": "restricted_zone", "engine_event": "1783232662.474057-dptaeh"}', 'http://localhost:8600/snapshots/6ea348ba-8c14-4e04-9e45-3cbe3e1d6e35.jpg', '2026-07-05 06:24:28.666153+00', false, '{}', NULL, NULL, NULL, NULL, NULL, NULL, NULL, false, false, NULL);
INSERT INTO public.events (id, camera_id, event_type, severity, metadata, snapshot_url, detected_at, reviewed, attributes, face_id, license_plate, zones, sub_label, top_score, start_time, end_time, has_clip, has_snapshot, frigate_id) VALUES ('7a970c65-4702-4e3a-9c26-345bca896379', 'e2491873-0570-4d58-9c54-c9acabd8a86b', 'restricted_zone', 'high', '{"score": 0.6953125, "source": "veedon-edge", "branch_id": "0ab2ca49-ad88-4630-afb6-3ef008e1cef5", "feature_key": "restricted_zone", "engine_event": "1783232703.201239-ai6tfa"}', 'http://localhost:8600/snapshots/7a970c65-4702-4e3a-9c26-345bca896379.jpg', '2026-07-05 06:25:10.921754+00', false, '{}', NULL, NULL, NULL, NULL, NULL, NULL, NULL, false, false, NULL);
INSERT INTO public.events (id, camera_id, event_type, severity, metadata, snapshot_url, detected_at, reviewed, attributes, face_id, license_plate, zones, sub_label, top_score, start_time, end_time, has_clip, has_snapshot, frigate_id) VALUES ('2b579adf-2e1a-4db1-aecd-74d51392acf4', 'e2491873-0570-4d58-9c54-c9acabd8a86b', 'restricted_zone', 'high', '{"score": 0.75390625, "source": "veedon-edge", "branch_id": "0ab2ca49-ad88-4630-afb6-3ef008e1cef5", "feature_key": "restricted_zone", "engine_event": "1783205543.91255-fke0ki"}', 'http://localhost:8600/snapshots/2b579adf-2e1a-4db1-aecd-74d51392acf4.jpg', '2026-07-04 22:52:28.851297+00', false, '{}', NULL, NULL, NULL, NULL, NULL, NULL, NULL, false, false, NULL);
INSERT INTO public.events (id, camera_id, event_type, severity, metadata, snapshot_url, detected_at, reviewed, attributes, face_id, license_plate, zones, sub_label, top_score, start_time, end_time, has_clip, has_snapshot, frigate_id) VALUES ('7bde9161-0841-4003-b139-6ffe7f183e2b', 'e2491873-0570-4d58-9c54-c9acabd8a86b', 'restricted_zone', 'high', '{"score": 0.8046875, "source": "veedon-edge", "branch_id": "0ab2ca49-ad88-4630-afb6-3ef008e1cef5", "feature_key": "restricted_zone", "engine_event": "1783205580.494367-b8o5ki"}', 'http://localhost:8600/snapshots/7bde9161-0841-4003-b139-6ffe7f183e2b.jpg', '2026-07-04 22:53:05.023856+00', false, '{}', NULL, NULL, NULL, NULL, NULL, NULL, NULL, false, false, NULL);
INSERT INTO public.events (id, camera_id, event_type, severity, metadata, snapshot_url, detected_at, reviewed, attributes, face_id, license_plate, zones, sub_label, top_score, start_time, end_time, has_clip, has_snapshot, frigate_id) VALUES ('a4a09c3b-1895-4736-9ca9-4086055f8bbc', 'e2491873-0570-4d58-9c54-c9acabd8a86b', 'restricted_zone', 'high', '{"score": 0.84375, "source": "veedon-edge", "branch_id": "0ab2ca49-ad88-4630-afb6-3ef008e1cef5", "feature_key": "restricted_zone", "engine_event": "1783205634.492541-lcufax"}', 'http://localhost:8600/snapshots/a4a09c3b-1895-4736-9ca9-4086055f8bbc.jpg', '2026-07-04 22:53:59.291947+00', false, '{}', NULL, NULL, NULL, NULL, NULL, NULL, NULL, false, false, NULL);
INSERT INTO public.events (id, camera_id, event_type, severity, metadata, snapshot_url, detected_at, reviewed, attributes, face_id, license_plate, zones, sub_label, top_score, start_time, end_time, has_clip, has_snapshot, frigate_id) VALUES ('12f0e931-ef57-40d7-947f-ea05122914bc', 'e2491873-0570-4d58-9c54-c9acabd8a86b', 'restricted_zone', 'high', '{"score": 0.8046875, "source": "veedon-edge", "branch_id": "0ab2ca49-ad88-4630-afb6-3ef008e1cef5", "feature_key": "restricted_zone", "engine_event": "1783205688.323326-fhqhrw"}', 'http://localhost:8600/snapshots/12f0e931-ef57-40d7-947f-ea05122914bc.jpg', '2026-07-04 22:54:53.553213+00', false, '{}', NULL, NULL, NULL, NULL, NULL, NULL, NULL, false, false, NULL);
INSERT INTO public.events (id, camera_id, event_type, severity, metadata, snapshot_url, detected_at, reviewed, attributes, face_id, license_plate, zones, sub_label, top_score, start_time, end_time, has_clip, has_snapshot, frigate_id) VALUES ('3b1d65c0-147d-4e4d-a2e3-bb63217054d2', 'e2491873-0570-4d58-9c54-c9acabd8a86b', 'restricted_zone', 'high', '{"score": 0.84375, "source": "veedon-edge", "branch_id": "0ab2ca49-ad88-4630-afb6-3ef008e1cef5", "feature_key": "restricted_zone", "engine_event": "1783205742.322386-173ilr"}', 'http://localhost:8600/snapshots/3b1d65c0-147d-4e4d-a2e3-bb63217054d2.jpg', '2026-07-04 22:55:47.813651+00', false, '{}', NULL, NULL, NULL, NULL, NULL, NULL, NULL, false, false, NULL);
INSERT INTO public.events (id, camera_id, event_type, severity, metadata, snapshot_url, detected_at, reviewed, attributes, face_id, license_plate, zones, sub_label, top_score, start_time, end_time, has_clip, has_snapshot, frigate_id) VALUES ('ff99fbae-49e7-4035-b3a9-d1460e0875ef', 'e2491873-0570-4d58-9c54-c9acabd8a86b', 'restricted_zone', 'high', '{"score": 0.84375, "source": "veedon-edge", "branch_id": "0ab2ca49-ad88-4630-afb6-3ef008e1cef5", "feature_key": "restricted_zone", "engine_event": "1783205796.06811-ajneiz"}', 'http://localhost:8600/snapshots/ff99fbae-49e7-4035-b3a9-d1460e0875ef.jpg', '2026-07-04 22:56:42.070277+00', false, '{}', NULL, NULL, NULL, NULL, NULL, NULL, NULL, false, false, NULL);
INSERT INTO public.events (id, camera_id, event_type, severity, metadata, snapshot_url, detected_at, reviewed, attributes, face_id, license_plate, zones, sub_label, top_score, start_time, end_time, has_clip, has_snapshot, frigate_id) VALUES ('d71899cd-95f3-4580-b841-fc7782c6900b', 'e2491873-0570-4d58-9c54-c9acabd8a86b', 'restricted_zone', 'high', '{"score": 0.8046875, "source": "veedon-edge", "branch_id": "0ab2ca49-ad88-4630-afb6-3ef008e1cef5", "feature_key": "restricted_zone", "engine_event": "1783205850.065856-2vt2hm"}', 'http://localhost:8600/snapshots/d71899cd-95f3-4580-b841-fc7782c6900b.jpg', '2026-07-04 22:57:36.319489+00', false, '{}', NULL, NULL, NULL, NULL, NULL, NULL, NULL, false, false, NULL);
INSERT INTO public.events (id, camera_id, event_type, severity, metadata, snapshot_url, detected_at, reviewed, attributes, face_id, license_plate, zones, sub_label, top_score, start_time, end_time, has_clip, has_snapshot, frigate_id) VALUES ('ce974066-d062-431f-9ec0-131aa5208f8d', 'e2491873-0570-4d58-9c54-c9acabd8a86b', 'restricted_zone', 'high', '{"score": 0.84375, "source": "veedon-edge", "branch_id": "0ab2ca49-ad88-4630-afb6-3ef008e1cef5", "feature_key": "restricted_zone", "engine_event": "1783205904.063411-hsxpwi"}', 'http://localhost:8600/snapshots/ce974066-d062-431f-9ec0-131aa5208f8d.jpg', '2026-07-04 22:58:30.575367+00', false, '{}', NULL, NULL, NULL, NULL, NULL, NULL, NULL, false, false, NULL);
INSERT INTO public.events (id, camera_id, event_type, severity, metadata, snapshot_url, detected_at, reviewed, attributes, face_id, license_plate, zones, sub_label, top_score, start_time, end_time, has_clip, has_snapshot, frigate_id) VALUES ('03fda4c1-3076-4dcf-baae-d5c280090c09', 'e2491873-0570-4d58-9c54-c9acabd8a86b', 'restricted_zone', 'high', '{"score": 0.84375, "source": "veedon-edge", "branch_id": "0ab2ca49-ad88-4630-afb6-3ef008e1cef5", "feature_key": "restricted_zone", "engine_event": "1783205975.310755-1pm0du"}', 'http://localhost:8600/snapshots/03fda4c1-3076-4dcf-baae-d5c280090c09.jpg', '2026-07-04 22:59:36.895171+00', false, '{}', NULL, NULL, NULL, NULL, NULL, NULL, NULL, false, false, NULL);
INSERT INTO public.events (id, camera_id, event_type, severity, metadata, snapshot_url, detected_at, reviewed, attributes, face_id, license_plate, zones, sub_label, top_score, start_time, end_time, has_clip, has_snapshot, frigate_id) VALUES ('ac4b72f3-4910-4e54-b012-eded6bf3f310', 'e2491873-0570-4d58-9c54-c9acabd8a86b', 'restricted_zone', 'high', '{"score": 0.84375, "source": "veedon-edge", "branch_id": "0ab2ca49-ad88-4630-afb6-3ef008e1cef5", "feature_key": "restricted_zone", "engine_event": "1783206011.892803-xe4kf6"}', 'http://localhost:8600/snapshots/ac4b72f3-4910-4e54-b012-eded6bf3f310.jpg', '2026-07-04 23:00:13.077831+00', false, '{}', NULL, NULL, NULL, NULL, NULL, NULL, NULL, false, false, NULL);
INSERT INTO public.events (id, camera_id, event_type, severity, metadata, snapshot_url, detected_at, reviewed, attributes, face_id, license_plate, zones, sub_label, top_score, start_time, end_time, has_clip, has_snapshot, frigate_id) VALUES ('95c8f8d6-83ee-45a9-83f6-c8609c1b5a6b', 'e2491873-0570-4d58-9c54-c9acabd8a86b', 'restricted_zone', 'high', '{"score": 0.8046875, "source": "veedon-edge", "branch_id": "0ab2ca49-ad88-4630-afb6-3ef008e1cef5", "feature_key": "restricted_zone", "engine_event": "1783206065.72338-z08n4g"}', 'http://localhost:8600/snapshots/95c8f8d6-83ee-45a9-83f6-c8609c1b5a6b.jpg', '2026-07-04 23:01:07.32537+00', false, '{}', NULL, NULL, NULL, NULL, NULL, NULL, NULL, false, false, NULL);
INSERT INTO public.events (id, camera_id, event_type, severity, metadata, snapshot_url, detected_at, reviewed, attributes, face_id, license_plate, zones, sub_label, top_score, start_time, end_time, has_clip, has_snapshot, frigate_id) VALUES ('e4d69b82-f77f-48a8-8bea-73ab103a30de', 'e2491873-0570-4d58-9c54-c9acabd8a86b', 'restricted_zone', 'high', '{"score": 0.83203125, "source": "veedon-edge", "branch_id": "0ab2ca49-ad88-4630-afb6-3ef008e1cef5", "feature_key": "restricted_zone", "engine_event": "1783206119.720692-mhtmya"}', 'http://localhost:8600/snapshots/e4d69b82-f77f-48a8-8bea-73ab103a30de.jpg', '2026-07-04 23:02:01.585996+00', false, '{}', NULL, NULL, NULL, NULL, NULL, NULL, NULL, false, false, NULL);
INSERT INTO public.events (id, camera_id, event_type, severity, metadata, snapshot_url, detected_at, reviewed, attributes, face_id, license_plate, zones, sub_label, top_score, start_time, end_time, has_clip, has_snapshot, frigate_id) VALUES ('d5c38b24-cea1-47a4-8ded-6f504251a2f0', 'e2491873-0570-4d58-9c54-c9acabd8a86b', 'restricted_zone', 'high', '{"score": 0.84375, "source": "veedon-edge", "branch_id": "0ab2ca49-ad88-4630-afb6-3ef008e1cef5", "feature_key": "restricted_zone", "engine_event": "1783206173.718637-2xxf9w"}', 'http://localhost:8600/snapshots/d5c38b24-cea1-47a4-8ded-6f504251a2f0.jpg', '2026-07-04 23:02:55.882101+00', false, '{}', NULL, NULL, NULL, NULL, NULL, NULL, NULL, false, false, NULL);
INSERT INTO public.events (id, camera_id, event_type, severity, metadata, snapshot_url, detected_at, reviewed, attributes, face_id, license_plate, zones, sub_label, top_score, start_time, end_time, has_clip, has_snapshot, frigate_id) VALUES ('f043f1e0-668e-493e-8e4a-d18d1c20fb34', 'e2491873-0570-4d58-9c54-c9acabd8a86b', 'restricted_zone', 'high', '{"score": 0.8046875, "source": "veedon-edge", "branch_id": "0ab2ca49-ad88-4630-afb6-3ef008e1cef5", "feature_key": "restricted_zone", "engine_event": "1783206227.466742-ynb3or"}', 'http://localhost:8600/snapshots/f043f1e0-668e-493e-8e4a-d18d1c20fb34.jpg', '2026-07-04 23:03:50.141811+00', false, '{}', NULL, NULL, NULL, NULL, NULL, NULL, NULL, false, false, NULL);
INSERT INTO public.events (id, camera_id, event_type, severity, metadata, snapshot_url, detected_at, reviewed, attributes, face_id, license_plate, zones, sub_label, top_score, start_time, end_time, has_clip, has_snapshot, frigate_id) VALUES ('d36d5b16-1df5-4ef6-90a1-0c2ee8aca273', 'e2491873-0570-4d58-9c54-c9acabd8a86b', 'restricted_zone', 'high', '{"score": 0.84375, "source": "veedon-edge", "branch_id": "0ab2ca49-ad88-4630-afb6-3ef008e1cef5", "feature_key": "restricted_zone", "engine_event": "1783206281.463835-g9yag7"}', 'http://localhost:8600/snapshots/d36d5b16-1df5-4ef6-90a1-0c2ee8aca273.jpg', '2026-07-04 23:04:44.470839+00', false, '{}', NULL, NULL, NULL, NULL, NULL, NULL, NULL, false, false, NULL);
INSERT INTO public.events (id, camera_id, event_type, severity, metadata, snapshot_url, detected_at, reviewed, attributes, face_id, license_plate, zones, sub_label, top_score, start_time, end_time, has_clip, has_snapshot, frigate_id) VALUES ('bbd05e3e-3d3c-4d1d-8861-6876a378d1e7', 'e2491873-0570-4d58-9c54-c9acabd8a86b', 'restricted_zone', 'high', '{"score": 0.8046875, "source": "veedon-edge", "branch_id": "0ab2ca49-ad88-4630-afb6-3ef008e1cef5", "feature_key": "restricted_zone", "engine_event": "1783206335.294295-5qo402"}', 'http://localhost:8600/snapshots/bbd05e3e-3d3c-4d1d-8861-6876a378d1e7.jpg', '2026-07-04 23:05:38.731958+00', false, '{}', NULL, NULL, NULL, NULL, NULL, NULL, NULL, false, false, NULL);
INSERT INTO public.events (id, camera_id, event_type, severity, metadata, snapshot_url, detected_at, reviewed, attributes, face_id, license_plate, zones, sub_label, top_score, start_time, end_time, has_clip, has_snapshot, frigate_id) VALUES ('a1511a36-0382-4fca-9039-a87c3375cba2', 'e2491873-0570-4d58-9c54-c9acabd8a86b', 'restricted_zone', 'high', '{"score": 0.84375, "source": "veedon-edge", "branch_id": "0ab2ca49-ad88-4630-afb6-3ef008e1cef5", "feature_key": "restricted_zone", "engine_event": "1783206389.292761-1ciqgo"}', 'http://localhost:8600/snapshots/a1511a36-0382-4fca-9039-a87c3375cba2.jpg', '2026-07-04 23:06:33.010703+00', false, '{}', NULL, NULL, NULL, NULL, NULL, NULL, NULL, false, false, NULL);
INSERT INTO public.events (id, camera_id, event_type, severity, metadata, snapshot_url, detected_at, reviewed, attributes, face_id, license_plate, zones, sub_label, top_score, start_time, end_time, has_clip, has_snapshot, frigate_id) VALUES ('462f2e2e-b3cd-48e0-b547-ac6b9876fa0b', 'e2491873-0570-4d58-9c54-c9acabd8a86b', 'restricted_zone', 'high', '{"score": 0.84375, "source": "veedon-edge", "branch_id": "0ab2ca49-ad88-4630-afb6-3ef008e1cef5", "feature_key": "restricted_zone", "engine_event": "1783206443.039491-svcgsc"}', 'http://localhost:8600/snapshots/462f2e2e-b3cd-48e0-b547-ac6b9876fa0b.jpg', '2026-07-04 23:07:27.325247+00', false, '{}', NULL, NULL, NULL, NULL, NULL, NULL, NULL, false, false, NULL);
INSERT INTO public.events (id, camera_id, event_type, severity, metadata, snapshot_url, detected_at, reviewed, attributes, face_id, license_plate, zones, sub_label, top_score, start_time, end_time, has_clip, has_snapshot, frigate_id) VALUES ('d2f9311e-d6f8-4081-9cfa-1dcffeff2919', 'e2491873-0570-4d58-9c54-c9acabd8a86b', 'restricted_zone', 'high', '{"score": 0.8046875, "source": "veedon-edge", "branch_id": "0ab2ca49-ad88-4630-afb6-3ef008e1cef5", "feature_key": "restricted_zone", "engine_event": "1783206497.038366-2a6iad"}', 'http://localhost:8600/snapshots/d2f9311e-d6f8-4081-9cfa-1dcffeff2919.jpg', '2026-07-04 23:08:21.598328+00', false, '{}', NULL, NULL, NULL, NULL, NULL, NULL, NULL, false, false, NULL);
INSERT INTO public.events (id, camera_id, event_type, severity, metadata, snapshot_url, detected_at, reviewed, attributes, face_id, license_plate, zones, sub_label, top_score, start_time, end_time, has_clip, has_snapshot, frigate_id) VALUES ('427935d4-1bd2-4ddd-9cde-aadbba12f737', 'e2491873-0570-4d58-9c54-c9acabd8a86b', 'restricted_zone', 'high', '{"score": 0.84375, "source": "veedon-edge", "branch_id": "0ab2ca49-ad88-4630-afb6-3ef008e1cef5", "feature_key": "restricted_zone", "engine_event": "1783206551.035562-jzan27"}', 'http://localhost:8600/snapshots/427935d4-1bd2-4ddd-9cde-aadbba12f737.jpg', '2026-07-04 23:09:15.833331+00', false, '{}', NULL, NULL, NULL, NULL, NULL, NULL, NULL, false, false, NULL);
INSERT INTO public.events (id, camera_id, event_type, severity, metadata, snapshot_url, detected_at, reviewed, attributes, face_id, license_plate, zones, sub_label, top_score, start_time, end_time, has_clip, has_snapshot, frigate_id) VALUES ('8324f519-edcf-46ce-b454-c46a69a39a43', 'e2491873-0570-4d58-9c54-c9acabd8a86b', 'restricted_zone', 'high', '{"score": 0.8046875, "source": "veedon-edge", "branch_id": "0ab2ca49-ad88-4630-afb6-3ef008e1cef5", "feature_key": "restricted_zone", "engine_event": "1783206604.86684-ngw14a"}', 'http://localhost:8600/snapshots/8324f519-edcf-46ce-b454-c46a69a39a43.jpg', '2026-07-04 23:10:10.097051+00', false, '{}', NULL, NULL, NULL, NULL, NULL, NULL, NULL, false, false, NULL);
INSERT INTO public.events (id, camera_id, event_type, severity, metadata, snapshot_url, detected_at, reviewed, attributes, face_id, license_plate, zones, sub_label, top_score, start_time, end_time, has_clip, has_snapshot, frigate_id) VALUES ('d75abb3e-c979-4f97-a986-0953e5ffeaa7', 'e2491873-0570-4d58-9c54-c9acabd8a86b', 'restricted_zone', 'high', '{"score": 0.84375, "source": "veedon-edge", "branch_id": "0ab2ca49-ad88-4630-afb6-3ef008e1cef5", "feature_key": "restricted_zone", "engine_event": "1783206658.864657-wqd4ha"}', 'http://localhost:8600/snapshots/d75abb3e-c979-4f97-a986-0953e5ffeaa7.jpg', '2026-07-04 23:11:04.350215+00', false, '{}', NULL, NULL, NULL, NULL, NULL, NULL, NULL, false, false, NULL);
INSERT INTO public.events (id, camera_id, event_type, severity, metadata, snapshot_url, detected_at, reviewed, attributes, face_id, license_plate, zones, sub_label, top_score, start_time, end_time, has_clip, has_snapshot, frigate_id) VALUES ('565729ca-bf02-4620-9951-f886aad36274', 'e2491873-0570-4d58-9c54-c9acabd8a86b', 'restricted_zone', 'high', '{"score": 0.8046875, "source": "veedon-edge", "branch_id": "0ab2ca49-ad88-4630-afb6-3ef008e1cef5", "feature_key": "restricted_zone", "engine_event": "1783206712.695188-evd4tr"}', 'http://localhost:8600/snapshots/565729ca-bf02-4620-9951-f886aad36274.jpg', '2026-07-04 23:11:58.621825+00', false, '{}', NULL, NULL, NULL, NULL, NULL, NULL, NULL, false, false, NULL);
INSERT INTO public.events (id, camera_id, event_type, severity, metadata, snapshot_url, detected_at, reviewed, attributes, face_id, license_plate, zones, sub_label, top_score, start_time, end_time, has_clip, has_snapshot, frigate_id) VALUES ('90fc02d6-4256-43ba-9b4b-522eed18b13c', 'e2491873-0570-4d58-9c54-c9acabd8a86b', 'restricted_zone', 'high', '{"score": 0.75390625, "source": "veedon-edge", "branch_id": "0ab2ca49-ad88-4630-afb6-3ef008e1cef5", "feature_key": "restricted_zone", "engine_event": "1783206752.89819-80crmz"}', 'http://localhost:8600/snapshots/90fc02d6-4256-43ba-9b4b-522eed18b13c.jpg', '2026-07-04 23:12:37.459902+00', false, '{}', NULL, NULL, NULL, NULL, NULL, NULL, NULL, false, false, NULL);
INSERT INTO public.events (id, camera_id, event_type, severity, metadata, snapshot_url, detected_at, reviewed, attributes, face_id, license_plate, zones, sub_label, top_score, start_time, end_time, has_clip, has_snapshot, frigate_id) VALUES ('772699f5-8c11-4c2e-803a-8f2ead401bb9', 'e2491873-0570-4d58-9c54-c9acabd8a86b', 'restricted_zone', 'high', '{"score": 0.75390625, "source": "veedon-edge", "branch_id": "0ab2ca49-ad88-4630-afb6-3ef008e1cef5", "feature_key": "restricted_zone", "engine_event": "1783206775.415885-ahrht3"}', 'http://localhost:8600/snapshots/772699f5-8c11-4c2e-803a-8f2ead401bb9.jpg', '2026-07-04 23:13:00.198279+00', false, '{}', NULL, NULL, NULL, NULL, NULL, NULL, NULL, false, false, NULL);
INSERT INTO public.events (id, camera_id, event_type, severity, metadata, snapshot_url, detected_at, reviewed, attributes, face_id, license_plate, zones, sub_label, top_score, start_time, end_time, has_clip, has_snapshot, frigate_id) VALUES ('960d9b81-08e1-4071-a6d2-9fabc7410fed', 'e2491873-0570-4d58-9c54-c9acabd8a86b', 'restricted_zone', 'high', '{"score": 0.8046875, "source": "veedon-edge", "branch_id": "0ab2ca49-ad88-4630-afb6-3ef008e1cef5", "feature_key": "restricted_zone", "engine_event": "1783206811.998238-cihvoy"}', 'http://localhost:8600/snapshots/960d9b81-08e1-4071-a6d2-9fabc7410fed.jpg', '2026-07-04 23:13:36.618917+00', false, '{}', NULL, NULL, NULL, NULL, NULL, NULL, NULL, false, false, NULL);
INSERT INTO public.events (id, camera_id, event_type, severity, metadata, snapshot_url, detected_at, reviewed, attributes, face_id, license_plate, zones, sub_label, top_score, start_time, end_time, has_clip, has_snapshot, frigate_id) VALUES ('d5c8fb3f-28c0-41c9-9bab-d88e266162d4', 'e2491873-0570-4d58-9c54-c9acabd8a86b', 'restricted_zone', 'high', '{"score": 0.84375, "source": "veedon-edge", "branch_id": "0ab2ca49-ad88-4630-afb6-3ef008e1cef5", "feature_key": "restricted_zone", "engine_event": "1783206865.995816-mt4e9g"}', 'http://localhost:8600/snapshots/d5c8fb3f-28c0-41c9-9bab-d88e266162d4.jpg', '2026-07-04 23:14:31.147789+00', false, '{}', NULL, NULL, NULL, NULL, NULL, NULL, NULL, false, false, NULL);
INSERT INTO public.events (id, camera_id, event_type, severity, metadata, snapshot_url, detected_at, reviewed, attributes, face_id, license_plate, zones, sub_label, top_score, start_time, end_time, has_clip, has_snapshot, frigate_id) VALUES ('0d64d151-7ef1-41fe-b833-50ddab4d7e10', 'e2491873-0570-4d58-9c54-c9acabd8a86b', 'restricted_zone', 'high', '{"score": 0.8046875, "source": "veedon-edge", "branch_id": "0ab2ca49-ad88-4630-afb6-3ef008e1cef5", "feature_key": "restricted_zone", "engine_event": "1783206919.826902-ua9fe3"}', 'http://localhost:8600/snapshots/0d64d151-7ef1-41fe-b833-50ddab4d7e10.jpg', '2026-07-04 23:15:25.686632+00', false, '{}', NULL, NULL, NULL, NULL, NULL, NULL, NULL, false, false, NULL);
INSERT INTO public.events (id, camera_id, event_type, severity, metadata, snapshot_url, detected_at, reviewed, attributes, face_id, license_plate, zones, sub_label, top_score, start_time, end_time, has_clip, has_snapshot, frigate_id) VALUES ('9c89cfd7-99f4-4c1a-af32-5de655d3fbe0', 'e2491873-0570-4d58-9c54-c9acabd8a86b', 'restricted_zone', 'high', '{"score": 0.82421875, "source": "veedon-edge", "branch_id": "0ab2ca49-ad88-4630-afb6-3ef008e1cef5", "feature_key": "restricted_zone", "engine_event": "1783233147.984474-y7iql3"}', 'http://localhost:8600/snapshots/9c89cfd7-99f4-4c1a-af32-5de655d3fbe0.jpg', '2026-07-05 06:32:50.909895+00', false, '{}', NULL, NULL, NULL, NULL, NULL, NULL, NULL, false, false, NULL);
INSERT INTO public.events (id, camera_id, event_type, severity, metadata, snapshot_url, detected_at, reviewed, attributes, face_id, license_plate, zones, sub_label, top_score, start_time, end_time, has_clip, has_snapshot, frigate_id) VALUES ('5e7f6711-690e-448d-a893-1b900716a970', 'e2491873-0570-4d58-9c54-c9acabd8a86b', 'restricted_zone', 'high', '{"score": 0.75390625, "source": "veedon-edge", "branch_id": "0ab2ca49-ad88-4630-afb6-3ef008e1cef5", "feature_key": "restricted_zone", "engine_event": "1783206988.04369-guc8hb"}', 'http://localhost:8600/snapshots/5e7f6711-690e-448d-a893-1b900716a970.jpg', '2026-07-04 23:16:32.659838+00', false, '{}', NULL, NULL, NULL, NULL, NULL, NULL, NULL, false, false, NULL);
INSERT INTO public.events (id, camera_id, event_type, severity, metadata, snapshot_url, detected_at, reviewed, attributes, face_id, license_plate, zones, sub_label, top_score, start_time, end_time, has_clip, has_snapshot, frigate_id) VALUES ('d880300d-716e-447f-874f-6b9fef7777c3', 'e2491873-0570-4d58-9c54-c9acabd8a86b', 'restricted_zone', 'high', '{"score": 0.8046875, "source": "veedon-edge", "branch_id": "0ab2ca49-ad88-4630-afb6-3ef008e1cef5", "feature_key": "restricted_zone", "engine_event": "1783207024.624731-ic4q1d"}', 'http://localhost:8600/snapshots/d880300d-716e-447f-874f-6b9fef7777c3.jpg', '2026-07-04 23:17:09.096371+00', false, '{}', NULL, NULL, NULL, NULL, NULL, NULL, NULL, false, false, NULL);
INSERT INTO public.events (id, camera_id, event_type, severity, metadata, snapshot_url, detected_at, reviewed, attributes, face_id, license_plate, zones, sub_label, top_score, start_time, end_time, has_clip, has_snapshot, frigate_id) VALUES ('73c5f6ac-92f6-4e6f-90dc-9ff62521bae3', 'e2491873-0570-4d58-9c54-c9acabd8a86b', 'restricted_zone', 'high', '{"score": 0.74609375, "source": "veedon-edge", "branch_id": "0ab2ca49-ad88-4630-afb6-3ef008e1cef5", "feature_key": "restricted_zone", "engine_event": "1783233282.035664-euudck"}', 'http://localhost:8600/snapshots/73c5f6ac-92f6-4e6f-90dc-9ff62521bae3.jpg', '2026-07-05 06:34:51.921282+00', false, '{}', NULL, NULL, NULL, NULL, NULL, NULL, NULL, false, false, NULL);
INSERT INTO public.events (id, camera_id, event_type, severity, metadata, snapshot_url, detected_at, reviewed, attributes, face_id, license_plate, zones, sub_label, top_score, start_time, end_time, has_clip, has_snapshot, frigate_id) VALUES ('6dd2d064-49e8-4c9c-bcee-34c74da372b3', 'e2491873-0570-4d58-9c54-c9acabd8a86b', 'restricted_zone', 'high', '{"score": 0.75390625, "source": "veedon-edge", "branch_id": "0ab2ca49-ad88-4630-afb6-3ef008e1cef5", "feature_key": "restricted_zone", "engine_event": "1783207047.87198-7qew7h"}', 'http://localhost:8600/snapshots/6dd2d064-49e8-4c9c-bcee-34c74da372b3.jpg', '2026-07-04 23:17:32.744393+00', false, '{}', NULL, NULL, NULL, NULL, NULL, NULL, NULL, false, false, NULL);
INSERT INTO public.events (id, camera_id, event_type, severity, metadata, snapshot_url, detected_at, reviewed, attributes, face_id, license_plate, zones, sub_label, top_score, start_time, end_time, has_clip, has_snapshot, frigate_id) VALUES ('65b25b7c-f631-41c6-a964-d57b801094fe', 'e2491873-0570-4d58-9c54-c9acabd8a86b', 'restricted_zone', 'high', '{"score": 0.8046875, "source": "veedon-edge", "branch_id": "0ab2ca49-ad88-4630-afb6-3ef008e1cef5", "feature_key": "restricted_zone", "engine_event": "1783207084.453663-gejey3"}', 'http://localhost:8600/snapshots/65b25b7c-f631-41c6-a964-d57b801094fe.jpg', '2026-07-04 23:18:09.089659+00', false, '{}', NULL, NULL, NULL, NULL, NULL, NULL, NULL, false, false, NULL);
INSERT INTO public.events (id, camera_id, event_type, severity, metadata, snapshot_url, detected_at, reviewed, attributes, face_id, license_plate, zones, sub_label, top_score, start_time, end_time, has_clip, has_snapshot, frigate_id) VALUES ('0d33cb52-3984-4937-a49f-8ffb9be5cbb3', 'e2491873-0570-4d58-9c54-c9acabd8a86b', 'restricted_zone', 'high', '{"score": 0.8203125, "source": "veedon-edge", "branch_id": "0ab2ca49-ad88-4630-afb6-3ef008e1cef5", "feature_key": "restricted_zone", "engine_event": "1783207153.034336-2pl3xu"}', 'http://localhost:8600/snapshots/0d33cb52-3984-4937-a49f-8ffb9be5cbb3.jpg', '2026-07-04 23:19:15.818304+00', false, '{}', NULL, NULL, NULL, NULL, NULL, NULL, NULL, false, false, NULL);
INSERT INTO public.events (id, camera_id, event_type, severity, metadata, snapshot_url, detected_at, reviewed, attributes, face_id, license_plate, zones, sub_label, top_score, start_time, end_time, has_clip, has_snapshot, frigate_id) VALUES ('c18f3957-27d5-4207-a07e-51884c78f50b', 'e2491873-0570-4d58-9c54-c9acabd8a86b', 'restricted_zone', 'high', '{"score": 0.8046875, "source": "veedon-edge", "branch_id": "0ab2ca49-ad88-4630-afb6-3ef008e1cef5", "feature_key": "restricted_zone", "engine_event": "1783207192.282915-ntqwdj"}', 'http://localhost:8600/snapshots/c18f3957-27d5-4207-a07e-51884c78f50b.jpg', '2026-07-04 23:19:58.322744+00', false, '{}', NULL, NULL, NULL, NULL, NULL, NULL, NULL, false, false, NULL);
INSERT INTO public.events (id, camera_id, event_type, severity, metadata, snapshot_url, detected_at, reviewed, attributes, face_id, license_plate, zones, sub_label, top_score, start_time, end_time, has_clip, has_snapshot, frigate_id) VALUES ('6085dd2e-394f-4797-91bc-0e7e0ff8326b', 'e2491873-0570-4d58-9c54-c9acabd8a86b', 'restricted_zone', 'high', '{"score": 0.84375, "source": "veedon-edge", "branch_id": "0ab2ca49-ad88-4630-afb6-3ef008e1cef5", "feature_key": "restricted_zone", "engine_event": "1783207246.281438-721go7"}', 'http://localhost:8600/snapshots/6085dd2e-394f-4797-91bc-0e7e0ff8326b.jpg', '2026-07-04 23:20:52.692713+00', false, '{}', NULL, NULL, NULL, NULL, NULL, NULL, NULL, false, false, NULL);
INSERT INTO public.events (id, camera_id, event_type, severity, metadata, snapshot_url, detected_at, reviewed, attributes, face_id, license_plate, zones, sub_label, top_score, start_time, end_time, has_clip, has_snapshot, frigate_id) VALUES ('831e87a4-5afd-47d9-b5fd-d577b021d87d', 'e2491873-0570-4d58-9c54-c9acabd8a86b', 'restricted_zone', 'high', '{"score": 0.82421875, "source": "veedon-edge", "branch_id": "0ab2ca49-ad88-4630-afb6-3ef008e1cef5", "feature_key": "restricted_zone", "engine_event": "1783233405.881339-34j2rf"}', 'http://localhost:8600/snapshots/831e87a4-5afd-47d9-b5fd-d577b021d87d.jpg', '2026-07-05 06:36:52.866819+00', false, '{}', NULL, NULL, NULL, NULL, NULL, NULL, NULL, false, false, NULL);
INSERT INTO public.events (id, camera_id, event_type, severity, metadata, snapshot_url, detected_at, reviewed, attributes, face_id, license_plate, zones, sub_label, top_score, start_time, end_time, has_clip, has_snapshot, frigate_id) VALUES ('272906c0-ba7f-4816-aa48-18018fc5a39d', 'e2491873-0570-4d58-9c54-c9acabd8a86b', 'restricted_zone', 'high', '{"score": 0.8125, "source": "veedon-edge", "branch_id": "0ab2ca49-ad88-4630-afb6-3ef008e1cef5", "feature_key": "restricted_zone", "engine_event": "1783233712.249782-j10r46"}', 'http://localhost:8600/snapshots/272906c0-ba7f-4816-aa48-18018fc5a39d.jpg', '2026-07-05 06:42:19.370557+00', false, '{}', NULL, NULL, NULL, NULL, NULL, NULL, NULL, false, false, NULL);
INSERT INTO public.events (id, camera_id, event_type, severity, metadata, snapshot_url, detected_at, reviewed, attributes, face_id, license_plate, zones, sub_label, top_score, start_time, end_time, has_clip, has_snapshot, frigate_id) VALUES ('6f6a1df9-a3f8-48f4-a57b-e41661de6a1e', 'e2491873-0570-4d58-9c54-c9acabd8a86b', 'restricted_zone', 'high', '{"score": 0.796875, "source": "veedon-edge", "branch_id": "0ab2ca49-ad88-4630-afb6-3ef008e1cef5", "feature_key": "restricted_zone", "engine_event": "1783232767.675383-5dp9p7"}', 'http://localhost:8600/snapshots/6f6a1df9-a3f8-48f4-a57b-e41661de6a1e.jpg', '2026-07-05 06:26:35.858935+00', false, '{}', NULL, NULL, NULL, NULL, NULL, NULL, NULL, false, false, NULL);
INSERT INTO public.events (id, camera_id, event_type, severity, metadata, snapshot_url, detected_at, reviewed, attributes, face_id, license_plate, zones, sub_label, top_score, start_time, end_time, has_clip, has_snapshot, frigate_id) VALUES ('fb31bbc0-70a3-4e38-a566-54e403dd5011', 'e2491873-0570-4d58-9c54-c9acabd8a86b', 'restricted_zone', 'high', '{"score": 0.76171875, "source": "veedon-edge", "branch_id": "0ab2ca49-ad88-4630-afb6-3ef008e1cef5", "feature_key": "restricted_zone", "engine_event": "1783233804.468121-pqb0eb"}', 'http://localhost:8600/snapshots/fb31bbc0-70a3-4e38-a566-54e403dd5011.jpg', '2026-07-05 06:43:44.387761+00', false, '{}', NULL, NULL, NULL, NULL, NULL, NULL, NULL, false, false, NULL);
INSERT INTO public.events (id, camera_id, event_type, severity, metadata, snapshot_url, detected_at, reviewed, attributes, face_id, license_plate, zones, sub_label, top_score, start_time, end_time, has_clip, has_snapshot, frigate_id) VALUES ('c9b16cf9-d46c-4f79-b865-9dd1e33d93ff', 'e2491873-0570-4d58-9c54-c9acabd8a86b', 'restricted_zone', 'high', '{"score": 0.8046875, "source": "veedon-edge", "branch_id": "0ab2ca49-ad88-4630-afb6-3ef008e1cef5", "feature_key": "restricted_zone", "engine_event": "1783233848.699597-a8jqum"}', 'http://localhost:8600/snapshots/c9b16cf9-d46c-4f79-b865-9dd1e33d93ff.jpg', '2026-07-05 06:44:14.59821+00', false, '{}', NULL, NULL, NULL, NULL, NULL, NULL, NULL, false, false, NULL);
INSERT INTO public.events (id, camera_id, event_type, severity, metadata, snapshot_url, detected_at, reviewed, attributes, face_id, license_plate, zones, sub_label, top_score, start_time, end_time, has_clip, has_snapshot, frigate_id) VALUES ('1ed2a378-0322-4b07-943c-89a751f6c0c4', 'e2491873-0570-4d58-9c54-c9acabd8a86b', 'restricted_zone', 'high', '{"score": 0.84375, "source": "veedon-edge", "branch_id": "0ab2ca49-ad88-4630-afb6-3ef008e1cef5", "feature_key": "restricted_zone", "engine_event": "1783207300.02809-3i7vd8"}', 'http://localhost:8600/snapshots/1ed2a378-0322-4b07-943c-89a751f6c0c4.jpg', '2026-07-04 23:21:41.094571+00', false, '{}', NULL, NULL, NULL, NULL, NULL, NULL, NULL, false, false, NULL);
INSERT INTO public.events (id, camera_id, event_type, severity, metadata, snapshot_url, detected_at, reviewed, attributes, face_id, license_plate, zones, sub_label, top_score, start_time, end_time, has_clip, has_snapshot, frigate_id) VALUES ('6f8df193-6dca-4aa8-95d4-ff44578eebf5', 'e2491873-0570-4d58-9c54-c9acabd8a86b', 'restricted_zone', 'high', '{"score": 0.83203125, "source": "veedon-edge", "branch_id": "0ab2ca49-ad88-4630-afb6-3ef008e1cef5", "feature_key": "restricted_zone", "engine_event": "1783207354.025622-2y2hmf"}', 'http://localhost:8600/snapshots/6f8df193-6dca-4aa8-95d4-ff44578eebf5.jpg', '2026-07-04 23:22:35.502084+00', false, '{}', NULL, NULL, NULL, NULL, NULL, NULL, NULL, false, false, NULL);
INSERT INTO public.events (id, camera_id, event_type, severity, metadata, snapshot_url, detected_at, reviewed, attributes, face_id, license_plate, zones, sub_label, top_score, start_time, end_time, has_clip, has_snapshot, frigate_id) VALUES ('0a0eeca7-34ed-4b52-b011-5da96a8f67a9', 'e2491873-0570-4d58-9c54-c9acabd8a86b', 'restricted_zone', 'high', '{"score": 0.84375, "source": "veedon-edge", "branch_id": "0ab2ca49-ad88-4630-afb6-3ef008e1cef5", "feature_key": "restricted_zone", "engine_event": "1783207408.023636-gc1dss"}', 'http://localhost:8600/snapshots/0a0eeca7-34ed-4b52-b011-5da96a8f67a9.jpg', '2026-07-04 23:23:30.026469+00', false, '{}', NULL, NULL, NULL, NULL, NULL, NULL, NULL, false, false, NULL);
INSERT INTO public.events (id, camera_id, event_type, severity, metadata, snapshot_url, detected_at, reviewed, attributes, face_id, license_plate, zones, sub_label, top_score, start_time, end_time, has_clip, has_snapshot, frigate_id) VALUES ('b12464ad-f01c-4529-a99e-166c14e528c2', 'e2491873-0570-4d58-9c54-c9acabd8a86b', 'restricted_zone', 'high', '{"score": 0.8046875, "source": "veedon-edge", "branch_id": "0ab2ca49-ad88-4630-afb6-3ef008e1cef5", "feature_key": "restricted_zone", "engine_event": "1783207461.854711-gb76ir"}', 'http://localhost:8600/snapshots/b12464ad-f01c-4529-a99e-166c14e528c2.jpg', '2026-07-04 23:24:24.492821+00', false, '{}', NULL, NULL, NULL, NULL, NULL, NULL, NULL, false, false, NULL);
INSERT INTO public.events (id, camera_id, event_type, severity, metadata, snapshot_url, detected_at, reviewed, attributes, face_id, license_plate, zones, sub_label, top_score, start_time, end_time, has_clip, has_snapshot, frigate_id) VALUES ('97d78609-b951-4056-9acd-f15552b9b682', 'e2491873-0570-4d58-9c54-c9acabd8a86b', 'restricted_zone', 'high', '{"score": 0.84375, "source": "veedon-edge", "branch_id": "0ab2ca49-ad88-4630-afb6-3ef008e1cef5", "feature_key": "restricted_zone", "engine_event": "1783207515.853142-2zwu9w"}', 'http://localhost:8600/snapshots/97d78609-b951-4056-9acd-f15552b9b682.jpg', '2026-07-04 23:25:18.965005+00', false, '{}', NULL, NULL, NULL, NULL, NULL, NULL, NULL, false, false, NULL);
INSERT INTO public.events (id, camera_id, event_type, severity, metadata, snapshot_url, detected_at, reviewed, attributes, face_id, license_plate, zones, sub_label, top_score, start_time, end_time, has_clip, has_snapshot, frigate_id) VALUES ('5364ef16-5676-43dc-a5b9-cbc17cb080fb', 'e2491873-0570-4d58-9c54-c9acabd8a86b', 'restricted_zone', 'high', '{"score": 0.8046875, "source": "veedon-edge", "branch_id": "0ab2ca49-ad88-4630-afb6-3ef008e1cef5", "feature_key": "restricted_zone", "engine_event": "1783207569.684298-mcdfw2"}', 'http://localhost:8600/snapshots/5364ef16-5676-43dc-a5b9-cbc17cb080fb.jpg', '2026-07-04 23:26:13.43555+00', false, '{}', NULL, NULL, NULL, NULL, NULL, NULL, NULL, false, false, NULL);
INSERT INTO public.events (id, camera_id, event_type, severity, metadata, snapshot_url, detected_at, reviewed, attributes, face_id, license_plate, zones, sub_label, top_score, start_time, end_time, has_clip, has_snapshot, frigate_id) VALUES ('fb5ee03f-3c87-4bb3-9b68-5fe82f05247d', 'e2491873-0570-4d58-9c54-c9acabd8a86b', 'restricted_zone', 'high', '{"score": 0.83203125, "source": "veedon-edge", "branch_id": "0ab2ca49-ad88-4630-afb6-3ef008e1cef5", "feature_key": "restricted_zone", "engine_event": "1783207623.684005-1qep9k"}', 'http://localhost:8600/snapshots/fb5ee03f-3c87-4bb3-9b68-5fe82f05247d.jpg', '2026-07-04 23:27:07.891722+00', false, '{}', NULL, NULL, NULL, NULL, NULL, NULL, NULL, false, false, NULL);
INSERT INTO public.events (id, camera_id, event_type, severity, metadata, snapshot_url, detected_at, reviewed, attributes, face_id, license_plate, zones, sub_label, top_score, start_time, end_time, has_clip, has_snapshot, frigate_id) VALUES ('2e3d0cc8-9f04-457f-ada3-5001fab31fad', 'e2491873-0570-4d58-9c54-c9acabd8a86b', 'restricted_zone', 'high', '{"score": 0.84375, "source": "veedon-edge", "branch_id": "0ab2ca49-ad88-4630-afb6-3ef008e1cef5", "feature_key": "restricted_zone", "engine_event": "1783207677.679405-dhneuj"}', 'http://localhost:8600/snapshots/2e3d0cc8-9f04-457f-ada3-5001fab31fad.jpg', '2026-07-04 23:28:02.368944+00', false, '{}', NULL, NULL, NULL, NULL, NULL, NULL, NULL, false, false, NULL);
INSERT INTO public.events (id, camera_id, event_type, severity, metadata, snapshot_url, detected_at, reviewed, attributes, face_id, license_plate, zones, sub_label, top_score, start_time, end_time, has_clip, has_snapshot, frigate_id) VALUES ('1eff6e0f-6aeb-4831-9ee7-821bc368b6c1', 'e2491873-0570-4d58-9c54-c9acabd8a86b', 'restricted_zone', 'high', '{"score": 0.8046875, "source": "veedon-edge", "branch_id": "0ab2ca49-ad88-4630-afb6-3ef008e1cef5", "feature_key": "restricted_zone", "engine_event": "1783207731.425803-aq2gze"}', 'http://localhost:8600/snapshots/1eff6e0f-6aeb-4831-9ee7-821bc368b6c1.jpg', '2026-07-04 23:28:56.770151+00', false, '{}', NULL, NULL, NULL, NULL, NULL, NULL, NULL, false, false, NULL);
INSERT INTO public.events (id, camera_id, event_type, severity, metadata, snapshot_url, detected_at, reviewed, attributes, face_id, license_plate, zones, sub_label, top_score, start_time, end_time, has_clip, has_snapshot, frigate_id) VALUES ('f5778185-77f7-4c07-818d-f8109efc51fb', 'e2491873-0570-4d58-9c54-c9acabd8a86b', 'restricted_zone', 'high', '{"score": 0.84375, "source": "veedon-edge", "branch_id": "0ab2ca49-ad88-4630-afb6-3ef008e1cef5", "feature_key": "restricted_zone", "engine_event": "1783207785.425318-ljss7j"}', 'http://localhost:8600/snapshots/f5778185-77f7-4c07-818d-f8109efc51fb.jpg', '2026-07-04 23:29:51.204424+00', false, '{}', NULL, NULL, NULL, NULL, NULL, NULL, NULL, false, false, NULL);
INSERT INTO public.events (id, camera_id, event_type, severity, metadata, snapshot_url, detected_at, reviewed, attributes, face_id, license_plate, zones, sub_label, top_score, start_time, end_time, has_clip, has_snapshot, frigate_id) VALUES ('2d7d7798-99d2-417c-93cb-49cc42af98cf', 'e2491873-0570-4d58-9c54-c9acabd8a86b', 'restricted_zone', 'high', '{"score": 0.8046875, "source": "veedon-edge", "branch_id": "0ab2ca49-ad88-4630-afb6-3ef008e1cef5", "feature_key": "restricted_zone", "engine_event": "1783207839.256188-r24rim"}', 'http://localhost:8600/snapshots/2d7d7798-99d2-417c-93cb-49cc42af98cf.jpg', '2026-07-04 23:30:45.65118+00', false, '{}', NULL, NULL, NULL, NULL, NULL, NULL, NULL, false, false, NULL);
INSERT INTO public.events (id, camera_id, event_type, severity, metadata, snapshot_url, detected_at, reviewed, attributes, face_id, license_plate, zones, sub_label, top_score, start_time, end_time, has_clip, has_snapshot, frigate_id) VALUES ('138603dd-b618-40e6-8587-22784cb81fb5', 'e2491873-0570-4d58-9c54-c9acabd8a86b', 'restricted_zone', 'high', '{"score": 0.84375, "source": "veedon-edge", "branch_id": "0ab2ca49-ad88-4630-afb6-3ef008e1cef5", "feature_key": "restricted_zone", "engine_event": "1783207910.669453-zhibcp"}', 'http://localhost:8600/snapshots/138603dd-b618-40e6-8587-22784cb81fb5.jpg', '2026-07-04 23:31:52.180205+00', false, '{}', NULL, NULL, NULL, NULL, NULL, NULL, NULL, false, false, NULL);
INSERT INTO public.events (id, camera_id, event_type, severity, metadata, snapshot_url, detected_at, reviewed, attributes, face_id, license_plate, zones, sub_label, top_score, start_time, end_time, has_clip, has_snapshot, frigate_id) VALUES ('1d8414de-8769-44e4-ad84-2dfc6554d4ad', 'e2491873-0570-4d58-9c54-c9acabd8a86b', 'restricted_zone', 'high', '{"score": 0.84375, "source": "veedon-edge", "branch_id": "0ab2ca49-ad88-4630-afb6-3ef008e1cef5", "feature_key": "restricted_zone", "engine_event": "1783207947.001887-bnubvn"}', 'http://localhost:8600/snapshots/1d8414de-8769-44e4-ad84-2dfc6554d4ad.jpg', '2026-07-04 23:32:28.578715+00', false, '{}', NULL, NULL, NULL, NULL, NULL, NULL, NULL, false, false, NULL);
INSERT INTO public.events (id, camera_id, event_type, severity, metadata, snapshot_url, detected_at, reviewed, attributes, face_id, license_plate, zones, sub_label, top_score, start_time, end_time, has_clip, has_snapshot, frigate_id) VALUES ('7044ba81-10ff-435b-91a9-f0cf9510ac44', 'e2491873-0570-4d58-9c54-c9acabd8a86b', 'restricted_zone', 'high', '{"score": 0.8046875, "source": "veedon-edge", "branch_id": "0ab2ca49-ad88-4630-afb6-3ef008e1cef5", "feature_key": "restricted_zone", "engine_event": "1783208001.000649-thp3bf"}', 'http://localhost:8600/snapshots/7044ba81-10ff-435b-91a9-f0cf9510ac44.jpg', '2026-07-04 23:33:23.040372+00', false, '{}', NULL, NULL, NULL, NULL, NULL, NULL, NULL, false, false, NULL);
INSERT INTO public.events (id, camera_id, event_type, severity, metadata, snapshot_url, detected_at, reviewed, attributes, face_id, license_plate, zones, sub_label, top_score, start_time, end_time, has_clip, has_snapshot, frigate_id) VALUES ('1dd70f9d-6ae5-4e5d-a6c0-13fa9f4ae54d', 'e2491873-0570-4d58-9c54-c9acabd8a86b', 'restricted_zone', 'high', '{"score": 0.84375, "source": "veedon-edge", "branch_id": "0ab2ca49-ad88-4630-afb6-3ef008e1cef5", "feature_key": "restricted_zone", "engine_event": "1783208054.996809-xqibru"}', 'http://localhost:8600/snapshots/1dd70f9d-6ae5-4e5d-a6c0-13fa9f4ae54d.jpg', '2026-07-04 23:34:17.4471+00', false, '{}', NULL, NULL, NULL, NULL, NULL, NULL, NULL, false, false, NULL);
INSERT INTO public.events (id, camera_id, event_type, severity, metadata, snapshot_url, detected_at, reviewed, attributes, face_id, license_plate, zones, sub_label, top_score, start_time, end_time, has_clip, has_snapshot, frigate_id) VALUES ('58c73adf-8f57-4b4a-ac2d-b5e5eae832ba', 'e2491873-0570-4d58-9c54-c9acabd8a86b', 'restricted_zone', 'high', '{"score": 0.8046875, "source": "veedon-edge", "branch_id": "0ab2ca49-ad88-4630-afb6-3ef008e1cef5", "feature_key": "restricted_zone", "engine_event": "1783208108.827621-l7vg1b"}', 'http://localhost:8600/snapshots/58c73adf-8f57-4b4a-ac2d-b5e5eae832ba.jpg', '2026-07-04 23:35:11.907008+00', false, '{}', NULL, NULL, NULL, NULL, NULL, NULL, NULL, false, false, NULL);
INSERT INTO public.events (id, camera_id, event_type, severity, metadata, snapshot_url, detected_at, reviewed, attributes, face_id, license_plate, zones, sub_label, top_score, start_time, end_time, has_clip, has_snapshot, frigate_id) VALUES ('8c88a756-833f-4462-9cbd-3370c28efe68', 'e2491873-0570-4d58-9c54-c9acabd8a86b', 'restricted_zone', 'high', '{"score": 0.84375, "source": "veedon-edge", "branch_id": "0ab2ca49-ad88-4630-afb6-3ef008e1cef5", "feature_key": "restricted_zone", "engine_event": "1783208162.825788-izmijd"}', 'http://localhost:8600/snapshots/8c88a756-833f-4462-9cbd-3370c28efe68.jpg', '2026-07-04 23:36:06.413686+00', false, '{}', NULL, NULL, NULL, NULL, NULL, NULL, NULL, false, false, NULL);
INSERT INTO public.events (id, camera_id, event_type, severity, metadata, snapshot_url, detected_at, reviewed, attributes, face_id, license_plate, zones, sub_label, top_score, start_time, end_time, has_clip, has_snapshot, frigate_id) VALUES ('1a1d65c8-418f-47c5-89e9-abe06280dfa1', 'e2491873-0570-4d58-9c54-c9acabd8a86b', 'restricted_zone', 'high', '{"score": 0.8046875, "source": "veedon-edge", "branch_id": "0ab2ca49-ad88-4630-afb6-3ef008e1cef5", "feature_key": "restricted_zone", "engine_event": "1783208216.657711-ztz13w"}', 'http://localhost:8600/snapshots/1a1d65c8-418f-47c5-89e9-abe06280dfa1.jpg', '2026-07-04 23:37:00.807864+00', false, '{}', NULL, NULL, NULL, NULL, NULL, NULL, NULL, false, false, NULL);
INSERT INTO public.events (id, camera_id, event_type, severity, metadata, snapshot_url, detected_at, reviewed, attributes, face_id, license_plate, zones, sub_label, top_score, start_time, end_time, has_clip, has_snapshot, frigate_id) VALUES ('0f07d97f-9411-4c39-87a0-f99156793951', 'e2491873-0570-4d58-9c54-c9acabd8a86b', 'restricted_zone', 'high', '{"score": 0.83203125, "source": "veedon-edge", "branch_id": "0ab2ca49-ad88-4630-afb6-3ef008e1cef5", "feature_key": "restricted_zone", "engine_event": "1783208270.653947-3bgylu"}', 'http://localhost:8600/snapshots/0f07d97f-9411-4c39-87a0-f99156793951.jpg', '2026-07-04 23:37:55.27957+00', false, '{}', NULL, NULL, NULL, NULL, NULL, NULL, NULL, false, false, NULL);
INSERT INTO public.events (id, camera_id, event_type, severity, metadata, snapshot_url, detected_at, reviewed, attributes, face_id, license_plate, zones, sub_label, top_score, start_time, end_time, has_clip, has_snapshot, frigate_id) VALUES ('a352530b-892f-45e9-9161-d3b2a9244bc1', 'e2491873-0570-4d58-9c54-c9acabd8a86b', 'restricted_zone', 'high', '{"score": 0.84375, "source": "veedon-edge", "branch_id": "0ab2ca49-ad88-4630-afb6-3ef008e1cef5", "feature_key": "restricted_zone", "engine_event": "1783208324.652071-kcl2a9"}', 'http://localhost:8600/snapshots/a352530b-892f-45e9-9161-d3b2a9244bc1.jpg', '2026-07-04 23:38:49.767473+00', false, '{}', NULL, NULL, NULL, NULL, NULL, NULL, NULL, false, false, NULL);
INSERT INTO public.events (id, camera_id, event_type, severity, metadata, snapshot_url, detected_at, reviewed, attributes, face_id, license_plate, zones, sub_label, top_score, start_time, end_time, has_clip, has_snapshot, frigate_id) VALUES ('cb177c79-8d1a-4fea-bc99-8dd9fd9c0d7d', 'e2491873-0570-4d58-9c54-c9acabd8a86b', 'restricted_zone', 'high', '{"score": 0.8046875, "source": "veedon-edge", "branch_id": "0ab2ca49-ad88-4630-afb6-3ef008e1cef5", "feature_key": "restricted_zone", "engine_event": "1783208378.400442-z2egbw"}', 'http://localhost:8600/snapshots/cb177c79-8d1a-4fea-bc99-8dd9fd9c0d7d.jpg', '2026-07-04 23:39:44.144215+00', false, '{}', NULL, NULL, NULL, NULL, NULL, NULL, NULL, false, false, NULL);
INSERT INTO public.events (id, camera_id, event_type, severity, metadata, snapshot_url, detected_at, reviewed, attributes, face_id, license_plate, zones, sub_label, top_score, start_time, end_time, has_clip, has_snapshot, frigate_id) VALUES ('6fb5fb70-1cdb-4d35-9ca1-094172e9bf62', 'e2491873-0570-4d58-9c54-c9acabd8a86b', 'restricted_zone', 'high', '{"score": 0.84375, "source": "veedon-edge", "branch_id": "0ab2ca49-ad88-4630-afb6-3ef008e1cef5", "feature_key": "restricted_zone", "engine_event": "1783208432.398644-royskw"}', 'http://localhost:8600/snapshots/6fb5fb70-1cdb-4d35-9ca1-094172e9bf62.jpg', '2026-07-04 23:40:38.641332+00', false, '{}', NULL, NULL, NULL, NULL, NULL, NULL, NULL, false, false, NULL);
INSERT INTO public.events (id, camera_id, event_type, severity, metadata, snapshot_url, detected_at, reviewed, attributes, face_id, license_plate, zones, sub_label, top_score, start_time, end_time, has_clip, has_snapshot, frigate_id) VALUES ('e5100eb6-5cc5-42ea-9098-ff5082f75e63', 'e2491873-0570-4d58-9c54-c9acabd8a86b', 'restricted_zone', 'high', '{"score": 0.83203125, "source": "veedon-edge", "branch_id": "0ab2ca49-ad88-4630-afb6-3ef008e1cef5", "feature_key": "restricted_zone", "engine_event": "1783208486.228731-dpfj46"}', 'http://localhost:8600/snapshots/e5100eb6-5cc5-42ea-9098-ff5082f75e63.jpg', '2026-07-04 23:41:27.15444+00', false, '{}', NULL, NULL, NULL, NULL, NULL, NULL, NULL, false, false, NULL);
INSERT INTO public.events (id, camera_id, event_type, severity, metadata, snapshot_url, detected_at, reviewed, attributes, face_id, license_plate, zones, sub_label, top_score, start_time, end_time, has_clip, has_snapshot, frigate_id) VALUES ('747e50fa-65ec-4a89-8aa4-a7ec2d2e7aa9', 'e2491873-0570-4d58-9c54-c9acabd8a86b', 'restricted_zone', 'high', '{"score": 0.84375, "source": "veedon-edge", "branch_id": "0ab2ca49-ad88-4630-afb6-3ef008e1cef5", "feature_key": "restricted_zone", "engine_event": "1783208540.22623-x8i08w"}', 'http://localhost:8600/snapshots/747e50fa-65ec-4a89-8aa4-a7ec2d2e7aa9.jpg', '2026-07-04 23:42:21.562408+00', false, '{}', NULL, NULL, NULL, NULL, NULL, NULL, NULL, false, false, NULL);
INSERT INTO public.events (id, camera_id, event_type, severity, metadata, snapshot_url, detected_at, reviewed, attributes, face_id, license_plate, zones, sub_label, top_score, start_time, end_time, has_clip, has_snapshot, frigate_id) VALUES ('a857be7d-fb8f-4646-9f4c-be9144a2a5d8', 'e2491873-0570-4d58-9c54-c9acabd8a86b', 'restricted_zone', 'high', '{"score": 0.84375, "source": "veedon-edge", "branch_id": "0ab2ca49-ad88-4630-afb6-3ef008e1cef5", "feature_key": "restricted_zone", "engine_event": "1783208593.974439-3mm77d"}', 'http://localhost:8600/snapshots/a857be7d-fb8f-4646-9f4c-be9144a2a5d8.jpg', '2026-07-04 23:43:16.018082+00', false, '{}', NULL, NULL, NULL, NULL, NULL, NULL, NULL, false, false, NULL);
INSERT INTO public.events (id, camera_id, event_type, severity, metadata, snapshot_url, detected_at, reviewed, attributes, face_id, license_plate, zones, sub_label, top_score, start_time, end_time, has_clip, has_snapshot, frigate_id) VALUES ('f8462fad-68e9-4ddf-83a9-6798491e08e6', 'e2491873-0570-4d58-9c54-c9acabd8a86b', 'restricted_zone', 'high', '{"score": 0.8046875, "source": "veedon-edge", "branch_id": "0ab2ca49-ad88-4630-afb6-3ef008e1cef5", "feature_key": "restricted_zone", "engine_event": "1783208647.972116-19ti8x"}', 'http://localhost:8600/snapshots/f8462fad-68e9-4ddf-83a9-6798491e08e6.jpg', '2026-07-04 23:44:10.491348+00', false, '{}', NULL, NULL, NULL, NULL, NULL, NULL, NULL, false, false, NULL);
INSERT INTO public.events (id, camera_id, event_type, severity, metadata, snapshot_url, detected_at, reviewed, attributes, face_id, license_plate, zones, sub_label, top_score, start_time, end_time, has_clip, has_snapshot, frigate_id) VALUES ('64703895-8fd4-4f0e-b8c5-923b37acb503', 'e2491873-0570-4d58-9c54-c9acabd8a86b', 'restricted_zone', 'high', '{"score": 0.84375, "source": "veedon-edge", "branch_id": "0ab2ca49-ad88-4630-afb6-3ef008e1cef5", "feature_key": "restricted_zone", "engine_event": "1783208701.969762-cz64kx"}', 'http://localhost:8600/snapshots/64703895-8fd4-4f0e-b8c5-923b37acb503.jpg', '2026-07-04 23:45:04.904071+00', false, '{}', NULL, NULL, NULL, NULL, NULL, NULL, NULL, false, false, NULL);
INSERT INTO public.events (id, camera_id, event_type, severity, metadata, snapshot_url, detected_at, reviewed, attributes, face_id, license_plate, zones, sub_label, top_score, start_time, end_time, has_clip, has_snapshot, frigate_id) VALUES ('22c9dc1f-ea84-406e-87f0-4b6b8405038d', 'e2491873-0570-4d58-9c54-c9acabd8a86b', 'table_cleanliness', 'info', '{"score": 0.0, "source": "veedon-edge", "ai_note": "تحليل AI غير مفعّل (ANTHROPIC_API_KEY غير موجود)", "branch_id": "0ab2ca49-ad88-4630-afb6-3ef008e1cef5", "feature_key": "table_cleanliness"}', 'http://localhost:8600/snapshots/22c9dc1f-ea84-406e-87f0-4b6b8405038d.jpg', '2026-07-05 04:20:02.101136+00', true, '{}', NULL, NULL, NULL, NULL, NULL, NULL, NULL, false, false, NULL);
INSERT INTO public.events (id, camera_id, event_type, severity, metadata, snapshot_url, detected_at, reviewed, attributes, face_id, license_plate, zones, sub_label, top_score, start_time, end_time, has_clip, has_snapshot, frigate_id) VALUES ('541b5b52-b616-488d-b7b3-6b7b8ad809be', 'e2491873-0570-4d58-9c54-c9acabd8a86b', 'table_cleanliness', 'info', '{"score": 0.0, "source": "veedon-edge", "ai_note": "تحليل AI غير مفعّل (ANTHROPIC_API_KEY غير موجود)", "branch_id": "0ab2ca49-ad88-4630-afb6-3ef008e1cef5", "feature_key": "table_cleanliness"}', 'http://localhost:8600/snapshots/541b5b52-b616-488d-b7b3-6b7b8ad809be.jpg', '2026-07-05 05:20:32.288545+00', true, '{}', NULL, NULL, NULL, NULL, NULL, NULL, NULL, false, false, NULL);
INSERT INTO public.events (id, camera_id, event_type, severity, metadata, snapshot_url, detected_at, reviewed, attributes, face_id, license_plate, zones, sub_label, top_score, start_time, end_time, has_clip, has_snapshot, frigate_id) VALUES ('9a9763f7-e42b-49d1-835c-e944ecaece65', 'e2491873-0570-4d58-9c54-c9acabd8a86b', 'restricted_zone', 'high', '{"score": 0.796875, "source": "veedon-edge", "branch_id": "0ab2ca49-ad88-4630-afb6-3ef008e1cef5", "feature_key": "restricted_zone", "engine_event": "1783233961.293247-wbpx6z"}', 'http://localhost:8600/snapshots/9a9763f7-e42b-49d1-835c-e944ecaece65.jpg', '2026-07-05 06:46:33.776603+00', false, '{}', NULL, NULL, NULL, NULL, NULL, NULL, NULL, false, false, NULL);
INSERT INTO public.events (id, camera_id, event_type, severity, metadata, snapshot_url, detected_at, reviewed, attributes, face_id, license_plate, zones, sub_label, top_score, start_time, end_time, has_clip, has_snapshot, frigate_id) VALUES ('63e37a11-d4a3-4f65-9b3c-de677e3b99d0', 'e2491873-0570-4d58-9c54-c9acabd8a86b', 'phone_usage', 'high', '{"model": "veedon-detect-v1.onnx", "score": 0.8319178819656372, "source": "veedon-edge", "branch_id": "0ab2ca49-ad88-4630-afb6-3ef008e1cef5", "detections": ["chair"], "feature_key": "phone_usage"}', 'http://localhost:8600/snapshots/63e37a11-d4a3-4f65-9b3c-de677e3b99d0.jpg', '2026-07-05 05:51:06.687922+00', false, '{}', NULL, NULL, NULL, NULL, NULL, NULL, NULL, false, false, NULL);
INSERT INTO public.events (id, camera_id, event_type, severity, metadata, snapshot_url, detected_at, reviewed, attributes, face_id, license_plate, zones, sub_label, top_score, start_time, end_time, has_clip, has_snapshot, frigate_id) VALUES ('e926731e-92d5-4e41-969d-87231af1604d', 'e2491873-0570-4d58-9c54-c9acabd8a86b', 'phone_usage', 'high', '{"model": "veedon-detect-v1.onnx", "score": 0.8344289064407349, "source": "veedon-edge", "branch_id": "0ab2ca49-ad88-4630-afb6-3ef008e1cef5", "detections": ["chair"], "feature_key": "phone_usage"}', 'http://localhost:8600/snapshots/e926731e-92d5-4e41-969d-87231af1604d.jpg', '2026-07-05 05:51:16.804249+00', false, '{}', NULL, NULL, NULL, NULL, NULL, NULL, NULL, false, false, NULL);
INSERT INTO public.events (id, camera_id, event_type, severity, metadata, snapshot_url, detected_at, reviewed, attributes, face_id, license_plate, zones, sub_label, top_score, start_time, end_time, has_clip, has_snapshot, frigate_id) VALUES ('4fbd9ce1-927b-4215-8e1c-8c360d1e0994', 'e2491873-0570-4d58-9c54-c9acabd8a86b', 'phone_usage', 'high', '{"model": "veedon-detect-v1.onnx", "score": 0.7994805574417114, "source": "veedon-edge", "branch_id": "0ab2ca49-ad88-4630-afb6-3ef008e1cef5", "detections": ["chair"], "feature_key": "phone_usage"}', 'http://localhost:8600/snapshots/4fbd9ce1-927b-4215-8e1c-8c360d1e0994.jpg', '2026-07-05 05:51:26.921557+00', false, '{}', NULL, NULL, NULL, NULL, NULL, NULL, NULL, false, false, NULL);
INSERT INTO public.events (id, camera_id, event_type, severity, metadata, snapshot_url, detected_at, reviewed, attributes, face_id, license_plate, zones, sub_label, top_score, start_time, end_time, has_clip, has_snapshot, frigate_id) VALUES ('c0f45dd9-fb94-4a9c-ba1f-278df138ce67', 'e2491873-0570-4d58-9c54-c9acabd8a86b', 'table_cleanliness', 'info', '{"score": 0.0, "source": "veedon-edge", "ai_note": "تحليل AI غير مفعّل (ANTHROPIC_API_KEY غير موجود)", "branch_id": "0ab2ca49-ad88-4630-afb6-3ef008e1cef5", "feature_key": "table_cleanliness"}', 'http://localhost:8600/snapshots/c0f45dd9-fb94-4a9c-ba1f-278df138ce67.jpg', '2026-07-05 06:47:04.010667+00', true, '{}', NULL, NULL, NULL, NULL, NULL, NULL, NULL, false, false, NULL);
INSERT INTO public.events (id, camera_id, event_type, severity, metadata, snapshot_url, detected_at, reviewed, attributes, face_id, license_plate, zones, sub_label, top_score, start_time, end_time, has_clip, has_snapshot, frigate_id) VALUES ('be54176d-8111-433c-9be5-67c2b1996826', 'e2491873-0570-4d58-9c54-c9acabd8a86b', 'restricted_zone', 'high', '{"score": 0.84375, "source": "veedon-edge", "branch_id": "0ab2ca49-ad88-4630-afb6-3ef008e1cef5", "feature_key": "restricted_zone", "engine_event": "1783234082.963893-yimysc"}', 'http://localhost:8600/snapshots/be54176d-8111-433c-9be5-67c2b1996826.jpg', '2026-07-05 06:48:10.605387+00', false, '{}', NULL, NULL, NULL, NULL, NULL, NULL, NULL, false, false, NULL);
INSERT INTO public.events (id, camera_id, event_type, severity, metadata, snapshot_url, detected_at, reviewed, attributes, face_id, license_plate, zones, sub_label, top_score, start_time, end_time, has_clip, has_snapshot, frigate_id) VALUES ('6a66c4e6-c11d-45c9-82c3-de7f6aa7b4d4', 'e2491873-0570-4d58-9c54-c9acabd8a86b', 'restricted_zone', 'high', '{"score": 0.53515625, "source": "veedon-edge", "branch_id": "0ab2ca49-ad88-4630-afb6-3ef008e1cef5", "feature_key": "restricted_zone", "engine_event": "1783234119.263521-rmxj5e"}', 'http://localhost:8600/snapshots/6a66c4e6-c11d-45c9-82c3-de7f6aa7b4d4.jpg', '2026-07-05 06:48:46.935171+00', false, '{}', NULL, NULL, NULL, NULL, NULL, NULL, NULL, false, false, NULL);
INSERT INTO public.events (id, camera_id, event_type, severity, metadata, snapshot_url, detected_at, reviewed, attributes, face_id, license_plate, zones, sub_label, top_score, start_time, end_time, has_clip, has_snapshot, frigate_id) VALUES ('94b8265b-6098-496a-9f4c-bfee9c7adff3', 'e2491873-0570-4d58-9c54-c9acabd8a86b', 'restricted_zone', 'high', '{"score": 0.84375, "source": "veedon-edge", "branch_id": "0ab2ca49-ad88-4630-afb6-3ef008e1cef5", "feature_key": "restricted_zone", "engine_event": "1783234162.070256-gcsyj8"}', 'http://localhost:8600/snapshots/94b8265b-6098-496a-9f4c-bfee9c7adff3.jpg', '2026-07-05 06:49:29.303499+00', false, '{}', NULL, NULL, NULL, NULL, NULL, NULL, NULL, false, false, NULL);
INSERT INTO public.events (id, camera_id, event_type, severity, metadata, snapshot_url, detected_at, reviewed, attributes, face_id, license_plate, zones, sub_label, top_score, start_time, end_time, has_clip, has_snapshot, frigate_id) VALUES ('cbc9a0af-3b6b-444d-bdce-42b89816e1f4', 'e2491873-0570-4d58-9c54-c9acabd8a86b', 'restricted_zone', 'high', '{"score": 0.84375, "source": "veedon-edge", "branch_id": "0ab2ca49-ad88-4630-afb6-3ef008e1cef5", "feature_key": "restricted_zone", "engine_event": "1783234318.412942-mjq70c"}', 'http://localhost:8600/snapshots/cbc9a0af-3b6b-444d-bdce-42b89816e1f4.jpg', '2026-07-05 06:52:06.515825+00', false, '{}', NULL, NULL, NULL, NULL, NULL, NULL, NULL, false, false, NULL);
INSERT INTO public.events (id, camera_id, event_type, severity, metadata, snapshot_url, detected_at, reviewed, attributes, face_id, license_plate, zones, sub_label, top_score, start_time, end_time, has_clip, has_snapshot, frigate_id) VALUES ('c55e897c-b16c-446e-bd0e-b30ecf73c03b', 'e2491873-0570-4d58-9c54-c9acabd8a86b', 'restricted_zone', 'high', '{"score": 0.7265625, "source": "veedon-edge", "branch_id": "0ab2ca49-ad88-4630-afb6-3ef008e1cef5", "feature_key": "restricted_zone", "engine_event": "1783234518.363859-xjdjbq"}', 'http://localhost:8600/snapshots/c55e897c-b16c-446e-bd0e-b30ecf73c03b.jpg', '2026-07-05 06:55:26.172115+00', false, '{}', NULL, NULL, NULL, NULL, NULL, NULL, NULL, false, false, NULL);
INSERT INTO public.events (id, camera_id, event_type, severity, metadata, snapshot_url, detected_at, reviewed, attributes, face_id, license_plate, zones, sub_label, top_score, start_time, end_time, has_clip, has_snapshot, frigate_id) VALUES ('caf72369-1b53-43de-aa63-3fa3b1de45f6', 'e2491873-0570-4d58-9c54-c9acabd8a86b', 'restricted_zone', 'high', '{"score": 0.76171875, "source": "veedon-edge", "branch_id": "0ab2ca49-ad88-4630-afb6-3ef008e1cef5", "feature_key": "restricted_zone", "engine_event": "1783234524.880551-gxn7n1"}', 'http://localhost:8600/snapshots/caf72369-1b53-43de-aa63-3fa3b1de45f6.jpg', '2026-07-05 06:55:56.532527+00', false, '{}', NULL, NULL, NULL, NULL, NULL, NULL, NULL, false, false, NULL);
INSERT INTO public.events (id, camera_id, event_type, severity, metadata, snapshot_url, detected_at, reviewed, attributes, face_id, license_plate, zones, sub_label, top_score, start_time, end_time, has_clip, has_snapshot, frigate_id) VALUES ('43a44c5b-b8f0-473c-a604-fbb9ce0e683c', 'e2491873-0570-4d58-9c54-c9acabd8a86b', 'crowding', 'high', '{"count": 5, "score": 5.0, "source": "veedon-edge", "branch_id": "0ab2ca49-ad88-4630-afb6-3ef008e1cef5", "feature_key": "crowding"}', 'http://localhost:8600/snapshots/43a44c5b-b8f0-473c-a604-fbb9ce0e683c.jpg', '2026-07-05 06:56:20.739087+00', false, '{}', NULL, NULL, NULL, NULL, NULL, NULL, NULL, false, false, NULL);
INSERT INTO public.events (id, camera_id, event_type, severity, metadata, snapshot_url, detected_at, reviewed, attributes, face_id, license_plate, zones, sub_label, top_score, start_time, end_time, has_clip, has_snapshot, frigate_id) VALUES ('f51867f8-b2c4-4b1d-9082-8ac48d225864', 'e2491873-0570-4d58-9c54-c9acabd8a86b', 'restricted_zone', 'high', '{"score": 0.8046875, "source": "veedon-edge", "branch_id": "0ab2ca49-ad88-4630-afb6-3ef008e1cef5", "feature_key": "restricted_zone", "engine_event": "1783208755.799993-2py1fv"}', 'http://localhost:8600/snapshots/f51867f8-b2c4-4b1d-9082-8ac48d225864.jpg', '2026-07-04 23:45:59.491896+00', false, '{}', NULL, NULL, NULL, NULL, NULL, NULL, NULL, false, false, NULL);
INSERT INTO public.events (id, camera_id, event_type, severity, metadata, snapshot_url, detected_at, reviewed, attributes, face_id, license_plate, zones, sub_label, top_score, start_time, end_time, has_clip, has_snapshot, frigate_id) VALUES ('b5ff5b20-372c-44a3-ae00-39abe1ca674b', 'e2491873-0570-4d58-9c54-c9acabd8a86b', 'restricted_zone', 'high', '{"score": 0.84375, "source": "veedon-edge", "branch_id": "0ab2ca49-ad88-4630-afb6-3ef008e1cef5", "feature_key": "restricted_zone", "engine_event": "1783208809.797668-hyiqka"}', 'http://localhost:8600/snapshots/b5ff5b20-372c-44a3-ae00-39abe1ca674b.jpg', '2026-07-04 23:46:53.915649+00', false, '{}', NULL, NULL, NULL, NULL, NULL, NULL, NULL, false, false, NULL);
INSERT INTO public.events (id, camera_id, event_type, severity, metadata, snapshot_url, detected_at, reviewed, attributes, face_id, license_plate, zones, sub_label, top_score, start_time, end_time, has_clip, has_snapshot, frigate_id) VALUES ('18f81628-dc93-47b8-a1c4-6c62755514cb', 'e2491873-0570-4d58-9c54-c9acabd8a86b', 'restricted_zone', 'high', '{"score": 0.8046875, "source": "veedon-edge", "branch_id": "0ab2ca49-ad88-4630-afb6-3ef008e1cef5", "feature_key": "restricted_zone", "engine_event": "1783208863.629376-niiku5"}', 'http://localhost:8600/snapshots/18f81628-dc93-47b8-a1c4-6c62755514cb.jpg', '2026-07-04 23:47:48.302855+00', false, '{}', NULL, NULL, NULL, NULL, NULL, NULL, NULL, false, false, NULL);
INSERT INTO public.events (id, camera_id, event_type, severity, metadata, snapshot_url, detected_at, reviewed, attributes, face_id, license_plate, zones, sub_label, top_score, start_time, end_time, has_clip, has_snapshot, frigate_id) VALUES ('2d0d3928-c6f9-4df4-be4e-51d9002145bb', 'e2491873-0570-4d58-9c54-c9acabd8a86b', 'restricted_zone', 'high', '{"score": 0.83203125, "source": "veedon-edge", "branch_id": "0ab2ca49-ad88-4630-afb6-3ef008e1cef5", "feature_key": "restricted_zone", "engine_event": "1783208917.627414-ze2j47"}', 'http://localhost:8600/snapshots/2d0d3928-c6f9-4df4-be4e-51d9002145bb.jpg', '2026-07-04 23:48:42.738961+00', false, '{}', NULL, NULL, NULL, NULL, NULL, NULL, NULL, false, false, NULL);
INSERT INTO public.events (id, camera_id, event_type, severity, metadata, snapshot_url, detected_at, reviewed, attributes, face_id, license_plate, zones, sub_label, top_score, start_time, end_time, has_clip, has_snapshot, frigate_id) VALUES ('9713bc7a-6e14-4ce0-879a-2c193dc6e1f9', 'e2491873-0570-4d58-9c54-c9acabd8a86b', 'restricted_zone', 'high', '{"score": 0.84375, "source": "veedon-edge", "branch_id": "0ab2ca49-ad88-4630-afb6-3ef008e1cef5", "feature_key": "restricted_zone", "engine_event": "1783208971.624316-ytsgrx"}', 'http://localhost:8600/snapshots/9713bc7a-6e14-4ce0-879a-2c193dc6e1f9.jpg', '2026-07-04 23:49:37.203005+00', false, '{}', NULL, NULL, NULL, NULL, NULL, NULL, NULL, false, false, NULL);
INSERT INTO public.events (id, camera_id, event_type, severity, metadata, snapshot_url, detected_at, reviewed, attributes, face_id, license_plate, zones, sub_label, top_score, start_time, end_time, has_clip, has_snapshot, frigate_id) VALUES ('25bc6102-1980-4a3d-8f37-5420f5204c97', 'e2491873-0570-4d58-9c54-c9acabd8a86b', 'restricted_zone', 'high', '{"score": 0.8046875, "source": "veedon-edge", "branch_id": "0ab2ca49-ad88-4630-afb6-3ef008e1cef5", "feature_key": "restricted_zone", "engine_event": "1783209025.371525-cw2dxg"}', 'http://localhost:8600/snapshots/25bc6102-1980-4a3d-8f37-5420f5204c97.jpg', '2026-07-04 23:50:31.754138+00', false, '{}', NULL, NULL, NULL, NULL, NULL, NULL, NULL, false, false, NULL);
INSERT INTO public.events (id, camera_id, event_type, severity, metadata, snapshot_url, detected_at, reviewed, attributes, face_id, license_plate, zones, sub_label, top_score, start_time, end_time, has_clip, has_snapshot, frigate_id) VALUES ('e605e4ed-581a-4811-8d5e-c0e8d41fff50', 'e2491873-0570-4d58-9c54-c9acabd8a86b', 'restricted_zone', 'high', '{"score": 0.83984375, "source": "veedon-edge", "branch_id": "0ab2ca49-ad88-4630-afb6-3ef008e1cef5", "feature_key": "restricted_zone", "engine_event": "1783209096.786148-jkrkvg"}', 'http://localhost:8600/snapshots/e605e4ed-581a-4811-8d5e-c0e8d41fff50.jpg', '2026-07-04 23:51:38.317786+00', false, '{}', NULL, NULL, NULL, NULL, NULL, NULL, NULL, false, false, NULL);
INSERT INTO public.events (id, camera_id, event_type, severity, metadata, snapshot_url, detected_at, reviewed, attributes, face_id, license_plate, zones, sub_label, top_score, start_time, end_time, has_clip, has_snapshot, frigate_id) VALUES ('b23128ad-b018-45eb-8f9e-81abb999885c', 'e2491873-0570-4d58-9c54-c9acabd8a86b', 'restricted_zone', 'high', '{"score": 0.83203125, "source": "veedon-edge", "branch_id": "0ab2ca49-ad88-4630-afb6-3ef008e1cef5", "feature_key": "restricted_zone", "engine_event": "1783209133.201511-jq7ytr"}', 'http://localhost:8600/snapshots/b23128ad-b018-45eb-8f9e-81abb999885c.jpg', '2026-07-04 23:52:14.608428+00', false, '{}', NULL, NULL, NULL, NULL, NULL, NULL, NULL, false, false, NULL);
INSERT INTO public.events (id, camera_id, event_type, severity, metadata, snapshot_url, detected_at, reviewed, attributes, face_id, license_plate, zones, sub_label, top_score, start_time, end_time, has_clip, has_snapshot, frigate_id) VALUES ('30b4625f-7d3a-453d-95dd-315a287027db', 'e2491873-0570-4d58-9c54-c9acabd8a86b', 'restricted_zone', 'high', '{"score": 0.84375, "source": "veedon-edge", "branch_id": "0ab2ca49-ad88-4630-afb6-3ef008e1cef5", "feature_key": "restricted_zone", "engine_event": "1783209187.199343-4qhvck"}', 'http://localhost:8600/snapshots/30b4625f-7d3a-453d-95dd-315a287027db.jpg', '2026-07-04 23:53:09.030156+00', false, '{}', NULL, NULL, NULL, NULL, NULL, NULL, NULL, false, false, NULL);
INSERT INTO public.events (id, camera_id, event_type, severity, metadata, snapshot_url, detected_at, reviewed, attributes, face_id, license_plate, zones, sub_label, top_score, start_time, end_time, has_clip, has_snapshot, frigate_id) VALUES ('6ae4ed2f-6b1a-4e25-98e1-19c837143a3d', 'e2491873-0570-4d58-9c54-c9acabd8a86b', 'restricted_zone', 'high', '{"score": 0.84375, "source": "veedon-edge", "branch_id": "0ab2ca49-ad88-4630-afb6-3ef008e1cef5", "feature_key": "restricted_zone", "engine_event": "1783209240.945716-hlmigc"}', 'http://localhost:8600/snapshots/6ae4ed2f-6b1a-4e25-98e1-19c837143a3d.jpg', '2026-07-04 23:54:03.498783+00', false, '{}', NULL, NULL, NULL, NULL, NULL, NULL, NULL, false, false, NULL);
INSERT INTO public.events (id, camera_id, event_type, severity, metadata, snapshot_url, detected_at, reviewed, attributes, face_id, license_plate, zones, sub_label, top_score, start_time, end_time, has_clip, has_snapshot, frigate_id) VALUES ('ec601291-0edc-470a-ae94-c270266f31a8', 'e2491873-0570-4d58-9c54-c9acabd8a86b', 'fight_detection', 'high', '{"source": "veedon-edge", "ai_note": "تشابك بين طالبين قرب البوابة", "feature_key": "fight_detection"}', NULL, '2026-07-05 06:49:32.09742+00', false, '{}', NULL, NULL, NULL, NULL, NULL, NULL, NULL, false, false, NULL);
INSERT INTO public.events (id, camera_id, event_type, severity, metadata, snapshot_url, detected_at, reviewed, attributes, face_id, license_plate, zones, sub_label, top_score, start_time, end_time, has_clip, has_snapshot, frigate_id) VALUES ('ae5ff0cb-aeb3-4e76-8d1b-9581e44ef274', 'e2491873-0570-4d58-9c54-c9acabd8a86b', 'student_sleeping', 'info', '{"source": "veedon-edge", "ai_note": "طالب واضع رأسه على الطاولة", "feature_key": "student_sleeping"}', NULL, '2026-07-05 06:49:32.09742+00', false, '{}', NULL, NULL, NULL, NULL, NULL, NULL, NULL, false, false, NULL);
INSERT INTO public.events (id, camera_id, event_type, severity, metadata, snapshot_url, detected_at, reviewed, attributes, face_id, license_plate, zones, sub_label, top_score, start_time, end_time, has_clip, has_snapshot, frigate_id) VALUES ('39c7a08e-4fd2-4cc4-9c3d-9664db67b172', 'e2491873-0570-4d58-9c54-c9acabd8a86b', 'restricted_zone', 'high', '{"score": 0.8046875, "source": "veedon-edge", "branch_id": "0ab2ca49-ad88-4630-afb6-3ef008e1cef5", "feature_key": "restricted_zone", "engine_event": "1783234636.293847-84ownz"}', 'http://localhost:8600/snapshots/39c7a08e-4fd2-4cc4-9c3d-9664db67b172.jpg', '2026-07-05 06:57:20.368758+00', false, '{}', NULL, NULL, NULL, NULL, NULL, NULL, NULL, false, false, NULL);
INSERT INTO public.events (id, camera_id, event_type, severity, metadata, snapshot_url, detected_at, reviewed, attributes, face_id, license_plate, zones, sub_label, top_score, start_time, end_time, has_clip, has_snapshot, frigate_id) VALUES ('36a0ef48-19ef-45e3-9f5d-abe5e5ec9966', 'e2491873-0570-4d58-9c54-c9acabd8a86b', 'restricted_zone', 'high', '{"score": 0.71484375, "source": "veedon-edge", "branch_id": "0ab2ca49-ad88-4630-afb6-3ef008e1cef5", "feature_key": "restricted_zone", "engine_event": "1783234731.192493-rd64lb"}', 'http://localhost:8600/snapshots/36a0ef48-19ef-45e3-9f5d-abe5e5ec9966.jpg', '2026-07-05 06:58:57.168708+00', false, '{}', NULL, NULL, NULL, NULL, NULL, NULL, NULL, false, false, NULL);
INSERT INTO public.events (id, camera_id, event_type, severity, metadata, snapshot_url, detected_at, reviewed, attributes, face_id, license_plate, zones, sub_label, top_score, start_time, end_time, has_clip, has_snapshot, frigate_id) VALUES ('598f5fc4-4899-4d3a-8443-f5bc923e1c2f', 'e2491873-0570-4d58-9c54-c9acabd8a86b', 'restricted_zone', 'high', '{"score": 0.76953125, "source": "veedon-edge", "branch_id": "0ab2ca49-ad88-4630-afb6-3ef008e1cef5", "feature_key": "restricted_zone", "engine_event": "1783234756.192097-sqn46h"}', 'http://localhost:8600/snapshots/598f5fc4-4899-4d3a-8443-f5bc923e1c2f.jpg', '2026-07-05 06:59:21.413989+00', false, '{}', NULL, NULL, NULL, NULL, NULL, NULL, NULL, false, false, NULL);
INSERT INTO public.events (id, camera_id, event_type, severity, metadata, snapshot_url, detected_at, reviewed, attributes, face_id, license_plate, zones, sub_label, top_score, start_time, end_time, has_clip, has_snapshot, frigate_id) VALUES ('ac8d3f88-a100-4c33-8209-2e30e8fceeb8', 'e2491873-0570-4d58-9c54-c9acabd8a86b', 'restricted_zone', 'high', '{"score": 0.83984375, "source": "veedon-edge", "branch_id": "0ab2ca49-ad88-4630-afb6-3ef008e1cef5", "feature_key": "restricted_zone", "engine_event": "1783234820.109391-sog7bd"}', 'http://localhost:8600/snapshots/ac8d3f88-a100-4c33-8209-2e30e8fceeb8.jpg', '2026-07-05 07:00:27.947719+00', false, '{}', NULL, NULL, NULL, NULL, NULL, NULL, NULL, false, false, NULL);
INSERT INTO public.events (id, camera_id, event_type, severity, metadata, snapshot_url, detected_at, reviewed, attributes, face_id, license_plate, zones, sub_label, top_score, start_time, end_time, has_clip, has_snapshot, frigate_id) VALUES ('eea8fa9a-e8fe-4807-a4f6-82f0070261a9', 'e2491873-0570-4d58-9c54-c9acabd8a86b', 'restricted_zone', 'high', '{"score": 0.76171875, "source": "veedon-edge", "branch_id": "0ab2ca49-ad88-4630-afb6-3ef008e1cef5", "feature_key": "restricted_zone", "engine_event": "1783234924.281956-qnnx12"}', 'http://localhost:8600/snapshots/eea8fa9a-e8fe-4807-a4f6-82f0070261a9.jpg', '2026-07-05 07:02:10.810044+00', false, '{}', NULL, NULL, NULL, NULL, NULL, NULL, NULL, false, false, NULL);
INSERT INTO public.events (id, camera_id, event_type, severity, metadata, snapshot_url, detected_at, reviewed, attributes, face_id, license_plate, zones, sub_label, top_score, start_time, end_time, has_clip, has_snapshot, frigate_id) VALUES ('3db37a7e-c487-40b3-85b4-781b3ee709b1', 'e2491873-0570-4d58-9c54-c9acabd8a86b', 'restricted_zone', 'high', '{"score": 0.7265625, "source": "veedon-edge", "branch_id": "0ab2ca49-ad88-4630-afb6-3ef008e1cef5", "feature_key": "restricted_zone", "engine_event": "1783235019.233667-n1crbq"}', 'http://localhost:8600/snapshots/3db37a7e-c487-40b3-85b4-781b3ee709b1.jpg', '2026-07-05 07:03:47.656871+00', false, '{}', NULL, NULL, NULL, NULL, NULL, NULL, NULL, false, false, NULL);
INSERT INTO public.events (id, camera_id, event_type, severity, metadata, snapshot_url, detected_at, reviewed, attributes, face_id, license_plate, zones, sub_label, top_score, start_time, end_time, has_clip, has_snapshot, frigate_id) VALUES ('f1721cbb-ec6f-46ce-9198-329ec3f3180a', 'e2491873-0570-4d58-9c54-c9acabd8a86b', 'restricted_zone', 'high', '{"score": 0.70703125, "source": "veedon-edge", "branch_id": "0ab2ca49-ad88-4630-afb6-3ef008e1cef5", "feature_key": "restricted_zone", "engine_event": "1783235313.344533-gvyj29"}', 'http://localhost:8600/snapshots/f1721cbb-ec6f-46ce-9198-329ec3f3180a.jpg', '2026-07-05 07:08:37.986958+00', false, '{}', NULL, NULL, NULL, NULL, NULL, NULL, NULL, false, false, NULL);
INSERT INTO public.events (id, camera_id, event_type, severity, metadata, snapshot_url, detected_at, reviewed, attributes, face_id, license_plate, zones, sub_label, top_score, start_time, end_time, has_clip, has_snapshot, frigate_id) VALUES ('694a882c-06f8-402f-a0e8-ac16b990bf2e', 'e2491873-0570-4d58-9c54-c9acabd8a86b', 'restricted_zone', 'high', '{"score": 0.82421875, "source": "veedon-edge", "branch_id": "0ab2ca49-ad88-4630-afb6-3ef008e1cef5", "feature_key": "restricted_zone", "engine_event": "1783235415.475989-wd9uim"}', 'http://localhost:8600/snapshots/694a882c-06f8-402f-a0e8-ac16b990bf2e.jpg', '2026-07-05 07:10:20.885923+00', false, '{}', NULL, NULL, NULL, NULL, NULL, NULL, NULL, false, false, NULL);
INSERT INTO public.events (id, camera_id, event_type, severity, metadata, snapshot_url, detected_at, reviewed, attributes, face_id, license_plate, zones, sub_label, top_score, start_time, end_time, has_clip, has_snapshot, frigate_id) VALUES ('e92e3973-b3c7-4312-9b02-36d0848b57f9', 'e2491873-0570-4d58-9c54-c9acabd8a86b', 'restricted_zone', 'high', '{"score": 0.84375, "source": "veedon-edge", "branch_id": "0ab2ca49-ad88-4630-afb6-3ef008e1cef5", "feature_key": "restricted_zone", "engine_event": "1783235445.028126-nupa91"}', 'http://localhost:8600/snapshots/e92e3973-b3c7-4312-9b02-36d0848b57f9.jpg', '2026-07-05 07:10:51.125732+00', false, '{}', NULL, NULL, NULL, NULL, NULL, NULL, NULL, false, false, NULL);
INSERT INTO public.events (id, camera_id, event_type, severity, metadata, snapshot_url, detected_at, reviewed, attributes, face_id, license_plate, zones, sub_label, top_score, start_time, end_time, has_clip, has_snapshot, frigate_id) VALUES ('87ba9e5f-4dea-4327-8873-ae195d792ee9', 'e2491873-0570-4d58-9c54-c9acabd8a86b', 'restricted_zone', 'high', '{"score": 0.71484375, "source": "veedon-edge", "branch_id": "0ab2ca49-ad88-4630-afb6-3ef008e1cef5", "feature_key": "restricted_zone", "engine_event": "1783235842.170349-1yz4qv"}', 'http://localhost:8600/snapshots/87ba9e5f-4dea-4327-8873-ae195d792ee9.jpg', '2026-07-05 07:17:54.501767+00', false, '{}', NULL, NULL, NULL, NULL, NULL, NULL, NULL, false, false, NULL);
INSERT INTO public.events (id, camera_id, event_type, severity, metadata, snapshot_url, detected_at, reviewed, attributes, face_id, license_plate, zones, sub_label, top_score, start_time, end_time, has_clip, has_snapshot, frigate_id) VALUES ('3f7ebc0e-88ea-4d40-b9ff-c9da46dc08c5', 'e2491873-0570-4d58-9c54-c9acabd8a86b', 'restricted_zone', 'high', '{"score": 0.78125, "source": "veedon-edge", "branch_id": "0ab2ca49-ad88-4630-afb6-3ef008e1cef5", "feature_key": "restricted_zone", "engine_event": "1783236039.134-wifrq1"}', 'http://localhost:8600/snapshots/3f7ebc0e-88ea-4d40-b9ff-c9da46dc08c5.jpg', '2026-07-05 07:20:43.795052+00', false, '{}', NULL, NULL, NULL, NULL, NULL, NULL, NULL, false, false, NULL);
INSERT INTO public.events (id, camera_id, event_type, severity, metadata, snapshot_url, detected_at, reviewed, attributes, face_id, license_plate, zones, sub_label, top_score, start_time, end_time, has_clip, has_snapshot, frigate_id) VALUES ('71cfe54b-df03-4fe9-901d-89944b244fc2', 'e2491873-0570-4d58-9c54-c9acabd8a86b', 'restricted_zone', 'high', '{"score": 0.71484375, "source": "veedon-edge", "branch_id": "0ab2ca49-ad88-4630-afb6-3ef008e1cef5", "feature_key": "restricted_zone", "engine_event": "1783236157.606061-hqdxwt"}', 'http://localhost:8600/snapshots/71cfe54b-df03-4fe9-901d-89944b244fc2.jpg', '2026-07-05 07:22:50.803742+00', false, '{}', NULL, NULL, NULL, NULL, NULL, NULL, NULL, false, false, NULL);
INSERT INTO public.events (id, camera_id, event_type, severity, metadata, snapshot_url, detected_at, reviewed, attributes, face_id, license_plate, zones, sub_label, top_score, start_time, end_time, has_clip, has_snapshot, frigate_id) VALUES ('32bfb254-101e-4093-b004-eff7a2d13abe', 'e2491873-0570-4d58-9c54-c9acabd8a86b', 'restricted_zone', 'high', '{"score": 0.8046875, "source": "veedon-edge", "branch_id": "0ab2ca49-ad88-4630-afb6-3ef008e1cef5", "feature_key": "restricted_zone", "engine_event": "1783209294.944139-xvdo6d"}', 'http://localhost:8600/snapshots/32bfb254-101e-4093-b004-eff7a2d13abe.jpg', '2026-07-04 23:54:57.99426+00', false, '{}', NULL, NULL, NULL, NULL, NULL, NULL, NULL, false, false, NULL);
INSERT INTO public.events (id, camera_id, event_type, severity, metadata, snapshot_url, detected_at, reviewed, attributes, face_id, license_plate, zones, sub_label, top_score, start_time, end_time, has_clip, has_snapshot, frigate_id) VALUES ('98822da5-5e43-4eaa-ac27-a2aa218edc52', 'e2491873-0570-4d58-9c54-c9acabd8a86b', 'restricted_zone', 'high', '{"score": 0.84375, "source": "veedon-edge", "branch_id": "0ab2ca49-ad88-4630-afb6-3ef008e1cef5", "feature_key": "restricted_zone", "engine_event": "1783209348.941291-a5qhkn"}', 'http://localhost:8600/snapshots/98822da5-5e43-4eaa-ac27-a2aa218edc52.jpg', '2026-07-04 23:55:52.414055+00', false, '{}', NULL, NULL, NULL, NULL, NULL, NULL, NULL, false, false, NULL);
INSERT INTO public.events (id, camera_id, event_type, severity, metadata, snapshot_url, detected_at, reviewed, attributes, face_id, license_plate, zones, sub_label, top_score, start_time, end_time, has_clip, has_snapshot, frigate_id) VALUES ('dde28748-5a68-4c64-ae6c-baa0b05eb150', 'e2491873-0570-4d58-9c54-c9acabd8a86b', 'restricted_zone', 'high', '{"score": 0.8046875, "source": "veedon-edge", "branch_id": "0ab2ca49-ad88-4630-afb6-3ef008e1cef5", "feature_key": "restricted_zone", "engine_event": "1783209402.774088-cs08nm"}', 'http://localhost:8600/snapshots/dde28748-5a68-4c64-ae6c-baa0b05eb150.jpg', '2026-07-04 23:56:47.034291+00', false, '{}', NULL, NULL, NULL, NULL, NULL, NULL, NULL, false, false, NULL);
INSERT INTO public.events (id, camera_id, event_type, severity, metadata, snapshot_url, detected_at, reviewed, attributes, face_id, license_plate, zones, sub_label, top_score, start_time, end_time, has_clip, has_snapshot, frigate_id) VALUES ('0b2775ef-667d-4b97-bcbe-97d7470875a4', 'e2491873-0570-4d58-9c54-c9acabd8a86b', 'restricted_zone', 'high', '{"score": 0.84375, "source": "veedon-edge", "branch_id": "0ab2ca49-ad88-4630-afb6-3ef008e1cef5", "feature_key": "restricted_zone", "engine_event": "1783209456.772252-euv2z0"}', 'http://localhost:8600/snapshots/0b2775ef-667d-4b97-bcbe-97d7470875a4.jpg', '2026-07-04 23:57:41.683502+00', false, '{}', NULL, NULL, NULL, NULL, NULL, NULL, NULL, false, false, NULL);


--
-- Data for Name: students; Type: TABLE DATA; Schema: public; Owner: postgres
--

INSERT INTO public.students (id, organization_id, branch_id, name, condition, guardian_phone, clinic_phone, wearable_id, created_at) VALUES ('cf21af24-b770-421a-bc5c-4b9f8bb5d34d', 'cb9e9cfe-03a8-44b1-adb3-854ce61fbe21', '0ab2ca49-ad88-4630-afb6-3ef008e1cef5', 'سالم أحمد (تجريبي)', 'diabetes', '966500000001', '966500000002', 'watch-demo-001', '2026-07-05 03:53:26.725019+00');


--
-- Data for Name: health_alerts; Type: TABLE DATA; Schema: public; Owner: postgres
--

INSERT INTO public.health_alerts (id, student_id, alert_type, value, severity, note, detected_at, notified, resolved) VALUES ('c6afd3e5-353d-4fc9-b4f8-b4a22c5df1d2', 'cf21af24-b770-421a-bc5c-4b9f8bb5d34d', 'glucose_low', 55, 'high', 'هبوط سكر خطر (55 mg/dL)', '2026-07-05 03:53:32.271725+00', false, false);
INSERT INTO public.health_alerts (id, student_id, alert_type, value, severity, note, detected_at, notified, resolved) VALUES ('f30d6da1-b725-4d98-aa06-6414bcb8419d', 'cf21af24-b770-421a-bc5c-4b9f8bb5d34d', 'seizure', NULL, 'high', 'اشتباه نوبة صرع — تدخّل فوري', '2026-07-05 03:53:32.305759+00', false, false);
INSERT INTO public.health_alerts (id, student_id, alert_type, value, severity, note, detected_at, notified, resolved) VALUES ('979544b5-a7ed-4410-a8a1-8fb28f4f4020', 'cf21af24-b770-421a-bc5c-4b9f8bb5d34d', 'glucose_high', 280, 'high', 'ارتفاع سكر خطر (280 mg/dL)', '2026-07-05 04:20:19.4425+00', false, false);